{"id":10357,"date":"2022-07-19T14:49:39","date_gmt":"2022-07-19T14:49:39","guid":{"rendered":"http:\/\/ecclesiae.de\/blog\/?page_id=10357"},"modified":"2023-05-03T06:49:33","modified_gmt":"2023-05-03T06:49:33","slug":"glaubensforum","status":"publish","type":"page","link":"https:\/\/ecclesiae.de\/blog\/?page_id=10357","title":{"rendered":"Aus dem Glaubensforum"},"content":{"rendered":"\n<p>hier \u00fcbernehmen wir div. Seiten aus dem bisherigen <strong>Glaubensforum <\/strong>&#8211; da dieses im letzten Jahr (<strong><em>aus systemrelevanten Sicherheitsgr\u00fcnden<\/em>)<\/strong>&nbsp; eingestellt wurde.<\/p>\n\n\n\n<p>In Unterkategogien stellen wir Texte wie Andachten usw. zur Verf\u00fcgung:<\/p>\n\n\n\n<ul class=\"wp-block-list\">\n<li><a href=\"https:\/\/ecclesiae.de\/blog\/?page_id=10545\">Gebete<\/a><\/li>\n\n\n\n<li><a href=\"https:\/\/ecclesiae.de\/blog\/?page_id=10912\">Gedichte<\/a><\/li>\n\n\n\n<li><a href=\"https:\/\/ecclesiae.de\/blog\/?page_id=10792\">Geschichten<\/a><\/li>\n\n\n\n<li><a href=\"https:\/\/ecclesiae.de\/blog\/?page_id=10364\">Rosenkranz<\/a><\/li>\n\n\n\n<li><a href=\"https:\/\/ecclesiae.de\/blog\/?page_id=10361\">Kreuzweg<\/a><\/li>\n\n\n\n<li><a href=\"https:\/\/ecclesiae.de\/blog\/?page_id=10370\">Novenen<\/a><\/li>\n\n\n\n<li><a href=\"https:\/\/ecclesiae.de\/blog\/wp-admin\/post.php?post=10496&amp;action=edit\">Litaneien<\/a><\/li>\n\n\n\n<li><a href=\"https:\/\/ecclesiae.de\/blog\/?page_id=10378\">Weiheandachen, -gebete<\/a><\/li>\n\n\n\n<li>usw. (<em>siehe Verzeichnis<\/em>) <\/li>\n<\/ul>\n\n\n\n<p>Weitere Texte \u00fcber Heilige \/ Selige &#8230; die im <em>Glaubensforum <\/em>ver\u00f6ffentlicht waren, werden auf der Seite <a rel=\"noreferrer noopener\" href=\"https:\/\/gedenk.jahr.center\/index.php\/aus-dem-glaubensforum\" target=\"_blank\">Gedenk.Jahr.Center<\/a> eingebunden.<\/p>\n\n\n\n<p>Weitere <strong>wichtige Themen<\/strong> werden &#8211; <em>aus dem bisherigen Glaubensforum <\/em>&#8211; an einem entsprechenden Platz zugeordnet. Zum Beispiel, damit Texte nicht verloren gehen, und noch keine andere Zuordnung haben: &gt;&gt;&gt; <a href=\"http:\/\/ecclesiaeveritas.net\/index.php?title=Kategorie:Stellungnahmen\">Kategorie:Stellungnahmen<\/a> &lt;&lt;&lt;<\/p>\n\n\n\n<p> Achtet bitte auf die entsprechenden Hinweise!<\/p>\n","protected":false},"excerpt":{"rendered":"<p>hier \u00fcbernehmen wir div. Seiten aus dem bisherigen Glaubensforum &#8211; da dieses im letzten Jahr (aus systemrelevanten Sicherheitsgr\u00fcnden)&nbsp; eingestellt wurde. In Unterkategogien stellen wir Texte wie Andachten usw. zur Verf\u00fcgung: Weitere Texte \u00fcber Heilige \/ Selige &#8230; die im Glaubensforum &hellip; <a href=\"https:\/\/ecclesiae.de\/blog\/?page_id=10357\">Weiterlesen <span class=\"meta-nav\">&rarr;<\/span><\/a><\/p>\n","protected":false},"author":8,"featured_media":0,"parent":0,"menu_order":6,"comment_status":"closed","ping_status":"closed","template":"sidebar-page.php","meta":{"footnotes":""},"class_list":["post-10357","page","type-page","status-publish","hentry"],"_links":{"self":[{"href":"https:\/\/ecclesiae.de\/blog\/index.php?rest_route=\/wp\/v2\/pages\/10357","targetHints":{"allow":["GET"]}}],"collection":[{"href":"https:\/\/ecclesiae.de\/blog\/index.php?rest_route=\/wp\/v2\/pages"}],"about":[{"href":"https:\/\/ecclesiae.de\/blog\/index.php?rest_route=\/wp\/v2\/types\/page"}],"author":[{"embeddable":true,"href":"https:\/\/ecclesiae.de\/blog\/index.php?rest_route=\/wp\/v2\/users\/8"}],"replies":[{"embeddable":true,"href":"https:\/\/ecclesiae.de\/blog\/index.php?rest_route=%2Fwp%2Fv2%2Fcomments&post=10357"}],"version-history":[{"count":17,"href":"https:\/\/ecclesiae.de\/blog\/index.php?rest_route=\/wp\/v2\/pages\/10357\/revisions"}],"predecessor-version":[{"id":11878,"href":"https:\/\/ecclesiae.de\/blog\/index.php?rest_route=\/wp\/v2\/pages\/10357\/revisions\/11878"}],"wp:attachment":[{"href":"https:\/\/ecclesiae.de\/blog\/index.php?rest_route=%2Fwp%2Fv2%2Fmedia&parent=10357"}],"curies":[{"name":"wp","href":"https:\/\/api.w.org\/{rel}","templated":true}]}}

<p>hier übernehmen wir div. Seiten aus dem bisherigen <strong>Glaubensforum </strong>&#8211; da dieses im letzten Jahr (<strong><em>aus systemrelevanten Sicherheitsgründen</em>)</strong>&nbsp; eingestellt wurde.</p>



<p>In Unterkategogien stellen wir Texte wie Andachten usw. zur Verfügung:</p>



<ul class="wp-block-list">
<li><a href="https://ecclesiae.de/blog/?page_id=10545">Gebete</a></li>



<li><a href="https://ecclesiae.de/blog/?page_id=10912">Gedichte</a></li>



<li><a href="https://ecclesiae.de/blog/?page_id=10792">Geschichten</a></li>



<li><a href="https://ecclesiae.de/blog/?page_id=10364">Rosenkranz</a></li>



<li><a href="https://ecclesiae.de/blog/?page_id=10361">Kreuzweg</a></li>



<li><a href="https://ecclesiae.de/blog/?page_id=10370">Novenen</a></li>



<li><a href="https://ecclesiae.de/blog/wp-admin/post.php?post=10496&amp;action=edit">Litaneien</a></li>



<li><a href="https://ecclesiae.de/blog/?page_id=10378">Weiheandachen, -gebete</a></li>



<li>usw. (<em>siehe Verzeichnis</em>) </li>
</ul>



<p>Weitere Texte über Heilige / Selige &#8230; die im <em>Glaubensforum </em>veröffentlicht waren, werden auf der Seite <a rel="noreferrer noopener" href="https://gedenk.jahr.center/index.php/aus-dem-glaubensforum" target="_blank">Gedenk.Jahr.Center</a> eingebunden.</p>



<p>Weitere <strong>wichtige Themen</strong> werden &#8211; <em>aus dem bisherigen Glaubensforum </em>&#8211; an einem entsprechenden Platz zugeordnet. Zum Beispiel, damit Texte nicht verloren gehen, und noch keine andere Zuordnung haben: &gt;&gt;&gt; <a href="http://ecclesiaeveritas.net/index.php?title=Kategorie:Stellungnahmen">Kategorie:Stellungnahmen</a> &lt;&lt;&lt;</p>



<p> Achtet bitte auf die entsprechenden Hinweise!</p>

<p>hier übernehmen wir div. Seiten aus dem bisherigen Glaubensforum &#8211; da dieses im letzten Jahr (aus systemrelevanten Sicherheitsgründen)&nbsp; eingestellt wurde. In Unterkategogien stellen wir Texte wie Andachten usw. zur Verfügung: Weitere Texte über Heilige / Selige &#8230; die im Glaubensforum &hellip; <a href="https://ecclesiae.de/blog/?page_id=10357">Weiterlesen <span class="meta-nav">&rarr;</span></a></p>
