{"id":10390,"date":"2022-07-19T15:47:51","date_gmt":"2022-07-19T15:47:51","guid":{"rendered":"http:\/\/ecclesiae.de\/blog\/?page_id=10390"},"modified":"2022-07-19T15:47:51","modified_gmt":"2022-07-19T15:47:51","slug":"heiliger-josef-der-arbeiter","status":"publish","type":"page","link":"https:\/\/ecclesiae.de\/blog\/?page_id=10390","title":{"rendered":"Heiliger Josef, der Arbeiter"},"content":{"rendered":"\n<p>Ruhmreicher, Heiliger Josef, du bist das Vorbild aller Arbeiter.<br>Erbitte mir die Gnade, dass ich gewissenhaft arbeite und die Erf\u00fcllung meiner Pflicht h\u00f6her stelle als meine pers\u00f6nlichen Neigungen.<br>Lass mich dankbar und freudig die mir von Gott verliehenen Talente verwerten und entfalten.<br>Gib, da\u00df ich auch daran denke, einst Rechenschaft geben zu m\u00fcssen \u00fcber vertane Zeit und Unterlassung des Guten.<br>Alles f\u00fcr Jesus durch Maria nach deinem Vorbild, Heiliger Vater Josef!<br>Das soll mein Wahlspruch sein im Leben und im Sterben.<br>Amen.<br>Papst Pius X.<\/p>\n","protected":false},"excerpt":{"rendered":"<p>Ruhmreicher, Heiliger Josef, du bist das Vorbild aller Arbeiter.Erbitte mir die Gnade, dass ich gewissenhaft arbeite und die Erf\u00fcllung meiner Pflicht h\u00f6her stelle als meine pers\u00f6nlichen Neigungen.Lass mich dankbar und freudig die mir von Gott verliehenen Talente verwerten und entfalten.Gib, &hellip; <a href=\"https:\/\/ecclesiae.de\/blog\/?page_id=10390\">Weiterlesen <span class=\"meta-nav\">&rarr;<\/span><\/a><\/p>\n","protected":false},"author":3,"featured_media":0,"parent":10388,"menu_order":-1,"comment_status":"closed","ping_status":"closed","template":"","meta":{"footnotes":""},"class_list":["post-10390","page","type-page","status-publish","hentry"],"_links":{"self":[{"href":"https:\/\/ecclesiae.de\/blog\/index.php?rest_route=\/wp\/v2\/pages\/10390","targetHints":{"allow":["GET"]}}],"collection":[{"href":"https:\/\/ecclesiae.de\/blog\/index.php?rest_route=\/wp\/v2\/pages"}],"about":[{"href":"https:\/\/ecclesiae.de\/blog\/index.php?rest_route=\/wp\/v2\/types\/page"}],"author":[{"embeddable":true,"href":"https:\/\/ecclesiae.de\/blog\/index.php?rest_route=\/wp\/v2\/users\/3"}],"replies":[{"embeddable":true,"href":"https:\/\/ecclesiae.de\/blog\/index.php?rest_route=%2Fwp%2Fv2%2Fcomments&post=10390"}],"version-history":[{"count":1,"href":"https:\/\/ecclesiae.de\/blog\/index.php?rest_route=\/wp\/v2\/pages\/10390\/revisions"}],"predecessor-version":[{"id":10391,"href":"https:\/\/ecclesiae.de\/blog\/index.php?rest_route=\/wp\/v2\/pages\/10390\/revisions\/10391"}],"up":[{"embeddable":true,"href":"https:\/\/ecclesiae.de\/blog\/index.php?rest_route=\/wp\/v2\/pages\/10388"}],"wp:attachment":[{"href":"https:\/\/ecclesiae.de\/blog\/index.php?rest_route=%2Fwp%2Fv2%2Fmedia&parent=10390"}],"curies":[{"name":"wp","href":"https:\/\/api.w.org\/{rel}","templated":true}]}}