{"id":10393,"date":"2022-07-19T15:49:48","date_gmt":"2022-07-19T15:49:48","guid":{"rendered":"http:\/\/ecclesiae.de\/blog\/?page_id=10393"},"modified":"2022-07-19T15:49:48","modified_gmt":"2022-07-19T15:49:48","slug":"zu-dir-heiliger-josef","status":"publish","type":"page","link":"https:\/\/ecclesiae.de\/blog\/?page_id=10393","title":{"rendered":"Zu dir, heiliger Josef"},"content":{"rendered":"\n<p>Zu dir, heiliger Josef, nehmen wir in der Tr\u00fcbsal unsre Zuflucht.<br>Wir haben deine heilige Braut um ihre Hilfe angerufen,<br>nun bitten wir auch dich vertrauensvoll um deinen v\u00e4terlichen Schutz.<br>Um der Liebe willen, die dich mit der unbefleckten Jungfrau und Gottesmutter verbunden hat,<br>um der v\u00e4terlichen Liebe willen, mit der du das Jesuskind umfangen hast, bitten wir dich flehentlich:<br>Schau g\u00fctig herab auf die Kirche, die Jesus Christus durch sein Blut sich erworben hat,<br>und komm unsren N\u00f6ten durch deine Macht zu Hilfe.<br>Nimm, o f\u00fcrsorglicher Besch\u00fctzer der heiligen Familie, die auserw\u00e4hlten Kinder Jesu Christi unter deine Obhut.<br>Liebreicher Vater, halte fern von uns jede Ansteckung durch Irrtum und Verderbnis.<br>Du starker Besch\u00fctzer, steh\u2019 uns vom Himmel aus gn\u00e4dig bei in unserem Kampf mit der Macht der Finsternis.<br>Wie du einst den Knaben Jesus aus der h\u00f6chsten Lebensgefahr gerettet hast,<br>so verteidige jetzt die heilige Kirche Gottes wider alle Nachstellungen ihrer Feinde und gegen jede Widerw\u00e4rtigkeit!<br>Jeden aus uns nimm unter deinen st\u00e4ndigen Schutz, dass wir nach deinem Beispiel und mit deiner Hilfe heilig leben,<br>fromm sterben und die ewige Seligkeit im Himmel erlangen. Amen.<br>[von Papst Leo XIII.]<\/p>\n","protected":false},"excerpt":{"rendered":"<p>Zu dir, heiliger Josef, nehmen wir in der Tr\u00fcbsal unsre Zuflucht.Wir haben deine heilige Braut um ihre Hilfe angerufen,nun bitten wir auch dich vertrauensvoll um deinen v\u00e4terlichen Schutz.Um der Liebe willen, die dich mit der unbefleckten Jungfrau und Gottesmutter verbunden &hellip; <a href=\"https:\/\/ecclesiae.de\/blog\/?page_id=10393\">Weiterlesen <span class=\"meta-nav\">&rarr;<\/span><\/a><\/p>\n","protected":false},"author":3,"featured_media":0,"parent":10388,"menu_order":1,"comment_status":"closed","ping_status":"closed","template":"","meta":{"footnotes":""},"class_list":["post-10393","page","type-page","status-publish","hentry"],"_links":{"self":[{"href":"https:\/\/ecclesiae.de\/blog\/index.php?rest_route=\/wp\/v2\/pages\/10393","targetHints":{"allow":["GET"]}}],"collection":[{"href":"https:\/\/ecclesiae.de\/blog\/index.php?rest_route=\/wp\/v2\/pages"}],"about":[{"href":"https:\/\/ecclesiae.de\/blog\/index.php?rest_route=\/wp\/v2\/types\/page"}],"author":[{"embeddable":true,"href":"https:\/\/ecclesiae.de\/blog\/index.php?rest_route=\/wp\/v2\/users\/3"}],"replies":[{"embeddable":true,"href":"https:\/\/ecclesiae.de\/blog\/index.php?rest_route=%2Fwp%2Fv2%2Fcomments&post=10393"}],"version-history":[{"count":1,"href":"https:\/\/ecclesiae.de\/blog\/index.php?rest_route=\/wp\/v2\/pages\/10393\/revisions"}],"predecessor-version":[{"id":10394,"href":"https:\/\/ecclesiae.de\/blog\/index.php?rest_route=\/wp\/v2\/pages\/10393\/revisions\/10394"}],"up":[{"embeddable":true,"href":"https:\/\/ecclesiae.de\/blog\/index.php?rest_route=\/wp\/v2\/pages\/10388"}],"wp:attachment":[{"href":"https:\/\/ecclesiae.de\/blog\/index.php?rest_route=%2Fwp%2Fv2%2Fmedia&parent=10393"}],"curies":[{"name":"wp","href":"https:\/\/api.w.org\/{rel}","templated":true}]}}