{"id":10404,"date":"2022-07-19T16:04:06","date_gmt":"2022-07-19T16:04:06","guid":{"rendered":"http:\/\/ecclesiae.de\/blog\/?page_id=10404"},"modified":"2022-07-19T16:04:06","modified_gmt":"2022-07-19T16:04:06","slug":"vermaehlung-des-heiligen-josef","status":"publish","type":"page","link":"https:\/\/ecclesiae.de\/blog\/?page_id=10404","title":{"rendered":"Verm\u00e4hlung des heiligen Josef"},"content":{"rendered":"\n<p>Oh heiliger Joseph!<br>ich gr\u00fc\u00dfe und ehre dich und w\u00fcnsche dir alles Gl\u00fcck und Heil zu deiner wunderbaren Verm\u00e4hlung.<br>O gl\u00fcckseliger Joseph!<br>welche Gnade widerf\u00e4hrt dir, da\u00df dir die K\u00f6nigin Himmels und der Erde zu eigen gegeben wird!<br>Gewi\u00df mu\u00df deine Heiligkeit vor Gott gro\u00df sein, da\u00df er dich vor allen Menschenkindern zum Br\u00e4utigam einer solchen Braut, die auch zugleich eine Braut des Heiligen Geistes war, auserw\u00e4hlt hat.<br>O wie war dein Herz mit Freuden erf\u00fcllt, als du den Heilligen Geist sichtbarerweise in Gestalt einer Taube auf deinem Zweige sitzen sahest!<br>O wie war deine Seele so voll S\u00fc\u00dfigkeit, als du dieser himmlischen Braut die Hand gabest und sie mit dir verm\u00e4hltest!<br>Zu dieser Ehre und Freude w\u00fcnsche ich dir abermals Gl\u00fcck und erfreue mich mit dir, weil dir diese so gro\u00dfe Gnade widerf\u00e4hrt.<br>O wenn ich auch Maria zu meiner Mutter h\u00e4tte, k\u00f6nnte ich auf dieser Welt noch gl\u00fccklicher sein?<br>Mache mich dieser Gnade w\u00fcrdig, o Du gebendeiter Br\u00e4utigam Mari\u00e4!<br>und erwirb mir solche Tugenden, welche mich zu dieser Gnade tauglich machen.<br>Besonders aber gie\u00dfe in mein Herz ein Tr\u00f6pflein jener Reinigkeit, mit der dein Herz so reichlich \u00fcberf\u00fcllt ist, damit die Liebhaberin der Reinigkeit an mir Wohlgefallen haben und mich zu ihrem lieben Kinde annehmen m\u00f6ge. Amen.<\/p>\n\n\n\n<p>aus dem Buch: Leben und Leiden Jesu Christi v. Martin v. Cochem 1689<br>Buchdruckerei der Herder\u00b4schen Verlagshandlung in Freiburg 1898<\/p>\n","protected":false},"excerpt":{"rendered":"<p>Oh heiliger Joseph!ich gr\u00fc\u00dfe und ehre dich und w\u00fcnsche dir alles Gl\u00fcck und Heil zu deiner wunderbaren Verm\u00e4hlung.O gl\u00fcckseliger Joseph!welche Gnade widerf\u00e4hrt dir, da\u00df dir die K\u00f6nigin Himmels und der Erde zu eigen gegeben wird!Gewi\u00df mu\u00df deine Heiligkeit vor Gott &hellip; <a href=\"https:\/\/ecclesiae.de\/blog\/?page_id=10404\">Weiterlesen <span class=\"meta-nav\">&rarr;<\/span><\/a><\/p>\n","protected":false},"author":3,"featured_media":0,"parent":10388,"menu_order":0,"comment_status":"closed","ping_status":"closed","template":"","meta":{"footnotes":""},"class_list":["post-10404","page","type-page","status-publish","hentry"],"_links":{"self":[{"href":"https:\/\/ecclesiae.de\/blog\/index.php?rest_route=\/wp\/v2\/pages\/10404","targetHints":{"allow":["GET"]}}],"collection":[{"href":"https:\/\/ecclesiae.de\/blog\/index.php?rest_route=\/wp\/v2\/pages"}],"about":[{"href":"https:\/\/ecclesiae.de\/blog\/index.php?rest_route=\/wp\/v2\/types\/page"}],"author":[{"embeddable":true,"href":"https:\/\/ecclesiae.de\/blog\/index.php?rest_route=\/wp\/v2\/users\/3"}],"replies":[{"embeddable":true,"href":"https:\/\/ecclesiae.de\/blog\/index.php?rest_route=%2Fwp%2Fv2%2Fcomments&post=10404"}],"version-history":[{"count":1,"href":"https:\/\/ecclesiae.de\/blog\/index.php?rest_route=\/wp\/v2\/pages\/10404\/revisions"}],"predecessor-version":[{"id":10405,"href":"https:\/\/ecclesiae.de\/blog\/index.php?rest_route=\/wp\/v2\/pages\/10404\/revisions\/10405"}],"up":[{"embeddable":true,"href":"https:\/\/ecclesiae.de\/blog\/index.php?rest_route=\/wp\/v2\/pages\/10388"}],"wp:attachment":[{"href":"https:\/\/ecclesiae.de\/blog\/index.php?rest_route=%2Fwp%2Fv2%2Fmedia&parent=10404"}],"curies":[{"name":"wp","href":"https:\/\/api.w.org\/{rel}","templated":true}]}}