{"id":10441,"date":"2022-07-20T14:00:06","date_gmt":"2022-07-20T14:00:06","guid":{"rendered":"http:\/\/ecclesiae.de\/blog\/?page_id=10441"},"modified":"2022-07-20T14:00:06","modified_gmt":"2022-07-20T14:00:06","slug":"rosenkranz-im-goettlichen-willen","status":"publish","type":"page","link":"https:\/\/ecclesiae.de\/blog\/?page_id=10441","title":{"rendered":"Rosenkranz im G\u00f6ttlichen Willen"},"content":{"rendered":"\n<figure class=\"wp-block-table\"><table><tbody><tr><td><br><br>In Deinem Willen, Herr,<br>&#8211; liegt unser Friede &#8211;<br><br>In Namen des Vaters..<br><br>Glaubensbekenntnis<br><br>Pater \u2013 Ave \u2013 Gloria<br><br>Weihe im G\u00f6ttlichen Willen<br>Herr, \u00a0<br>im unbefleckten Herzen Mariens stellen wir uns Dir vor und weihen unseren Verstand und unser Herz Deinem G\u00f6ttlichen Willen.<br>Wir bitten Dich, lass uns in dieses unendliche Meer des Guten eintreten, das Du uns darbietest;<br>zu F\u00fc\u00dfen Deines Kreuzes legen wir unseren verworrenen Willen nieder,<br>wir befreien uns von ihm wie von einem unertr\u00e4glichen Gewicht,<br>um uns endlich ohne Fesseln, Ketten, Ermattung, Widerwillen und Unterdr\u00fcckungen bewegen zu k\u00f6nnen.<br>Dies alles \u00fcberlassen wir unserem Willen, um die Freiheit aufnehmen zu k\u00f6nnen, so zu werden, wie<br>Du uns gedacht hast: Deine Kinder und K\u00f6nige dieses Universums, das Du aus Liebe f\u00fcr uns erschaffen hast.<br>Wir wollen uns verschmelzen lassen, um in jene vollkommene Formen umgestaltet zu werden, die Du f\u00fcr uns gedacht hast,<br>wir wollen unsere zersplitterte Menschheit dem\u00fctigen, um auferstehen und in Deinem Himmel gl\u00e4nzen zu k\u00f6nnen.<br>\u00dcber uns erflehen wir Deinen Heiligen Geist als Pfand Deines Versprechens, damit wir alles annehmen,<br>alles erleiden, uns an allem erfreuen k\u00f6nnen und unsere Hoffnung durch nichts erblassen m\u00f6ge.<br>Herr, unsere Freiheit als Kinder eile Dir entgegen, und Dein Plan erf\u00fclle sich an uns. Amen.<br><br>(mit den Perlen des Rosenkranzes)<br>Herr,<br>auf Deinen Altar legen wir unseren Willen nieder, damit er sich wie Weihrauch aufl\u00f6se.<br>Der Duft unseres Opfers vereine sich mit Deinem und Mariens Duft und steige auf;<br>er sei dem Allerh\u00f6chsten angenehm und er erwirke uns das Geschenk des G\u00f6ttlichen Willens<br>jetzt und f\u00fcr alle Tage unseres Lebens und dann f\u00fcr immer in der Gnade des Heiligen Geistes.<br>So sei es.<br><br>Im Buch des Lebens steht von mir geschrieben:<br>&#8211; siehe, Herr, ich komme, Deinen Willen zu tun \u00a0 &#8211; \u00a0 \u00a0 \u00a0 \u00a0 \u00a0 \u00a0 \u00a0 \u00a0 \u00a0 \u00a0 \u00a0 \u00a0 \u00a0 \u00a0 \u00a0 \u00a0 \u00a0 \u00a0 \u00a0 \u00a0 \u00a0 \u00a0 \u00a0 \u00a0 \u00a0 \u00a0 \u00a0 \u00a0 \u00a0 \u00a0 \u00a0 \u00a0 \u00a0 \u00a0 \u00a0 \u00a0<br>(10 Mal)<br><br>(abschlie\u00dfend) -:<br>In Deinem Willen, Herr,<br>&#8211; \u00a0 \u00a0 \u00a0ist unser Friede \u2013<br>&#8211; \u00a0 \u00a0 \u00a0<br>\u00a0 Litanei im G\u00f6ttlichen Willen<br><br>LINK: <a rel=\"noreferrer noopener\" href=\"http:\/\/www.fjm-ritter.info\/cgi-bin\/yabb2\/YaBB.pl?num=1221335717\/0\" target=\"_blank\">Litanei zum G\u00f6ttlichen Willen<\/a><br><br>ANGELUS DOMINI \u00a0<br>Der Engel des Herrn brachte Maria die Botschaft,<br>und Sie empfing vom Heiligen Geist.<br>\u00a0 \u00a0 Gegr\u00fcsset seist du, Maria&#8230; \u00a0<br>Siehe, ich bin die Magd des Herrn.<br>Mir geschehe nach deinem Wort.<br>\u00a0 \u00a0Gegr\u00fcsset seist du, Maria&#8230;<br>Und das Wort ist Fleisch geworden.<br>Und hat unter uns gewohnt. \u00a0<br>\u00a0 \u00a0Gegr\u00fcsset seist du, Maria&#8230; \u00a0<br>Bitte fur uns, heilige Gottesmutter.<br>Dass wir w\u00fcrdig werden der Verheissung Christi. \u00a0<br>Lasset uns beten<br>O Gott, \u00a0<br>in Deiner grenzenlosen Liebe bietest Du uns das Leben Selbst der Allerheiligsten Dreifaltigkeit an,<br>gib, dass die Kinder des h\u00f6chsten Willens lebendiges Dokument Deiner Gegenwart und Deiner Liebe seien,<br>und die Erde mit dem Himmel in Deinem heiligsten Willen wieder vereint sei.<br>So sei es.<br><br>(Quelle unbekannt)<\/td><\/tr><\/tbody><\/table><\/figure>\n","protected":false},"excerpt":{"rendered":"<p>In Deinem Willen, Herr,&#8211; liegt unser Friede &#8211; In Namen des Vaters.. Glaubensbekenntnis Pater \u2013 Ave \u2013 Gloria Weihe im G\u00f6ttlichen WillenHerr, \u00a0im unbefleckten Herzen Mariens stellen wir uns Dir vor und weihen unseren Verstand und unser Herz Deinem G\u00f6ttlichen &hellip; <a href=\"https:\/\/ecclesiae.de\/blog\/?page_id=10441\">Weiterlesen <span class=\"meta-nav\">&rarr;<\/span><\/a><\/p>\n","protected":false},"author":3,"featured_media":0,"parent":10364,"menu_order":0,"comment_status":"closed","ping_status":"closed","template":"","meta":{"footnotes":""},"class_list":["post-10441","page","type-page","status-publish","hentry"],"_links":{"self":[{"href":"https:\/\/ecclesiae.de\/blog\/index.php?rest_route=\/wp\/v2\/pages\/10441","targetHints":{"allow":["GET"]}}],"collection":[{"href":"https:\/\/ecclesiae.de\/blog\/index.php?rest_route=\/wp\/v2\/pages"}],"about":[{"href":"https:\/\/ecclesiae.de\/blog\/index.php?rest_route=\/wp\/v2\/types\/page"}],"author":[{"embeddable":true,"href":"https:\/\/ecclesiae.de\/blog\/index.php?rest_route=\/wp\/v2\/users\/3"}],"replies":[{"embeddable":true,"href":"https:\/\/ecclesiae.de\/blog\/index.php?rest_route=%2Fwp%2Fv2%2Fcomments&post=10441"}],"version-history":[{"count":1,"href":"https:\/\/ecclesiae.de\/blog\/index.php?rest_route=\/wp\/v2\/pages\/10441\/revisions"}],"predecessor-version":[{"id":10442,"href":"https:\/\/ecclesiae.de\/blog\/index.php?rest_route=\/wp\/v2\/pages\/10441\/revisions\/10442"}],"up":[{"embeddable":true,"href":"https:\/\/ecclesiae.de\/blog\/index.php?rest_route=\/wp\/v2\/pages\/10364"}],"wp:attachment":[{"href":"https:\/\/ecclesiae.de\/blog\/index.php?rest_route=%2Fwp%2Fv2%2Fmedia&parent=10441"}],"curies":[{"name":"wp","href":"https:\/\/api.w.org\/{rel}","templated":true}]}}