{"id":10483,"date":"2022-07-21T06:05:22","date_gmt":"2022-07-21T06:05:22","guid":{"rendered":"http:\/\/ecclesiae.de\/blog\/?page_id=10483"},"modified":"2022-07-21T06:05:22","modified_gmt":"2022-07-21T06:05:22","slug":"kostbares-blut-novene","status":"publish","type":"page","link":"https:\/\/ecclesiae.de\/blog\/?page_id=10483","title":{"rendered":"Kostbares Blut Novene"},"content":{"rendered":"\n<p>EWIGER VATER,<br>WIR OPFERN DIR AUF<br>DAS KOSTBARE BLUT JESU CHRISTI.<br>ES TILGE UNSERE S\u00dcNDEN,<br>BRINGE ALLEN VERSTORBENEN ERL\u00d6SUNG<br>UND ERHALTE DEINE KIRCHE IN LIEBE UND EINHEIT.<br><br><strong>Novene zum Kostbaren Blut<\/strong><br>(in Vorbereitung auf das Kostbar-Blut-Fest am 1. Juli)<br>Herr Jesus Christus, als du vierzig Tage nach deiner Auferstehung zum Vater im Himmel heimgekehrt bist,<br>hast du deinen J\u00fcngern aufgetragen, dass sie gemeinsam den Heiligen Geist erwarten sollten.<br>Neun Tage lang haben sie gebetet, um die Gabe aller Gaben zu empfangen und wahre Apostel zu werden.<br>Im Vertrauen darauf, dass du uns auch heute schenkst, was zu unserem Heil und Segen dient, bitten wir dich:<br>Erleuchte unseren Verstand und reinige unser Herz, damit wir lernen, in rechter Weise zu beten.<br>Schenke uns wie den Aposteln die Gnade, dass wir zusammen mit Maria beten k\u00f6nnen.<br>Denn sie ist doch die Magd des Herrn und zugleich die \u201ef\u00fcrbittende Allmacht\u201c.<br>Herr, du hast gesagt: \u201eBetet und ihr werdet empfangen, suchet und ihr werdet finden, klopft an, so wird euch aufgetan!\u201c<br>Eingeladen durch dein Wort kommen wir heute mit einem besonderen Anliegen zu dir: (kurze Stille)<br><br>Guter Jesus, wir vertrauen auf deine Liebe und dein Erbarmen, das du uns in deinem Kostbaren Blut erwiesen hast.<br>Immer hast du Zeit und Geduld gehabt f\u00fcr die Armen und Kranken, f\u00fcr die Verachteten und f\u00fcr die S\u00fcnder.<br>Du hast die Tr\u00e4nen der Witwe von Nain getrocknet,<br>den heidnischen Hauptmann erh\u00f6rt und<br>das Vertrauen von Marta belohnt.<br>Schenke auch uns die Freude, deine besondere Hilfe erfahren zu haben.<br>Wenn aber unsere W\u00fcnsche nicht deinen Pl\u00e4nen entsprechen, dann st\u00e4rke uns mit besonderer Glaubenskraft.<br>Mit dir wollen wir sprechen:<br>\u201eVater, nicht mein, sondern dein Wille geschehe!\u201c<br>Lass uns immer darauf vertrauen, dass deine Wege die besseren sind, auch wenn wir sie oft nicht verstehen.<br>So danken wir dir jetzt schon f\u00fcr deine Erh\u00f6rung.<br>Denn du bist die Liebe, und alles, was du uns schenkst oder zul\u00e4sst, dient unserem ewigen Ziel und unserer Heiligung.\u00a0 Amen<br><br>Dieses Gebet jeden Tag, dazu jeweils entweder die Litanei oder die Sieben Aufopferungen. Abschluss jeweils mit dem \u201eEwiger Vater\u201c<br><br><strong>Litanei vom Kostbaren Blut<br><\/strong>&#8211; \u00a0 \u00a0 \u00a0Herr, erbarme dich, Christus, &#8230; Herr, &#8230;<br>&#8211; \u00a0 \u00a0 \u00a0Christus h\u00f6re uns! Christus erh\u00f6re uns!<br>&#8211; \u00a0 \u00a0 \u00a0Gott Vater im Himmel &#8211; erbarme dich unser<br>&#8211; \u00a0 \u00a0 \u00a0Gott Sohn, Erl\u00f6ser der Welt \u2013<br>&#8211; \u00a0 \u00a0 \u00a0Gott Heiliger Geist &#8211; Heiliger dreifaltiger Gott &#8211;<br>Blut Christi,<br>\u00a0 \u00a0\u00a0 \u00a0\u00a0des Eingeborenen des ewigen Vaters, &#8211; rette uns! &#8211;<br>\u00a0 \u00a0\u00a0 \u00a0 des menschgewordenen Wortes Gottes <br>&#8211;<br>\u00a0 \u00a0\u00a0 \u00a0 des Neuen und Ewigen Bundes &#8211;<br>&#8211;<br>\u00a0 \u00a0\u00a0\u00a0\u00a0 in der Todesangst zur Erde geronnen \u2013<br>&#8211;\u00a0 \u00a0\u00a0 \u00a0bei der Gei\u00dfelung vergossen &#8211;<br>&#8211;<br>\u00a0 \u00a0\u00a0 \u00a0 bei der Dornenkr\u00f6nung verstr\u00f6mt &#8211;<br>&#8211;<br>\u00a0 \u00a0\u00a0 \u00a0 am Kreuze ausgegossen &#8211;<br>&#8211;<br>\u00a0 \u00a0\u00a0 \u00a0\u00a0Kaufpreis unseres Heiles &#8211;<br>&#8211;<br>\u00a0 \u00a0\u00a0 \u00a0 einzige Vergebung der S\u00fcnden &#8211;<br>&#8211;<br>\u00a0 \u00a0\u00a0 \u00a0 im Altarsakrament Trank und Reinigung der Seelen &#8211; &#8211;<br>\u00a0 \u00a0\u00a0 \u00a0 Strom der Barmherzigkeit &#8211;<br>&#8211;<br>\u00a0 \u00a0\u00a0\u00a0\u00a0 Besieger aller b\u00f6sen Geister &#8211; <br>&#8211;<br>\u00a0 \u00a0\u00a0\u00a0\u00a0 Starkmut der M\u00e4rtyrer &#8211;<br>&#8211;<br>\u00a0 \u00a0\u00a0\u00a0\u00a0 Kraft der Bekenner &#8211;<br>&#8211;<br>\u00a0 \u00a0\u00a0\u00a0\u00a0 Lebensquell der Jungfrauen &#8211;<br>&#8211;<br>\u00a0 \u00a0\u00a0 \u00a0 St\u00fctze der Gef\u00e4hrdeten &#8211;<br>&#8211;<br>\u00a0 \u00a0\u00a0\u00a0\u00a0 Linderung der Leidenden &#8211;<br>&#8211;<br>\u00a0 \u00a0\u00a0\u00a0\u00a0 Trost der Weinenden &#8211;<br>&#8211;<br>\u00a0 \u00a0\u00a0\u00a0\u00a0 Hoffnung der B\u00fc\u00dfenden &#8211;<br>&#8211;<br>\u00a0 \u00a0\u00a0\u00a0\u00a0 Zuflucht der Sterbenden &#8211;<br>&#8211;<br>\u00a0 \u00a0\u00a0\u00a0\u00a0 Friede und Wonne aller Herzen &#8211;<br>&#8211;<br>\u00a0 \u00a0 \u00a0\u00a0 Unterpfand des ewigen Lebens &#8211;<br>&#8211;<br>\u00a0 \u00a0\u00a0\u00a0\u00a0 Erl\u00f6sung aus den Tiefen des Reinigungsortes &#8211; <br>&#8211;<br>\u00a0 \u00a0\u00a0 \u00a0\u00a0aller Herrlichkeit und Ehre \u00fcberaus w\u00fcrdig &#8211;<br><br>Lamm Gottes, du nimmst hinweg die S\u00fcnde der Welt &#8211; Herr, verschone uns<br><br>Lamm Gottes \u00a0 \u00a0 \u00a0&#8211; Herr, erh\u00f6re uns<br><br>Lamm Gottes &#8211; Herr, erbarme dich<br>V: Du hast uns erl\u00f6st, o Herr, in deinem Blut<br>A: und uns zu deinem Gottesreich gemacht!<br>(Lasset uns beten:)<br>Allm\u00e4chtiger, ewiger Gott, du hast deinen Sohn zum Erl\u00f6ser der Welt bestellt.<br>Durch sein Blut hast du uns Vers\u00f6hnung geschenkt.<br>Lass uns den L\u00f6sepreis unseres Heiles in dankbarer Liebe verehren.<br>Beschirme uns durch seine Kraft vor allem B\u00f6sen und f\u00fchre uns in dein himmlisches Reich. Amen.<br><br><br><strong>Die sieben Aufopferungen<\/strong><br><br>1) Ewiger Vater, wir opfern Dir auf das Kostbare Blut Jesu Christi, das am Kreuze vergossen und t\u00e4glich auf dem Altare dargebracht ist:<br>Zur Verherrlichung Deines heiligen Namens, f\u00fcr das Kommen Deines Reiches und das Heil aller Menschen.<br><br>Ehre sei dem Vater&#8230;<br><br>V. Lob und Dank sei Jesus allezeit,<br><br>R. der uns mit seinem Blut hat befreit.<br><br><br><br>2) Ewiger Vater, wir opfern Dir auf das Kostbare Blut Jesu Christi, das am Kreuze vergossen und t\u00e4glich auf dem Altare dargebracht ist: F\u00fcr die Ausbreitung der Kirche, f\u00fcr unseren Heiligen Vater&#8230;, die Bisch\u00f6fe, Priester, Ordensleute und zur Heiligung aller, die an Dich glauben.<br><br>Ehre sei dem Vater&#8230;<br><br>V. Lob und Dank sei Jesus allezeit,<br><br>R. der uns mit seinem Blute hat befreit.<br><br><br><br>3) Ewiger Vater, wir opfern Dir auf das Kostbare Blut Jesu Christi, das am Kreuze vergossen und t\u00e4glich auf dem Altare dargebracht ist:<br>F\u00fcr die Bekehrung der S\u00fcnder, f\u00fcr die dem\u00fctige Annahme Deines Wortes und f\u00fcr die Einheit aller Christen.<br><br>Ehre sei dem Vater&#8230;<br><br>V. Lob und Dank sei Jesus allezeit,<br><br>R. der uns mit seinem Blute hat befreit.<br><br><br><br>4) Ewiger Vater, wir opfern Dir auf das Kostbare Blut Jesu Christi, das am Kreuze vergossen und t\u00e4glich auf dem Altare dargebracht ist:<br>F\u00fcr die Regierungen, f\u00fcr die \u00f6ffentliche Sittlichkeit und f\u00fcr Friede und Gerechtigkeit.<br><br>Ehre sei dem Vater&#8230;<br><br>V. Lob und Dank sei Jesus allezeit,<br><br>R. der uns mit seinem Blute hat befreit.<br><br><br><br>5) Ewiger Vater, wir opfern Dir auf das Kostbare Blute Jesu Christi, das am Kreuze vergossen und t\u00e4glich auf dem Altare dargebracht ist:<br>Zur Heiligung der Arbeit und des Leidens, f\u00fcr die Armen, Kranken, Bedr\u00e4ngten und alle jene, die auf unser Gebet vertrauen.<br><br>Ehre sei dem Vater&#8230;<br><br>V. Lob und Dank sei Jesus allezeit,<br><br>R. der uns mit seinem Blute hat befreit.<br><br><br><br>6) Ewiger Vater, wir opfern Dir auf das Kostbare Blut Jesu Christi, das am Kreuze vergossen und t\u00e4glich auf dem Altare dargebracht ist:<br>F\u00fcr alle unsere geistlichen und zeitlichen Anliegen,<br>f\u00fcr unsere Eltern, Wohlt\u00e4ter und auch f\u00fcr unsere Feinde.<br><br>Ehre sei dem Vater&#8230;<br><br>V. Lob und Dank sei Jesus allezeit,<br><br>R. der uns mit seinem Blute hat befreit.<br><br><br><br>7) Ewiger Vater, wir opfern Dir auf das Kostbare Blut Jesu Christi, das am Kreuze vergossen und t\u00e4glich auf dem Altare dargebracht ist:<br>F\u00fcr alle, die heute sterben, f\u00fcr die Seelen im Reinigungsort, damit alle mit Christus in seiner Herrlichkeit vereinigt werden.<br><br>Ehre sei dem Vater&#8230;<br><br>V. Lob und Dank sei Jesus allezeit,<br><br>R. der uns mit seinem Blute hat befreit<\/p>\n","protected":false},"excerpt":{"rendered":"<p>EWIGER VATER,WIR OPFERN DIR AUFDAS KOSTBARE BLUT JESU CHRISTI.ES TILGE UNSERE S\u00dcNDEN,BRINGE ALLEN VERSTORBENEN ERL\u00d6SUNGUND ERHALTE DEINE KIRCHE IN LIEBE UND EINHEIT. Novene zum Kostbaren Blut(in Vorbereitung auf das Kostbar-Blut-Fest am 1. Juli)Herr Jesus Christus, als du vierzig Tage nach &hellip; <a href=\"https:\/\/ecclesiae.de\/blog\/?page_id=10483\">Weiterlesen <span class=\"meta-nav\">&rarr;<\/span><\/a><\/p>\n","protected":false},"author":3,"featured_media":0,"parent":10370,"menu_order":0,"comment_status":"closed","ping_status":"closed","template":"","meta":{"footnotes":""},"class_list":["post-10483","page","type-page","status-publish","hentry"],"_links":{"self":[{"href":"https:\/\/ecclesiae.de\/blog\/index.php?rest_route=\/wp\/v2\/pages\/10483","targetHints":{"allow":["GET"]}}],"collection":[{"href":"https:\/\/ecclesiae.de\/blog\/index.php?rest_route=\/wp\/v2\/pages"}],"about":[{"href":"https:\/\/ecclesiae.de\/blog\/index.php?rest_route=\/wp\/v2\/types\/page"}],"author":[{"embeddable":true,"href":"https:\/\/ecclesiae.de\/blog\/index.php?rest_route=\/wp\/v2\/users\/3"}],"replies":[{"embeddable":true,"href":"https:\/\/ecclesiae.de\/blog\/index.php?rest_route=%2Fwp%2Fv2%2Fcomments&post=10483"}],"version-history":[{"count":1,"href":"https:\/\/ecclesiae.de\/blog\/index.php?rest_route=\/wp\/v2\/pages\/10483\/revisions"}],"predecessor-version":[{"id":10484,"href":"https:\/\/ecclesiae.de\/blog\/index.php?rest_route=\/wp\/v2\/pages\/10483\/revisions\/10484"}],"up":[{"embeddable":true,"href":"https:\/\/ecclesiae.de\/blog\/index.php?rest_route=\/wp\/v2\/pages\/10370"}],"wp:attachment":[{"href":"https:\/\/ecclesiae.de\/blog\/index.php?rest_route=%2Fwp%2Fv2%2Fmedia&parent=10483"}],"curies":[{"name":"wp","href":"https:\/\/api.w.org\/{rel}","templated":true}]}}