{"id":10503,"date":"2022-07-22T08:05:23","date_gmt":"2022-07-22T08:05:23","guid":{"rendered":"http:\/\/ecclesiae.de\/blog\/?page_id=10503"},"modified":"2022-07-22T08:05:23","modified_gmt":"2022-07-22T08:05:23","slug":"litanei-zu-ehren-des-himmlischen-vaters","status":"publish","type":"page","link":"https:\/\/ecclesiae.de\/blog\/?page_id=10503","title":{"rendered":"Litanei zu Ehren des Himmlischen Vaters"},"content":{"rendered":"\n<figure class=\"wp-block-table\"><table><tbody><tr><td><br><br>Herr, erbarme Dich unser<br>Christus, erbarme Dich unser<br>Herr, erbarme Dich unser<br>Christus h\u00f6re uns\u00a0 \u00a0\u00a0 \u00a0\u00a0 \u00a0\u00a0 \u00a0\u00a0 \u00a0Christus, erh\u00f6re uns<br>Gott Vater vom Himmel,\u00a0 \u00a0\u00a0 \u00a0\u00a0 erbarme Dich unser<br>Gott Vater von allen<br>Gott Sohn, Erl\u00f6ser der Welt<br>Gott Heiliger Geist<br>Heilige Dreifaltigkeit, ein einiger Gott<br>Gott Vater, Beschirmer<br>Gott Vater, unser Herrscher und Regierer<br>Gott Vater, unsere Hoffnung<br>Gott Vater, unser Erleuchter<br>Gott Vater, unser Vorsteher<br>Gott Vater, unser Vater<br>Gott Vater, unsere Zuflucht<br>Gott Vater, unsere einzige Liebe<br>Gott Vater, unser h\u00f6chstes Vergn\u00fcgen<br>Gott Vater, unser Erschaffer<br>Gott Vater, unser Erhalter und Ern\u00e4hrer<br>Gott Vater, unser heiliger Gott<br>Gott Vater, unser heiliger, starker Gott<br>Gott Vater, unser heiliger, unsterblicher Gott<br>Gott Vater, unser allm\u00e4chtiger Gott<br>Gott Vater, unser allweiser Gott<br>Gott Vater, unser unendlich guter Gott<br>Gott Vater, unser voraussehender Gott<br>Gott Vater, unser allerliebensw\u00fcrdigster Gott<br>Gott Vater, der Du alles, was auf Erden ist, dem Menschen zum Gebrauche erschaffen hast.<br>Gott Vater, der Du die V\u00f6gel der Luft und alle Tiere wunderbar erh\u00e4ltst und ern\u00e4hrst.<br>Gott Vater, der Du die Lilien und Blumen des Feldes herrlich kleidest<br>Gott Vater, der Du den Fr\u00fcchten der Erde Wachstum und Gedeihen gibst.<br>Gott Vater, der Du alle Haare des menschlichen Hauptes gez\u00e4hlt<br>Gott Vater, der Du alles dem Menschen zum Besten ordnest und richtest.<br>Gott Vater, der Du auch die zeitlichen Tr\u00fcbsale und Leiden zum Nutzen schickest.<br>Gott Vater, der Du durch das Kreuz zu wahrer Busse und Besserung des Lebens bekehrest.<br>Gott Vater, der Du durch Verfolgung uns von der Welt und allem Irdischen abziehst und zur Erkenntnis Deiner .Hoheit f\u00fchrst<br>Gott Vater, der Du alle, die sich g\u00e4nzlich Deiner Vorsehung \u00fcberlassen, mitten in N\u00f6ten mit wunderbarer Hilfe segnest.<br>Gott Vater, der Du alle, die auf Dich hoffen, nicht zu Schanden werden l\u00e4sst.<br>Gott Vater, sei uns gn\u00e4dig,\u00a0 erh\u00f6re uns<br>Gott Vater, von allem \u00dcbel,\u00a0 erl\u00f6se uns<br>Gott Vater, von aller S\u00fcnde,\u00a0 erl\u00f6se uns<br>Gott Vater, von Deinem Zorne<br>Gott Vater, von allem Misstrauen vor Deiner g\u00f6ttlichen Vorsehung<br>Gott Vater, von aller Ungeduld<br>Gott Vater, von aller Kleinm\u00fctigkeit in Kreuz und Leiden<br>Gott Vater, von allem Murren und Klagen wider die g\u00f6ttliche Vorsehung.<br>Gott Vater, von allen Anfechtungen des B\u00f6sen, besonders in der Stunde des Todes.<br>Gott Vater, von \u00fcberfl\u00fcssigen Sorgen im Zeitlichen.<br>Gott Vater, dass Du uns ein kindliches, wahres Vertrauen zu Deiner g\u00f6ttlichen Vorsehung gew\u00e4hrest,<br>wir bitten Dich, erh\u00f6re uns<br>Gott Vater, dass wir in allem Gl\u00fcck und Ungl\u00fcck Deine g\u00f6ttliche Vorsehung dem\u00fctig anbeten.<br>Gott Vater, dass wir unseren Willen jederzeit Deinem heiligsten Willen unterordnen.<br>Gott Vater, dass wir Dir im Leiden unsere Liebe eifriger zeigen<br>Gott Vater, dass Du in allen Widerw\u00e4rtigkeiten uns eine starkm\u00fctige Geduld verleihen wollest.<br>Gott Vater, im Himmel, dass Du uns erh\u00f6ren wollest.<br><br>Vater unser &#8230;<br>Herr erh\u00f6re mein Gebet und lass mein Rufen zu Dir kommen!<br><br>VATER, erhalte mir, die ich lieb habe.<br>Erhalte sie mir wie mein eigenes Herz,<br>darin ich ihren Namen trage.<br>Sch\u00fctze sie vor Versuchungen<br>und la\u00df ihre Gedanken Fr\u00fcchte bringen,<br>die Deinen Namen verherrlichen.<br>La\u00df keinen Kummer \u00fcber ihre Seelen kommen,<br>damit sie stark bleiben zum Gebrauch ihrer Kr\u00e4fte.<br>Gie\u00dfe Deinen Frieden \u00fcber ihren Schlummer<br>und erneuere Dein Wohlgefallen jeden Morgen.<br>La\u00df sie genie\u00dfen die Freuden der Erde,<br>die Du bereitet hast den reinen Seelen.<br>F\u00fchre sie einst in das Reich Deiner Engel,<br>damit wir, vereint in Ewigkeit,<br>Deinen Namen preisen in der Seligkeit der Liebe. Amen.<br>Q: Adorare.de<br>&#8212;&#8211;<br><br>Litanei zu Ehren des heiligen Franz Xaver<br>Aus dem K\u00f6thener Gebetbuch<br><br>Herr, erbarme dich unser!<br>Christus, erbarme dich unser!<br>Christus, h\u00f6re uns!<br>Christus, erh\u00f6re uns!<br>Gott Vater vom Himmel, erbarme dich unser!<br>Gott Sohn, Erl\u00f6ser der Welt, erbarme dich unser!<br>Gott Heiliger Geist, erbarme dich unser!<br>Heilige Dreifaltigkeit, ein einiger Gott, erbarme dich unser!<br>Heilige Maria, bitte f\u00fcr uns!<br>Heilige Gottesgeb\u00e4rerin, bitte f\u00fcr uns!<br>Heilige Jungfrau der Jungfrauen, bitte f\u00fcr uns!<br>Heiliger Franz Xaver, bitte f\u00fcr uns!<br>Du Apostel der Inder und Japaner, bitte f\u00fcr uns!<br>Du auserw\u00e4hltes Werkzeug, den Namen Jesu vor die Heiden zu bringen, bitte f\u00fcr uns!<br>Du Verk\u00fcndiger des heiligen Evangeliums, bitte f\u00fcr uns!<br>Du S\u00e4ule der Kirche, bitte f\u00fcr uns!<br>Du Verfechter des Glaubens, bitte f\u00fcr uns!<br>Du Bestreiter des Unglaubens, bitte f\u00fcr uns!<br>Du Prediger der Wahrheit, bitte f\u00fcr uns!<br>Du Freund der Kinder, bitte f\u00fcr uns!<br>Du Vater der Armen, bitte f\u00fcr uns!<br>Du Tr\u00f6ster der Betr\u00fcbten, bitte f\u00fcr uns!<br>Du Besch\u00fctzer der Verlassenen, bitte f\u00fcr uns!<br>Du Arzt der Kranken, bitte f\u00fcr uns!<br>Du Zuflucht der Elenden, bitte f\u00fcr uns!<br>Du Helfer der Notleidenden, bitte f\u00fcr uns!<br>Du Patron der Sterbenden, bitte f\u00fcr uns!<br>Du gro\u00dfer Wundert\u00e4ter, bitte f\u00fcr uns!<br>In Widerw\u00e4rtigkeiten, bitte f\u00fcr uns!<br>In Angst und Schwermut des Herzens, bitte f\u00fcr uns!<br>In Armut und Verlassenheit, bitte f\u00fcr uns!<br>In Gebrechlichkeit des Leibes, bitte f\u00fcr uns!<br>In aller Schwachheit, bitte f\u00fcr uns!<br>In hater Pr\u00fcfungszeit, bitte f\u00fcr uns!<br>In Leibes- und Seelennot, bitte f\u00fcr uns!<br>Im Leben und im Tode, bitte f\u00fcr uns!<br><br>O du Lamm Gottes, welches du hinwegnimmst die S\u00fcnden der Welt, verschone uns, o Herr!<br>O du Lamm Gottes, welches du hinwegnimmst die S\u00fcnden der Welt, erh\u00f6re uns, o Herr!<br>O du Lamm Gottes, welches du hinwegnimmst die S\u00fcnden der Welt, erbarme dich unser!<br>Christus, h\u00f6re uns!<br>Christus, erh\u00f6re uns!<br>Herr, erbarme dich unser! usw.<br>Vater unser usw. &#8211; Gegr\u00fc\u00dft seist du usw.<br>V. Bitte f\u00fcr uns, o heiliger Franz Xaver,<br>R. Auf dass wir w\u00fcrdig werden der Verhei\u00dfungen Christi!<br><br><br>Gebet<br><br>O Gott! der du diejenigen, welche dich ehren, auch ehrst und gro\u00dfmachest, und der du in der Verehrung deiner Heiligen selbst verherrlicht wirst; verleihe uns gn\u00e4dig, dass wir alle, die wir deines heiligen Bekenners Franz Xaver glorreiche Verdienste and\u00e4chtig verehren, desselben kr\u00e4ftige F\u00fcrbitte<\/td><\/tr><\/tbody><\/table><\/figure>\n","protected":false},"excerpt":{"rendered":"<p>Herr, erbarme Dich unserChristus, erbarme Dich unserHerr, erbarme Dich unserChristus h\u00f6re uns\u00a0 \u00a0\u00a0 \u00a0\u00a0 \u00a0\u00a0 \u00a0\u00a0 \u00a0Christus, erh\u00f6re unsGott Vater vom Himmel,\u00a0 \u00a0\u00a0 \u00a0\u00a0 erbarme Dich unserGott Vater von allenGott Sohn, Erl\u00f6ser der WeltGott Heiliger GeistHeilige Dreifaltigkeit, ein einiger GottGott &hellip; <a href=\"https:\/\/ecclesiae.de\/blog\/?page_id=10503\">Weiterlesen <span class=\"meta-nav\">&rarr;<\/span><\/a><\/p>\n","protected":false},"author":3,"featured_media":0,"parent":10496,"menu_order":0,"comment_status":"closed","ping_status":"closed","template":"","meta":{"footnotes":""},"class_list":["post-10503","page","type-page","status-publish","hentry"],"_links":{"self":[{"href":"https:\/\/ecclesiae.de\/blog\/index.php?rest_route=\/wp\/v2\/pages\/10503","targetHints":{"allow":["GET"]}}],"collection":[{"href":"https:\/\/ecclesiae.de\/blog\/index.php?rest_route=\/wp\/v2\/pages"}],"about":[{"href":"https:\/\/ecclesiae.de\/blog\/index.php?rest_route=\/wp\/v2\/types\/page"}],"author":[{"embeddable":true,"href":"https:\/\/ecclesiae.de\/blog\/index.php?rest_route=\/wp\/v2\/users\/3"}],"replies":[{"embeddable":true,"href":"https:\/\/ecclesiae.de\/blog\/index.php?rest_route=%2Fwp%2Fv2%2Fcomments&post=10503"}],"version-history":[{"count":1,"href":"https:\/\/ecclesiae.de\/blog\/index.php?rest_route=\/wp\/v2\/pages\/10503\/revisions"}],"predecessor-version":[{"id":10504,"href":"https:\/\/ecclesiae.de\/blog\/index.php?rest_route=\/wp\/v2\/pages\/10503\/revisions\/10504"}],"up":[{"embeddable":true,"href":"https:\/\/ecclesiae.de\/blog\/index.php?rest_route=\/wp\/v2\/pages\/10496"}],"wp:attachment":[{"href":"https:\/\/ecclesiae.de\/blog\/index.php?rest_route=%2Fwp%2Fv2%2Fmedia&parent=10503"}],"curies":[{"name":"wp","href":"https:\/\/api.w.org\/{rel}","templated":true}]}}