{"id":10515,"date":"2022-07-22T08:14:06","date_gmt":"2022-07-22T08:14:06","guid":{"rendered":"http:\/\/ecclesiae.de\/blog\/?page_id=10515"},"modified":"2022-07-22T08:14:06","modified_gmt":"2022-07-22T08:14:06","slug":"litanei-zum-goettlichen-willen","status":"publish","type":"page","link":"https:\/\/ecclesiae.de\/blog\/?page_id=10515","title":{"rendered":"Litanei zum g\u00f6ttlichen Willen"},"content":{"rendered":"\n<figure class=\"wp-block-table\"><table><tbody><tr><td>\u00a0<\/td><td>&nbsp;<\/td><\/tr><tr><td><br>In unserem Verstand, &nbsp; &nbsp; &nbsp; &nbsp; &nbsp; &nbsp; &nbsp; &nbsp; &nbsp; A: geschehe Dein Wille<br>in unserem Herz, &nbsp; &nbsp; &nbsp; &nbsp; &nbsp; &nbsp; &nbsp; &nbsp; &nbsp; &nbsp; &nbsp; &nbsp; &nbsp;A: geschehe Dein Wille<br>in unseren &nbsp;Gliedern, &nbsp; &nbsp; &nbsp; &nbsp; &nbsp; &nbsp; &nbsp; &nbsp; &nbsp; &nbsp; &nbsp; &nbsp; &nbsp; &nbsp; &nbsp; &nbsp; &#8222;<br>in unseren Gedanken,<br>in unseren Gem\u00fctsbewegungen,<br>in unseren Schritten,<br>in unseren Schwierigkeiten,<br>in unseren Leiden,<br>in unseren Schmerzen,<br>in unserem Fleisch,<br>in unserem Blut,<br>in unsere Seele,<br>in unserem Geist,<br>in unseren Familien,<br>in unseren Kindern,<br>in unserer Liebe unter uns,<br>in unseren H\u00e4usern,<br>in den Dingen, die uns umgeben,<br>in unserer Beziehung mit den Gesch\u00f6pfen,<br>in unserer Beziehung mit der Sch\u00f6pfung,<br>auf unserem Planeten und im Universum,<br>wie im Himmel so auf Erden,<br>in jedem Fleisch und in jedem erschaffenen Geist,<br>in uns, Kindern des G\u00f6ttlichen Willens,<br>in unserem Gebet,<br>in der Anbetung, im Lobpreis,<br>im Atem und im Leben,<br>jetzt und in alle Ewigkeit, Herr.<br><br>(Quelle unbekannt)<\/td><\/tr><tr><td><\/td><\/tr><\/tbody><\/table><\/figure>\n","protected":false},"excerpt":{"rendered":"<p>\u00a0 &nbsp; In unserem Verstand, &nbsp; &nbsp; &nbsp; &nbsp; &nbsp; &nbsp; &nbsp; &nbsp; &nbsp; A: geschehe Dein Willein unserem Herz, &nbsp; &nbsp; &nbsp; &nbsp; &nbsp; &nbsp; &nbsp; &nbsp; &nbsp; &nbsp; &nbsp; &nbsp; &nbsp;A: geschehe Dein Willein unseren &nbsp;Gliedern, &nbsp; &nbsp; &hellip; <a href=\"https:\/\/ecclesiae.de\/blog\/?page_id=10515\">Weiterlesen <span class=\"meta-nav\">&rarr;<\/span><\/a><\/p>\n","protected":false},"author":3,"featured_media":0,"parent":10496,"menu_order":0,"comment_status":"closed","ping_status":"closed","template":"","meta":{"footnotes":""},"class_list":["post-10515","page","type-page","status-publish","hentry"],"_links":{"self":[{"href":"https:\/\/ecclesiae.de\/blog\/index.php?rest_route=\/wp\/v2\/pages\/10515","targetHints":{"allow":["GET"]}}],"collection":[{"href":"https:\/\/ecclesiae.de\/blog\/index.php?rest_route=\/wp\/v2\/pages"}],"about":[{"href":"https:\/\/ecclesiae.de\/blog\/index.php?rest_route=\/wp\/v2\/types\/page"}],"author":[{"embeddable":true,"href":"https:\/\/ecclesiae.de\/blog\/index.php?rest_route=\/wp\/v2\/users\/3"}],"replies":[{"embeddable":true,"href":"https:\/\/ecclesiae.de\/blog\/index.php?rest_route=%2Fwp%2Fv2%2Fcomments&post=10515"}],"version-history":[{"count":1,"href":"https:\/\/ecclesiae.de\/blog\/index.php?rest_route=\/wp\/v2\/pages\/10515\/revisions"}],"predecessor-version":[{"id":10516,"href":"https:\/\/ecclesiae.de\/blog\/index.php?rest_route=\/wp\/v2\/pages\/10515\/revisions\/10516"}],"up":[{"embeddable":true,"href":"https:\/\/ecclesiae.de\/blog\/index.php?rest_route=\/wp\/v2\/pages\/10496"}],"wp:attachment":[{"href":"https:\/\/ecclesiae.de\/blog\/index.php?rest_route=%2Fwp%2Fv2%2Fmedia&parent=10515"}],"curies":[{"name":"wp","href":"https:\/\/api.w.org\/{rel}","templated":true}]}}