{"id":10530,"date":"2022-07-22T08:34:10","date_gmt":"2022-07-22T08:34:10","guid":{"rendered":"http:\/\/ecclesiae.de\/blog\/?page_id=10530"},"modified":"2022-07-22T08:34:10","modified_gmt":"2022-07-22T08:34:10","slug":"litanei-zum-erntedank","status":"publish","type":"page","link":"https:\/\/ecclesiae.de\/blog\/?page_id=10530","title":{"rendered":"Litanei zum Erntedank"},"content":{"rendered":"\n<p><br><br>V: \u00a0 \u00a0 \u00a0Herr, erbarme dich unser.<br>A: \u00a0 \u00a0 \u00a0Herr, erbarme dich unser.<br>V: \u00a0 \u00a0 \u00a0Christus erbarme dich unser.<br>A: \u00a0 \u00a0 \u00a0Christus erbarme dich unser.<br>V: \u00a0 \u00a0 \u00a0Herr, erbarme dich unser.<br>A: \u00a0 \u00a0 \u00a0Herr, erbarme dich unser.<br>V: \u00a0 \u00a0 \u00a0Christus, h\u00f6re uns.<br>A: \u00a0 \u00a0 \u00a0Christus, h\u00f6re uns.<br>V: \u00a0 \u00a0 \u00a0Christus, erh\u00f6re uns.<br>A: \u00a0 \u00a0 \u00a0Christus, erh\u00f6re uns.<br>V: \u00a0 \u00a0 \u00a0Gott Vater im Himmel.<br>A: \u00a0 \u00a0 \u00a0Erbarme dich unser.<br>V: \u00a0 \u00a0 \u00a0Gott Sohn, Erl\u00f6ser der Welt<br>A: \u00a0 \u00a0 \u00a0Erbarme dich unser.<br>V: \u00a0 \u00a0 \u00a0Gott Heiliger Geist.<br>A: \u00a0 \u00a0 \u00a0Erbarme dich unser.<br>V: \u00a0 \u00a0 \u00a0Heilige Dreifaltigkeit, ein einiger Gott.<br>A: \u00a0 \u00a0 \u00a0Erbarme dich unser.<br>V: \u00a0 \u00a0 \u00a0Gott, deine Macht erstreckt sich \u00fcber alles.<br>A: \u00a0 \u00a0 \u00a0Wir loben dich, du grosser Gott.<br>V: \u00a0 \u00a0 \u00a0Gott, deine F\u00fcrsorge verbreitet sich \u00fcber alle Gesch\u00f6pfe.<br>A: \u00a0 \u00a0 \u00a0Wir loben dich, du grosser Gott.<br>V: \u00a0 \u00a0 \u00a0Gott, du ern\u00e4hrst die V\u00f6gel der Luft.<br>A: \u00a0 \u00a0 \u00a0Wir loben dich, du grosser Gott.<br>V: \u00a0 \u00a0 \u00a0Gott, du kleidest die Blumen des Feldes.<br>A: \u00a0 \u00a0 \u00a0Wir loben dich, du grosser Gott.<br>V: \u00a0 \u00a0 \u00a0Gott, auf deinen Wink geht die erw\u00e4rmende Sonne auf und unter.<br>A: \u00a0 \u00a0 \u00a0Wir loben dich, du grosser Gott.<br>V: \u00a0 \u00a0 \u00a0Gott, du beherrschest alle Elemente mit Allmacht und Weisheit.<br>A: \u00a0 \u00a0 \u00a0Wir loben dich, du grosser Gott.<br>V: \u00a0 \u00a0 \u00a0Du machst unsere Felder und Wiesen fruchtbar.<br>A: \u00a0 \u00a0 \u00a0Wir danken dir, du grosser Gott.<br>V: \u00a0 \u00a0 \u00a0Du gabst Regen und Sonnenschein zur rechten Zeit.<br>A: \u00a0 \u00a0 \u00a0Wir danken dir, du grosser Gott.<br>V: \u00a0 \u00a0 \u00a0Du schenktest den Arbeiten des Landmannes Gedeihen.<br>A: \u00a0 \u00a0 \u00a0Wir danken dir, du grosser Gott.<br>V: \u00a0 \u00a0 \u00a0Du bewahrtest die Fr\u00fcchte der Erde vor sch\u00e4dlichem Gewitter.<br>A: \u00a0 \u00a0 \u00a0Wir danken dir, du grosser Gott.<br>V: \u00a0 \u00a0 \u00a0Du wandtest Blitz und Hagel von unseren Feldern ab.<br>A: \u00a0 \u00a0 \u00a0Wir danken dir, du grosser Gott.<br>V: \u00a0 \u00a0 \u00a0Du bewahrtest uns vor verheerenden \u00dcberschwemmungen.<br>A: \u00a0 \u00a0 \u00a0Wir danken dir, du grosser Gott.<br>V: \u00a0 \u00a0 \u00a0Dass du uns die geschenkten Fr\u00fcchte zu deiner Ehre in Gesundheit geniessen lassest.<br>A: \u00a0 \u00a0 \u00a0Wir bitten dich, erh\u00f6re uns.<br>V: \u00a0 \u00a0 \u00a0Dass wir deine milden Gaben nicht in S\u00fcnden verzehren.<br>A: \u00a0 \u00a0 \u00a0Wir bitten dich, erh\u00f6re uns.<br>V: \u00a0 \u00a0 \u00a0Dass wir unsere Dankbarkeit durch Fr\u00fcchte der Tugend beweisen.<br>A: \u00a0 \u00a0 \u00a0Wir bitten dich, erh\u00f6re uns.<br>V: \u00a0 \u00a0 \u00a0Dass wir den Armen und Bed\u00fcrftigen von deinen Geschenken mitteilen.<br>A: \u00a0 \u00a0 \u00a0Wir bitten dich, erh\u00f6re uns.<br>V: \u00a0 \u00a0 \u00a0Dass wir durch deine Gnade der ewigen Ernte in Freuden teilhaftig werden.<br>A: \u00a0 \u00a0 \u00a0Wir bitten dich, erh\u00f6re uns.<br>V: \u00a0 \u00a0 \u00a0 Lasset uns beten. Wir danken dir, Vater, auch diese Jahr f\u00fcr die Ernte, die uns deine G\u00fcte geschenkt hat. Lehre uns deine Gaben mit den D\u00fcrftigen teilen und die zeitlichen G\u00fcter so gebrauchen und so geniessen, dass wir die ewigen nie aus den Augen verlieren. Durch Christus, deinen Sohn, unsern Herrn, der mit dir lebt und herrscht von Ewigkeit zu Ewigkeit<br>A: \u00a0 \u00a0 \u00a0Amen<br>Q: Gottesdienst 1950<\/p>\n","protected":false},"excerpt":{"rendered":"<p>V: \u00a0 \u00a0 \u00a0Herr, erbarme dich unser.A: \u00a0 \u00a0 \u00a0Herr, erbarme dich unser.V: \u00a0 \u00a0 \u00a0Christus erbarme dich unser.A: \u00a0 \u00a0 \u00a0Christus erbarme dich unser.V: \u00a0 \u00a0 \u00a0Herr, erbarme dich unser.A: \u00a0 \u00a0 \u00a0Herr, erbarme dich unser.V: \u00a0 \u00a0 \u00a0Christus, &hellip; <a href=\"https:\/\/ecclesiae.de\/blog\/?page_id=10530\">Weiterlesen <span class=\"meta-nav\">&rarr;<\/span><\/a><\/p>\n","protected":false},"author":3,"featured_media":0,"parent":10496,"menu_order":0,"comment_status":"closed","ping_status":"closed","template":"","meta":{"footnotes":""},"class_list":["post-10530","page","type-page","status-publish","hentry"],"_links":{"self":[{"href":"https:\/\/ecclesiae.de\/blog\/index.php?rest_route=\/wp\/v2\/pages\/10530","targetHints":{"allow":["GET"]}}],"collection":[{"href":"https:\/\/ecclesiae.de\/blog\/index.php?rest_route=\/wp\/v2\/pages"}],"about":[{"href":"https:\/\/ecclesiae.de\/blog\/index.php?rest_route=\/wp\/v2\/types\/page"}],"author":[{"embeddable":true,"href":"https:\/\/ecclesiae.de\/blog\/index.php?rest_route=\/wp\/v2\/users\/3"}],"replies":[{"embeddable":true,"href":"https:\/\/ecclesiae.de\/blog\/index.php?rest_route=%2Fwp%2Fv2%2Fcomments&post=10530"}],"version-history":[{"count":1,"href":"https:\/\/ecclesiae.de\/blog\/index.php?rest_route=\/wp\/v2\/pages\/10530\/revisions"}],"predecessor-version":[{"id":10531,"href":"https:\/\/ecclesiae.de\/blog\/index.php?rest_route=\/wp\/v2\/pages\/10530\/revisions\/10531"}],"up":[{"embeddable":true,"href":"https:\/\/ecclesiae.de\/blog\/index.php?rest_route=\/wp\/v2\/pages\/10496"}],"wp:attachment":[{"href":"https:\/\/ecclesiae.de\/blog\/index.php?rest_route=%2Fwp%2Fv2%2Fmedia&parent=10530"}],"curies":[{"name":"wp","href":"https:\/\/api.w.org\/{rel}","templated":true}]}}