{"id":10554,"date":"2022-07-22T12:38:37","date_gmt":"2022-07-22T12:38:37","guid":{"rendered":"http:\/\/ecclesiae.de\/blog\/?page_id=10554"},"modified":"2022-07-22T12:38:37","modified_gmt":"2022-07-22T12:38:37","slug":"gebet-um-einen-seligen-tod","status":"publish","type":"page","link":"https:\/\/ecclesiae.de\/blog\/?page_id=10554","title":{"rendered":"Gebet um einen seligen Tod"},"content":{"rendered":"\n<p><br><br>O Jesus, Du Sohn des lebendigen Gottes, ich bitte Dich durch jene bitterste Todesangst, die Deine Seele im \u00d6lgarten so sehr bedr\u00e4ngte,<br>durch jene schauerliche Beklommenheit und Betr\u00fcbnis, die Dein heiliges Fleisch durchdrang, als Du vor tiefem Schmerz ausriefest:<br>\u201eMeine Seele ist betr\u00fcbt bis in den Tod!\u201c, sieh barmherzig auf das dem\u00fctige Gebet, das ich mit zerknirschtem Geiste und Herzen an Dich richte,<br>und steh mir bei in jener letzten Stunde, wo ich aus diesem Leben scheiden mu\u00df;<br>st\u00e4rke mich, wenn die \u00e4u\u00dferste Todesnot mein Herz und meinen Geist bedr\u00e4ngt,<br>und verleihe mir in diesem traurigen Kampfe zwischen Leben und Tod Kraft und Vertrauen auf Deine Barmherzigkeit!<br><br>Ich bitte Dich, o Herr, nicht um einen sanften Tod, nicht um leichte Schmerzen, nicht um eine gelinde Krankheit, alles dieses \u00fcberlasse ich Deiner Milde,<br>auf dass Du schaltest und anordnest, nicht was das Fleisch verlangt, sondern was der Nutzen und die Not meiner Seele erfordert.<br>Die Gnade, um die ich, o Herr, zu Dir flehe, ist, dass Du bei allem, was sich ereignen mag, mir Kraft und St\u00e4rke verleihest,<br>damit meine Seele nicht erliege sondern bis zum letzten Hauch des Lebens unbesiegt und un\u00fcberwindlich bleibe.<br>F\u00fchre mich von der Vereinigung, die ich in diesem Leben durch die Gnade mit Dir erlangte,<br>dereinst zu jener Vereinigung die Deine Heiligen mit Dir besitzen in der ewigen Glorie. Amen.<br>Q: Aus dem Heftchen, Die Heilige Stunde, Imprimatur 1949<\/p>\n","protected":false},"excerpt":{"rendered":"<p>O Jesus, Du Sohn des lebendigen Gottes, ich bitte Dich durch jene bitterste Todesangst, die Deine Seele im \u00d6lgarten so sehr bedr\u00e4ngte,durch jene schauerliche Beklommenheit und Betr\u00fcbnis, die Dein heiliges Fleisch durchdrang, als Du vor tiefem Schmerz ausriefest:\u201eMeine Seele ist &hellip; <a href=\"https:\/\/ecclesiae.de\/blog\/?page_id=10554\">Weiterlesen <span class=\"meta-nav\">&rarr;<\/span><\/a><\/p>\n","protected":false},"author":3,"featured_media":0,"parent":10545,"menu_order":0,"comment_status":"closed","ping_status":"closed","template":"","meta":{"footnotes":""},"class_list":["post-10554","page","type-page","status-publish","hentry"],"_links":{"self":[{"href":"https:\/\/ecclesiae.de\/blog\/index.php?rest_route=\/wp\/v2\/pages\/10554","targetHints":{"allow":["GET"]}}],"collection":[{"href":"https:\/\/ecclesiae.de\/blog\/index.php?rest_route=\/wp\/v2\/pages"}],"about":[{"href":"https:\/\/ecclesiae.de\/blog\/index.php?rest_route=\/wp\/v2\/types\/page"}],"author":[{"embeddable":true,"href":"https:\/\/ecclesiae.de\/blog\/index.php?rest_route=\/wp\/v2\/users\/3"}],"replies":[{"embeddable":true,"href":"https:\/\/ecclesiae.de\/blog\/index.php?rest_route=%2Fwp%2Fv2%2Fcomments&post=10554"}],"version-history":[{"count":1,"href":"https:\/\/ecclesiae.de\/blog\/index.php?rest_route=\/wp\/v2\/pages\/10554\/revisions"}],"predecessor-version":[{"id":10555,"href":"https:\/\/ecclesiae.de\/blog\/index.php?rest_route=\/wp\/v2\/pages\/10554\/revisions\/10555"}],"up":[{"embeddable":true,"href":"https:\/\/ecclesiae.de\/blog\/index.php?rest_route=\/wp\/v2\/pages\/10545"}],"wp:attachment":[{"href":"https:\/\/ecclesiae.de\/blog\/index.php?rest_route=%2Fwp%2Fv2%2Fmedia&parent=10554"}],"curies":[{"name":"wp","href":"https:\/\/api.w.org\/{rel}","templated":true}]}}