{"id":10575,"date":"2022-07-22T13:23:23","date_gmt":"2022-07-22T13:23:23","guid":{"rendered":"http:\/\/ecclesiae.de\/blog\/?page_id=10575"},"modified":"2022-07-22T13:23:23","modified_gmt":"2022-07-22T13:23:23","slug":"gebet-zum-allerheiligsten-herzen-jesu-christi","status":"publish","type":"page","link":"https:\/\/ecclesiae.de\/blog\/?page_id=10575","title":{"rendered":"Gebet zum allerheiligsten Herzen Jesu Christi"},"content":{"rendered":"\n<p><br>O anbetungsw\u00fcrdiges Herz meines Erl\u00f6sers Jesu Christi, ich bete Dich an mit aller Inbrunst, deren meine Seele f\u00e4hig ist.<br>Ich liebe Dich von ganzem Herzen, ich opfere Dir auf alle meine Gedanken, alle meine Worte und Werke nebst meinen inneren und \u00e4u\u00dferen Leiden.<br>M\u00f6gen solche, o reichste Gnadenquelle, zu Deiner Verherrlichung und zu meinem Heile gereichen! \u2013<br>O g\u00f6ttliches Herz Jesu, k\u00f6nnte ich Dir die n\u00e4mliche Anbetung, Liebe und Unterwerfung bezeigen, wie Du selbst sie Deinem himmlischen Vater bezeigt hast<br>und wie sie Dir t\u00e4glich die Engel im hochheiligen Sakramente des Altars \u2013 unter den Gestalten von Brot und Wein \u2013 erweisen.<br>Sei mein Verteidiger an jenem Tage, wo meine Fehler und S\u00fcnden \u00f6ffentlich bekannt werden, mein Besch\u00fctzer,<br>solange ich wandle in dieser Welt und mein Schutz in der Stunde meines Todes.<br>Um diese n\u00e4mlichen Gnaden bitte ich auch f\u00fcr meine Angeh\u00f6rigen, Verwandten, Freunde und Feinde, f\u00fcr meine Wohlt\u00e4ter und Glaubensgenossen,<br>f\u00fcr alle verstockten S\u00fcnder, f\u00fcr alle Armen, Leidenden und Betr\u00fcbten, f\u00fcr alle Kranken und Sterbenden, endlich f\u00fcr alle Menschen,<br>welche sich in diesem Jammertale befinden, damit der Wert Deines teuersten Blutes weder an diesen noch an mir verloren gehe,<br>sondern vielmehr uns allen zur Seligkeit gereiche.<br>Mache dieser Sch\u00e4tze auch teilhaftig alle jene verlassenen Seelen, welche Deine g\u00f6ttliche Heiligkeit noch nicht f\u00fcr rein genug befunden hat, in Deine Herrlichkeit einzugehen.<br>O g\u00f6ttliches Herz unseres Erl\u00f6sers, erh\u00f6re mein Gebet und verschm\u00e4he nicht das Flehen Deines Dieners (Deiner Dienerin)! Amen.<br><br><\/p>\n","protected":false},"excerpt":{"rendered":"<p>O anbetungsw\u00fcrdiges Herz meines Erl\u00f6sers Jesu Christi, ich bete Dich an mit aller Inbrunst, deren meine Seele f\u00e4hig ist.Ich liebe Dich von ganzem Herzen, ich opfere Dir auf alle meine Gedanken, alle meine Worte und Werke nebst meinen inneren und &hellip; <a href=\"https:\/\/ecclesiae.de\/blog\/?page_id=10575\">Weiterlesen <span class=\"meta-nav\">&rarr;<\/span><\/a><\/p>\n","protected":false},"author":3,"featured_media":0,"parent":10567,"menu_order":0,"comment_status":"closed","ping_status":"closed","template":"","meta":{"footnotes":""},"class_list":["post-10575","page","type-page","status-publish","hentry"],"_links":{"self":[{"href":"https:\/\/ecclesiae.de\/blog\/index.php?rest_route=\/wp\/v2\/pages\/10575","targetHints":{"allow":["GET"]}}],"collection":[{"href":"https:\/\/ecclesiae.de\/blog\/index.php?rest_route=\/wp\/v2\/pages"}],"about":[{"href":"https:\/\/ecclesiae.de\/blog\/index.php?rest_route=\/wp\/v2\/types\/page"}],"author":[{"embeddable":true,"href":"https:\/\/ecclesiae.de\/blog\/index.php?rest_route=\/wp\/v2\/users\/3"}],"replies":[{"embeddable":true,"href":"https:\/\/ecclesiae.de\/blog\/index.php?rest_route=%2Fwp%2Fv2%2Fcomments&post=10575"}],"version-history":[{"count":1,"href":"https:\/\/ecclesiae.de\/blog\/index.php?rest_route=\/wp\/v2\/pages\/10575\/revisions"}],"predecessor-version":[{"id":10576,"href":"https:\/\/ecclesiae.de\/blog\/index.php?rest_route=\/wp\/v2\/pages\/10575\/revisions\/10576"}],"up":[{"embeddable":true,"href":"https:\/\/ecclesiae.de\/blog\/index.php?rest_route=\/wp\/v2\/pages\/10567"}],"wp:attachment":[{"href":"https:\/\/ecclesiae.de\/blog\/index.php?rest_route=%2Fwp%2Fv2%2Fmedia&parent=10575"}],"curies":[{"name":"wp","href":"https:\/\/api.w.org\/{rel}","templated":true}]}}