{"id":10609,"date":"2022-07-22T14:47:38","date_gmt":"2022-07-22T14:47:38","guid":{"rendered":"http:\/\/ecclesiae.de\/blog\/?page_id=10609"},"modified":"2022-07-22T14:47:38","modified_gmt":"2022-07-22T14:47:38","slug":"zur-mutter-von-der-immerwaehrenden-hilfe","status":"publish","type":"page","link":"https:\/\/ecclesiae.de\/blog\/?page_id=10609","title":{"rendered":"Zur Mutter von der immerw\u00e4hrenden Hilfe"},"content":{"rendered":"\n<p>Mutter von der Immerw\u00e4hrenden Hilfe, wir sehen uns heute vielen Schwierigkeiten gegen\u00fcber.<br>Dein Bild erz\u00e4hlt uns so viel \u00fcber dich.<br>Es erinnert uns daran, die Hand auszustrecken und Menschen in Not zu helfen.<br>Hilf uns zu verstehen, dass unser Leben den anderen geh\u00f6rt &#8211; genau so, wie es uns selber geh\u00f6rt.<br>Maria, du Vorbild der christlichen Liebe, wir wissen, dass wir nicht jedes \u00dcbel beseitigen oder jedes Problem l\u00f6sen k\u00f6nnen,<br>aber mit der Gnade Gottes wollen wir tun, was in unserer Macht steht.<br>M\u00f6gen wir in der Welt aufrichtige Zeugen daf\u00fcr sein, dass es wirklich auf die Liebe zueinander ankommt.<br>M\u00f6gen unsere t\u00e4glichen Handlungen ein Beweis daf\u00fcr sein, wie sehr unser Leben deinem Leben nachgebildet ist,<br>Mutter von der Immerw\u00e4hrenden Hilfe. Auszug aus der Novene<\/p>\n","protected":false},"excerpt":{"rendered":"<p>Mutter von der Immerw\u00e4hrenden Hilfe, wir sehen uns heute vielen Schwierigkeiten gegen\u00fcber.Dein Bild erz\u00e4hlt uns so viel \u00fcber dich.Es erinnert uns daran, die Hand auszustrecken und Menschen in Not zu helfen.Hilf uns zu verstehen, dass unser Leben den anderen geh\u00f6rt &hellip; <a href=\"https:\/\/ecclesiae.de\/blog\/?page_id=10609\">Weiterlesen <span class=\"meta-nav\">&rarr;<\/span><\/a><\/p>\n","protected":false},"author":3,"featured_media":0,"parent":10583,"menu_order":0,"comment_status":"closed","ping_status":"closed","template":"","meta":{"footnotes":""},"class_list":["post-10609","page","type-page","status-publish","hentry"],"_links":{"self":[{"href":"https:\/\/ecclesiae.de\/blog\/index.php?rest_route=\/wp\/v2\/pages\/10609","targetHints":{"allow":["GET"]}}],"collection":[{"href":"https:\/\/ecclesiae.de\/blog\/index.php?rest_route=\/wp\/v2\/pages"}],"about":[{"href":"https:\/\/ecclesiae.de\/blog\/index.php?rest_route=\/wp\/v2\/types\/page"}],"author":[{"embeddable":true,"href":"https:\/\/ecclesiae.de\/blog\/index.php?rest_route=\/wp\/v2\/users\/3"}],"replies":[{"embeddable":true,"href":"https:\/\/ecclesiae.de\/blog\/index.php?rest_route=%2Fwp%2Fv2%2Fcomments&post=10609"}],"version-history":[{"count":1,"href":"https:\/\/ecclesiae.de\/blog\/index.php?rest_route=\/wp\/v2\/pages\/10609\/revisions"}],"predecessor-version":[{"id":10610,"href":"https:\/\/ecclesiae.de\/blog\/index.php?rest_route=\/wp\/v2\/pages\/10609\/revisions\/10610"}],"up":[{"embeddable":true,"href":"https:\/\/ecclesiae.de\/blog\/index.php?rest_route=\/wp\/v2\/pages\/10583"}],"wp:attachment":[{"href":"https:\/\/ecclesiae.de\/blog\/index.php?rest_route=%2Fwp%2Fv2%2Fmedia&parent=10609"}],"curies":[{"name":"wp","href":"https:\/\/api.w.org\/{rel}","templated":true}]}}