{"id":10684,"date":"2022-07-23T12:44:53","date_gmt":"2022-07-23T12:44:53","guid":{"rendered":"http:\/\/ecclesiae.de\/blog\/?page_id=10684"},"modified":"2022-07-23T12:44:53","modified_gmt":"2022-07-23T12:44:53","slug":"rosenkranz-zu-ehren-des-heiligen-antlitzes","status":"publish","type":"page","link":"https:\/\/ecclesiae.de\/blog\/?page_id=10684","title":{"rendered":"Rosenkranz zu Ehren des heiligen Antlitzes"},"content":{"rendered":"\n<p>Herr Jesus Christus, durch ein aussergew\u00f6hnliches Wunder hast Du uns auf dem Heiligen Leichentuch das vollst\u00e4ndige Abbild Deines Heiligen Leibes zur\u00fcckgelassen; Deines Heiligen Leibes, der f\u00fcr unser Heil gemartert und gekreuzigt wurde. Ebenso Hinterliessest Du uns das Abbild Deines g\u00f6ttlichen Antlitzes mit den Spuren der Schl\u00e4ge und Wunden, welche die Henker Dir beigebracht. Durch die Verdienste, welche Dir diese grausamen Leiden erworben haben, m\u00f6gest Du uns die Gnade verleihen, auf Erden dieses Heilige Antlitz liebevoll zu verehren, dieses Heilige Antlitz, vor dem selbst die Engel sich verneigen. Auch m\u00f6gest Du uns die Gnade verleihen, dieses Heilige Antlitz einst im Himmel ewig anzuschauen. Amen.<br><br><strong>Rosenkranz zu Ehren des Heiligen Antlitzes!<\/strong><br>(Am grossen Rosenkranz zu beten)<br><br><strong>Zu Anfang betet man statt des Glaubensbekenntnises:<\/strong><br><br>Heiliges Antlitz, wir rufen zu dir solange, bis du uns erh\u00f6rst, ganz wunderbar kannst du uns helfen! Heiliger Gott, Heiliger starker Gott, Heiliger unsterblicher Gott, erbarme dich unser und der ganzen Welt! Herr, zeige uns dein Antlitz und wir werden gerettet werden!<br><br><strong>Zu den grossen Perlen betet man statt des Vaterunser:<\/strong><br><br>Himmlischer Vater, wir opfern dir dem\u00fctig und inst\u00e4ndig die unendlichen Verdienste und Schmerzen des Hl. Antlitzes, sein kostbares Blut, all seine Wunden und Tr\u00e4nen &#8211; zu deiner gr\u00f6sseren Ehre und zur Hilfe in unserer tiefsten Not!<br><br><strong>Bei den kleinen Perlen betet man statt des Ave:<\/strong><br><br>Beim 1. Ges\u00e4tz: Hl. Antlitz von Wunden bedeckt &#8211;<br>\u00a0 \u00a0 \u00a0 \u00a0 \u00a0 \u00a0 \u00a0 \u00a0 \u00a0 \u00a0 \u00a0 \u00a0 \u00a0 &#8211; erbarme dich unser, wir rufen zu dir!<br><br>Beim 2. Ges\u00e4tz: Hl. Antlitz von Blut \u00fcberronnen &#8211;<br>\u00a0 \u00a0 \u00a0 \u00a0 \u00a0 \u00a0 \u00a0 \u00a0 \u00a0 \u00a0 \u00a0 \u00a0 \u00a0 &#8211; erbarme dich unser, wir rufen zu dir!<br><br>Beim 3. Ges\u00e4tz: Hl. Antlitz in unendlicher Liebe, bittere Tr\u00e4nen vergiessend &#8211;<br>\u00a0 \u00a0 \u00a0 \u00a0 \u00a0 \u00a0 \u00a0 \u00a0 \u00a0 \u00a0 \u00a0 \u00a0 \u00a0 \u00a0&#8211; erbarme dich unser, wir rufen zu dir!<br><br>Beim 4. Ges\u00e4tz: Hl. Antlitz mit Hohn und Schmach bedeckt &#8211;<br>\u00a0 \u00a0 \u00a0 \u00a0 \u00a0 \u00a0 \u00a0 \u00a0 \u00a0 \u00a0 \u00a0 \u00a0 \u00a0 \u00a0 &#8211; erbarme dich unser, wir rufen zu dir!<br><br>Beim 5. Ges\u00e4tz: Hl. Antlitz, schweigend die furchtbarsten Schmerzen erduldet &#8211;<br>\u00a0 \u00a0 \u00a0 \u00a0 \u00a0 \u00a0 \u00a0 \u00a0 \u00a0 \u00a0 \u00a0 \u00a0 \u00a0 \u00a0 \u00a0&#8211; erbarme dich unser, wir rufen zu dir!<br><br><strong>Zum Schluss:<\/strong><br>Lasst uns anbeten das Hl. Antlitz unseres Herrn Jesus Christus, des Erl\u00f6sers! Unermesslich an Verdiensten und \u00fcberreich an Erbarmen f\u00fcr alle, welche es anrufen! Es verleihe uns die Nachlassung unserer S\u00fcnden, die Besserung unseres Lebens und die Erf\u00fcllung unserer gerechten W\u00fcnsche. Lasst es uns tr\u00f6sten, durch die Lauterkeit unseres Wandels, durch die Unerschrockenheit unseres Glaubens und durch die Innigkeit unserer Liebe. Amen.<br>Ewiger Vater, wir verehren das Hl. Antlitz deines vielgeliebten Sohnes, und sein siebenmal bitteres Weinen, und flehen dem\u00fctig zu dir: du wollest uns, um seiner blutigen, unendlich verdienstvollen Tr\u00e4nen willen, die wir dir darbringen, deine Gnade und dein Erbarmen schenken!<br>O Jesus, wegen deiner unendlichen Liebe, die f\u00fcr uns so bittere Tr\u00e4nen geweint hat, flehen wir zu dir von ganzem Herzen: Gib, dass wir dein liebevolles Herz tr\u00f6sten d\u00fcrfen, und deine Tr\u00e4nen als kostbarer Gnadentau auf unsere Seelen fallen, dass wir dein Weinen nicht vergessen, unsere Seelen rein bewahren vor aller S\u00fcnde, und so dir nicht neue Tr\u00e4nen verursachen. Wir vereinigen damit die Tr\u00e4nen des zart empfindenden Herzens Mariens, als sie unter dem Kreuze ihres vielgeliebten einzigen Sohnes stand, und ein siebenfaches Schmerzensschwert sie durchbohrte.<br><br><strong>Hymne an das Heilige Antlitz<\/strong><br>von M. Dupont<br><br>Hochgelobt sei Jesus!<br>Hochgelobt sei das Heilige Antlitz Jesu!<br>Hochgelobt sei das Heilige Antlitz in der Majest\u00e4tischen Sch\u00f6nheit seiner himmlischen Z\u00fcge!<br>Hochgelobt sei das Heilige Antlitz in allen Worten, die seinem g\u00f6ttlichen Mund entstr\u00f6mten!<br>Hochgelobt sei das Heilige Antlitz in allen Blicken seiner anbetungsw\u00fcrdigen Augen!<br>Hochgelobt sei das Heilige Antlitz in der Verkl\u00e4rung am Berge Tabor!<br>Hochgelobt sei das Heilige Antlitz, ersch\u00f6pft von den M\u00fchen des Apostolats!<br>Hochgelobt sei das Heilige Antlitz in dem blutgewordenen Schweiss der Agonie!<br>Hochgelobt sei das Heilige Antlitz in den Dem\u00fctigungen der Passion!<br>Hochgelobt sei das Heilige Antlitz in den Schmerzen des Todes!<br>Hochgelobt sei das Heilige Antlitz in dem Glanz der Auferstehung!<br>Hochgelobt sei das Heilige Antlitz in dem leuchtenden Schein des ewigen Lichtes!<br><br><strong>3.9.70. Der Hl. Papst Pius X. Der 1. und 2. Weltkrieg w\u00e4re nicht gekommen, h\u00e4tte man die Andacht zum Hl. Antlitz Jesu befolgt. Als letztes Mittel um den 3. Weltkrieg zu verhindern, der vor der T\u00fcre steht, sollte man den Rosenkranz zum Hl. Antlitz Jesu beten und das Bild verehren.<\/strong><\/p>\n","protected":false},"excerpt":{"rendered":"<p>Herr Jesus Christus, durch ein aussergew\u00f6hnliches Wunder hast Du uns auf dem Heiligen Leichentuch das vollst\u00e4ndige Abbild Deines Heiligen Leibes zur\u00fcckgelassen; Deines Heiligen Leibes, der f\u00fcr unser Heil gemartert und gekreuzigt wurde. Ebenso Hinterliessest Du uns das Abbild Deines g\u00f6ttlichen &hellip; <a href=\"https:\/\/ecclesiae.de\/blog\/?page_id=10684\">Weiterlesen <span class=\"meta-nav\">&rarr;<\/span><\/a><\/p>\n","protected":false},"author":3,"featured_media":0,"parent":10364,"menu_order":0,"comment_status":"closed","ping_status":"closed","template":"","meta":{"footnotes":""},"class_list":["post-10684","page","type-page","status-publish","hentry"],"_links":{"self":[{"href":"https:\/\/ecclesiae.de\/blog\/index.php?rest_route=\/wp\/v2\/pages\/10684","targetHints":{"allow":["GET"]}}],"collection":[{"href":"https:\/\/ecclesiae.de\/blog\/index.php?rest_route=\/wp\/v2\/pages"}],"about":[{"href":"https:\/\/ecclesiae.de\/blog\/index.php?rest_route=\/wp\/v2\/types\/page"}],"author":[{"embeddable":true,"href":"https:\/\/ecclesiae.de\/blog\/index.php?rest_route=\/wp\/v2\/users\/3"}],"replies":[{"embeddable":true,"href":"https:\/\/ecclesiae.de\/blog\/index.php?rest_route=%2Fwp%2Fv2%2Fcomments&post=10684"}],"version-history":[{"count":1,"href":"https:\/\/ecclesiae.de\/blog\/index.php?rest_route=\/wp\/v2\/pages\/10684\/revisions"}],"predecessor-version":[{"id":10685,"href":"https:\/\/ecclesiae.de\/blog\/index.php?rest_route=\/wp\/v2\/pages\/10684\/revisions\/10685"}],"up":[{"embeddable":true,"href":"https:\/\/ecclesiae.de\/blog\/index.php?rest_route=\/wp\/v2\/pages\/10364"}],"wp:attachment":[{"href":"https:\/\/ecclesiae.de\/blog\/index.php?rest_route=%2Fwp%2Fv2%2Fmedia&parent=10684"}],"curies":[{"name":"wp","href":"https:\/\/api.w.org\/{rel}","templated":true}]}}