{"id":10709,"date":"2023-03-27T00:20:00","date_gmt":"2023-03-27T00:20:00","guid":{"rendered":"http:\/\/ecclesiae.de\/blog\/?page_id=10709"},"modified":"2023-01-16T14:48:12","modified_gmt":"2023-01-16T14:48:12","slug":"kreuzweg-fuer-kinder","status":"publish","type":"page","link":"https:\/\/ecclesiae.de\/blog\/?page_id=10709","title":{"rendered":"Kreuzweg f\u00fcr Kinder"},"content":{"rendered":"\n<p>Vorbemerkung:<\/p>\n\n\n\n<p>Wir befinden &nbsp;uns in der Fastenzeit. Die Fastenzeit &nbsp;will uns aufrufen, ruhig zu werden. Wir wollen uns auf Ostern vorbereiten. Dazu ist es notwendig, dass wir von uns absehen und nur noch auf das Wesentliche schauen. Was ist das Wesentliche in meinem Leben und im Leben eines jeden Menschen?<\/p>\n\n\n\n<p>Es ist der Tod und die Auferstehung Jesu.<\/p>\n\n\n\n<p>Ohne Tod keine Auferstehung.<\/p>\n\n\n\n<p>Ohne Kreuz kein Paradies.<\/p>\n\n\n\n<p>Wenn wir uns mit dem Leidensweg Jesu auseinandersetzen und ihn wirklich betrachten, dann k\u00f6nnen wir viele Situationen in unserem Leben besser verstehen und bekommen einen anderen Blickwinkel. Eine Hilfe dazu ist der Kreuzweg. Wenn du es nicht schaffst, an einem Tag den ganzen Kreuzweg zu beten, dann verzage nicht. Mach einfach eine Station, oder mehrere und setze dann am n\u00e4chsten Tag fort. Du wirst sehen, je \u00f6fter du den Kreuzweg betrachtest, desto mehr Freude wirst du bekommen.<\/p>\n\n\n\n<p>Wir bereiten uns vor:<\/p>\n\n\n\n<p>Jesus, wir betrachten nun deinen Leidensweg. Alles, was uns schwer f\u00e4llt, schenken wir dir. Wir wollen ganz bei dir sein und daran denken, was du f\u00fcr uns getan hast.<\/p>\n\n\n\n<p>Alles schenken wir dir: unsere Familien, unsere Freunde, aber auch die Menschen, die uns nicht so lieb sind, denn auch f\u00fcr sie bist du am Kreuz gestorben. Wir geben dir alles ab. La\u00df uns mit Maria, unserer himmlischen Mama am Fu\u00dfe des Kreuzes stehen, so dass du durch uns getr\u00f6stet wirst. So beginnen wir nun:<\/p>\n\n\n\n<p>Im Namen des Vaters, und des Sohnes und des Heiligen Geistes. Amen.<\/p>\n\n\n\n<p><strong>1. Station: Jesus wird zum Tode verurteilt<\/strong><\/p>\n\n\n\n<p>&nbsp; &nbsp; &nbsp; &nbsp; &nbsp; &nbsp; &nbsp; &nbsp; &nbsp; &nbsp; &nbsp; &nbsp;Wir beten dich an Herr Jesus Christus und preisen dich,<\/p>\n\n\n\n<p>&nbsp; &nbsp; &nbsp; &nbsp; &nbsp; &nbsp; &nbsp; &nbsp; &nbsp; &nbsp; &nbsp; &nbsp; denn durch dein heiliges Kreuz hast du die Welt erl\u00f6st.<\/p>\n\n\n\n<p>Jesus, im \u00d6lgarten beginnt dein Leidensweg. Du wirst gefangengenommen, gegei\u00dfelt, mit Dornen gekr\u00f6nt und dann vor Pilatus gebracht. Pilatus versuchte, dich frei zu lassen. Aber das Volk bedrohte ihn und schlie\u00dflich gab er nach, um vor dem Kaiser gut da zu stehen. Wie ist das bei uns. Wie gehen wir damit um, wenn wir sehen, dass jemand nicht richtig behandelt wird? Reden wir dann auch B\u00f6ses \u00fcber diese Person? Oder verteidigen wir die Person und helfen ihr, auch wenn wir dann verspottet werden?<\/p>\n\n\n\n<p>&nbsp; &nbsp; &nbsp; &nbsp; &nbsp; &nbsp; &nbsp; &nbsp; &nbsp; &nbsp; &nbsp; &nbsp; &nbsp; &nbsp; Gekreuzigter Herr Jesus Christus &#8211; erbarme dich \u00fcber uns und \u00fcber die ganze Welt.<\/p>\n\n\n\n<p><strong>2. Station: Jesus nimmt das schwere Kreuz auf seine Schulter<\/strong><br>&nbsp; &nbsp; &nbsp; &nbsp; &nbsp; &nbsp; &nbsp; &nbsp; &nbsp; &nbsp; &nbsp; &nbsp; &nbsp; &nbsp;Wir beten dich an Herr Jesus Christus und preisen dich,<\/p>\n\n\n\n<p>&nbsp; &nbsp; &nbsp; &nbsp; &nbsp; &nbsp; &nbsp; &nbsp; &nbsp; &nbsp; &nbsp; &nbsp; &nbsp; &nbsp;denn durch dein heiliges Kreuz hast du die Welt erl\u00f6st.<\/p>\n\n\n\n<p>Jesus, dir wurde das Kreuz, das schwere Kreuz, auf die Schulter gelegt. Ja, es war sehr schwer. Du hast es f\u00fcr uns getragen. Aus Liebe zu uns. Du hast nicht an deine Schmerzen gedacht. Du hast auch damals schon an uns gedacht. An jeden von uns. Und es hat dir weh getan, dass wir so oft nichts von dir wissen wollen. Aber gleichzeitig hast du unseren guten Willen gesehen. Wir danken dir, dass du die Schmerzen auf dich genommen hast, um uns den Himmel zu \u00f6ffnen. Auch wir wollen unser Kreuz freudig annehmen ohne zu Klagen. Unser Kreuz besteht manchmal aus Schmerzen oder manchmal ist es auch ein Kreuz, wenn nicht alles so klappt, wie wir es uns vorstellen. Lass uns dann nicht verzagen, sondern unser Kreuz immer mit dem deinen vereinen, weil du doch unser Kreuz schon mitgetragen hast auf Golgata.<\/p>\n\n\n\n<p>&nbsp; &nbsp; &nbsp; &nbsp; &nbsp; &nbsp; &nbsp; &nbsp; &nbsp; &nbsp; &nbsp; &nbsp; &nbsp; &nbsp;Gekreuzigter Herr Jesus Christus,<\/p>\n\n\n\n<p>&nbsp; &nbsp; &nbsp; &nbsp; &nbsp; &nbsp; &nbsp; &nbsp; &nbsp; &nbsp; &nbsp; &nbsp; &nbsp; &nbsp;erbarme dich \u00fcber uns und \u00fcber die ganze Welt.<\/p>\n\n\n\n<p><strong>3. Station: Jesus f\u00e4llt zum ersten Mal unter dem Kreuz<\/strong><\/p>\n\n\n\n<p>&nbsp; &nbsp; &nbsp; &nbsp; &nbsp; &nbsp; &nbsp; &nbsp; &nbsp; &nbsp; &nbsp; &nbsp; &nbsp; &nbsp;Wir beten dich an Herr Jesus Christus und preisen dich,<\/p>\n\n\n\n<p>&nbsp; &nbsp; &nbsp; &nbsp; &nbsp; &nbsp; &nbsp; &nbsp; &nbsp; &nbsp; &nbsp; &nbsp; &nbsp; &nbsp; denn durch dein heiliges Kreuz hast du die Welt erl\u00f6st.<\/p>\n\n\n\n<p>Jesus, deine Kr\u00e4fte verlassen dich. Du f\u00e4llst zum ersten Mal unter dem Kreuz. Aber du stehst wieder auf, um deinen Auftrag zu erf\u00fcllen.<\/p>\n\n\n\n<p>Wie ist das bei uns. Manchmal sind wir auch soweit, dass wir sagen: &#8222;Ich kann nicht mehr.&#8220; Werden wir dann mutlos und verzagen wir dann? Bleiben wir am Boden liegen? Wir sollten auch immer wieder aufstehen. Am leichtesten ist das, indem wir dann still werden. Wir ziehen uns zur\u00fcck und besprechen alles mit Jesus. Er versteht uns dann am besten. Aus dieser Stille k\u00f6nnen wir dann wieder aufgetankt, mit neuer Kraft ans Tagewerk gehen. Jesus gibt uns dann die Kraft.<\/p>\n\n\n\n<p>&nbsp; &nbsp; &nbsp; &nbsp; &nbsp; &nbsp; &nbsp; &nbsp; &nbsp; &nbsp; &nbsp; &nbsp; &nbsp; &nbsp;Gekreuzigter Herr Jesus Christus,<\/p>\n\n\n\n<p>&nbsp; &nbsp; &nbsp; &nbsp; &nbsp; &nbsp; &nbsp; &nbsp; &nbsp; &nbsp; &nbsp; &nbsp; &nbsp; &nbsp;erbarme dich \u00fcber uns und \u00fcber die ganze Welt.<\/p>\n\n\n\n<p><strong>4. Station: Jesus begegnet seiner Mutter<\/strong><\/p>\n\n\n\n<p>&nbsp; &nbsp; &nbsp; &nbsp; &nbsp; &nbsp; &nbsp; &nbsp; &nbsp; &nbsp; &nbsp; &nbsp;Wir beten dich an Herr Jesus Christus und preisen dich,<\/p>\n\n\n\n<p>&nbsp; &nbsp; &nbsp; &nbsp; &nbsp; &nbsp; &nbsp; &nbsp; &nbsp; &nbsp; &nbsp; &nbsp;denn durch dein heiliges Kreuz hast du die Welt erl\u00f6st.<\/p>\n\n\n\n<p>Jesus, du begegnest deiner Mutter. Sie f\u00fchlt mit dir den Schmerz. Ihr schaut euch an und du sp\u00fcrst ihre Liebe. Jesus du hast auch uns eine Mutter geschenkt. Diese sorgt f\u00fcr uns und liebt uns. Nehmen wir diese Liebe auch wirklich an. Oder ist es f\u00fcr uns selbstverst\u00e4ndlich, dass unsere Mutter alles f\u00fcr uns macht? Seien wir immer dankbar f\u00fcr all die Liebe, die uns entgegengebracht wird. Denken wir aber auch an die Menschen, die hier auf Erden keine Mutterliebe erfahren. Schenke du ihnen auch die Tr\u00f6stung deiner himmlischen Mutter, damit sie sich geliebt und angenommen f\u00fchlen.<\/p>\n\n\n\n<p>&nbsp; &nbsp; &nbsp; &nbsp; &nbsp; &nbsp; &nbsp; &nbsp; &nbsp; &nbsp; &nbsp; &nbsp;Gekreuzigter Herr Jesus Christus,<\/p>\n\n\n\n<p>&nbsp; &nbsp; &nbsp; &nbsp; &nbsp; &nbsp; &nbsp; &nbsp; &nbsp; &nbsp; &nbsp; &nbsp;erbarme dich \u00fcber uns und \u00fcber die ganze Welt.<\/p>\n\n\n\n<p><strong>5. Station: Simon von Zyrene hilft Jesus das Kreuz tragen<\/strong><\/p>\n\n\n\n<p>&nbsp; &nbsp; &nbsp; &nbsp; &nbsp; &nbsp; &nbsp; &nbsp; &nbsp; &nbsp; &nbsp; &nbsp;Wir beten dich an Herr Jesus Christus und preisen dich,<\/p>\n\n\n\n<p>&nbsp; &nbsp; &nbsp; &nbsp; &nbsp; &nbsp; &nbsp; &nbsp; &nbsp; &nbsp; &nbsp; &nbsp;denn durch dein heiliges Kreuz hast du die Welt erl\u00f6st.<\/p>\n\n\n\n<p>Jesus, da kommt ein Mann von der Arbeit. Der Soldat zwingt ihn, dir das Kreuz tragen zu helfen. Auch wir k\u00f6nnen einander helfen, unser Kreuz zu tragen. Wir sehen jemanden, der Hilfe ben\u00f6tigt und bieten ihm unsere Hilfe an. Wir bem\u00fchen uns zu unseren Mitmenschen freundlich zu sein, auch wenn diese gerade m\u00fcrrisch sind. So kann ihnen geholfen werden, wieder in die Freude zur\u00fcck zu finden. Es gibt viele Situationen in unserem Leben, in denen wir helfen k\u00f6nnen Kreuze zu tragen. Jesus, wir bitten dich, lass uns erkennen wo unsere Hilfe n\u00f6tig ist und diese dann freudig anbieten, auch wenn wir eigentlich gar nicht wollen.<\/p>\n\n\n\n<p>&nbsp; &nbsp; &nbsp; &nbsp; &nbsp; &nbsp; &nbsp; &nbsp; &nbsp; &nbsp; &nbsp; &nbsp;Gekreuzigter Herr Jesus Christus,<\/p>\n\n\n\n<p>&nbsp; &nbsp; &nbsp; &nbsp; &nbsp; &nbsp; &nbsp; &nbsp; &nbsp; &nbsp; &nbsp; &nbsp;erbarme dich \u00fcber uns und \u00fcber die ganze Welt.<\/p>\n\n\n\n<p><strong>6. Station: Veronika reicht Jesus das Schwei\u00dftuch<\/strong><\/p>\n\n\n\n<p>&nbsp; &nbsp; &nbsp; &nbsp; &nbsp; &nbsp; &nbsp; &nbsp; &nbsp; &nbsp; &nbsp; &nbsp; &nbsp; &nbsp;Wir beten dich an Herr Jesus Christus und preisen dich,<\/p>\n\n\n\n<p>&nbsp; &nbsp; &nbsp; &nbsp; &nbsp; &nbsp; &nbsp; &nbsp; &nbsp; &nbsp; &nbsp; &nbsp; &nbsp; &nbsp; denn durch dein heiliges Kreuz hast du die Welt erl\u00f6st.<\/p>\n\n\n\n<p>Jesus du gehst durch die Menge. Alle verlachen und verspotten dich. Doch dann steht eine mutige Frau vor dir. Sie hat keine Angst vor den Menschen. Sie hat Mitleid mit dir und reicht dir ein Schwei\u00dftuch, &nbsp;damit trocknet damit dein Gesicht. Und du belohnst sie daf\u00fcr so sehr, indem du dein Antlitz in ihrem Tuch sichtbar werden l\u00e4sst.<\/p>\n\n\n\n<p>La\u00df uns auch wie Veronika nicht an die Not unserer Mitmenschen vor\u00fcbergehen. Schenke uns die Kraft in allen Situationen Zeugen deiner Liebe zu sein. Aber wie k\u00f6nnen wir diese Liebe zeigen? Ganz einfach, indem wir unsere Hilfe anbieten, anderen zuh\u00f6ren, sie tr\u00f6sten, wenn sie Trost ben\u00f6tigen, f\u00fcr sie und mit ihnen beten&#8230;.<\/p>\n\n\n\n<p>&nbsp; &nbsp; &nbsp; &nbsp; &nbsp; &nbsp; &nbsp; &nbsp; &nbsp; &nbsp; &nbsp; &nbsp; &nbsp; &nbsp;Gekreuzigter Herr Jesus Christus,<\/p>\n\n\n\n<p>&nbsp; &nbsp; &nbsp; &nbsp; &nbsp; &nbsp; &nbsp; &nbsp; &nbsp; &nbsp; &nbsp; &nbsp; &nbsp; &nbsp;erbarme dich \u00fcber uns und \u00fcber die ganze Welt.<\/p>\n\n\n\n<p><strong>7. Station: Jesus f\u00e4llt zum zweiten Mal unter dem Kreuz<\/strong><\/p>\n\n\n\n<p>&nbsp; &nbsp; &nbsp; &nbsp; &nbsp; &nbsp; &nbsp; &nbsp; &nbsp; &nbsp; &nbsp; &nbsp; &nbsp; &nbsp;Wir beten dich an Herr Jesus Christus und preisen dich,<\/p>\n\n\n\n<p>&nbsp; &nbsp; &nbsp; &nbsp; &nbsp; &nbsp; &nbsp; &nbsp; &nbsp; &nbsp; &nbsp; &nbsp; &nbsp; &nbsp;denn durch dein heiliges Kreuz hast du die Welt erl\u00f6st.<\/p>\n\n\n\n<p>Jesus das Kreuz ist zu schwer f\u00fcr dich. Zum zweiten Mal f\u00e4llst du unter dem Kreuz. Dein Schmerz ist furchtbar.<\/p>\n\n\n\n<p>Wie oft fallen wir. Wir lassen uns immer wieder auf unsere negativen Gedanken ein und haften an diesen fest. Wie gehen wir damit um? Bleiben wir dann liegen und versuchen wir nicht mehr auf zu stehen? Oder rufen wir den Himmel um Hilfe an, damit wir himmlische Hilfe erfahren k\u00f6nnen und wieder Mut haben, weiter zu gehen?<\/p>\n\n\n\n<p>&nbsp; &nbsp; &nbsp; &nbsp; &nbsp; &nbsp; &nbsp; &nbsp; &nbsp; &nbsp; &nbsp; &nbsp; &nbsp; &nbsp; &nbsp; &nbsp;Gekreuzigter Herr Jesus Christus,<\/p>\n\n\n\n<p>&nbsp; &nbsp; &nbsp; &nbsp; &nbsp; &nbsp; &nbsp; &nbsp; &nbsp; &nbsp; &nbsp; &nbsp; &nbsp; &nbsp; &nbsp; &nbsp;erbarme dich \u00fcber uns und \u00fcber die ganze Welt.<\/p>\n\n\n\n<p><strong>8. Station: Jesus begegnet den weinenden Frauen<\/strong><\/p>\n\n\n\n<p>&nbsp; &nbsp; &nbsp; &nbsp; &nbsp; &nbsp; &nbsp; &nbsp; &nbsp; &nbsp; &nbsp; &nbsp; &nbsp; &nbsp; &nbsp; &nbsp;Wir beten dich an Herr Jesus Christus und preisen dich,<\/p>\n\n\n\n<p>&nbsp; &nbsp; &nbsp; &nbsp; &nbsp; &nbsp; &nbsp; &nbsp; &nbsp; &nbsp; &nbsp; &nbsp; &nbsp; &nbsp; &nbsp; &nbsp;denn durch dein heiliges Kreuz hast du die Welt erl\u00f6st.<\/p>\n\n\n\n<p>Jesus auf deinem Weg begegnen dir Frauen. Sie haben Mitleid mit dir und weinen. Anstatt auf dich zu schauen, bleibst du stehen, siehst sie an und sagst ihnen: &#8222;Weinet nicht \u00fcber mich, weinet vielmehr \u00fcber euch und eure Kinder.&#8220;<\/p>\n\n\n\n<p>So sprichst du auch zu uns. Du wartest ja nur darauf, dass wir alles, was nicht gut ist, bereuen und dir bringen. Du hast es schon bereinigt durch dein Kreuzesopfer. Bringen wir den Mut auf, mit zerknirschtem Herzen immer wieder unsere S\u00fcnden zu bereuen und uns in der heiligen Beichte wieder reinwaschen zu lassen, damit dein Blut f\u00fcr uns nicht umsonst vergossen wurde.<\/p>\n\n\n\n<p>&nbsp; &nbsp; &nbsp; &nbsp; &nbsp; &nbsp; &nbsp; &nbsp; &nbsp; &nbsp; &nbsp; &nbsp; &nbsp; &nbsp; &nbsp; &nbsp;Gekreuzigter Herr Jesus Christus,<\/p>\n\n\n\n<p>&nbsp; &nbsp; &nbsp; &nbsp; &nbsp; &nbsp; &nbsp; &nbsp; &nbsp; &nbsp; &nbsp; &nbsp; &nbsp; &nbsp; &nbsp; &nbsp;erbarme dich \u00fcber uns und \u00fcber die ganze Welt.<\/p>\n\n\n\n<p><strong>9. Station: Jesus f\u00e4llt zum dritten Mal unter dem Kreuz<\/strong><\/p>\n\n\n\n<p>&nbsp; &nbsp; &nbsp; &nbsp; &nbsp; &nbsp; &nbsp; &nbsp; &nbsp; &nbsp; &nbsp; &nbsp; &nbsp; &nbsp; &nbsp; &nbsp;Wir beten dich an Herr Jesus Christus und preisen dich,<\/p>\n\n\n\n<p>&nbsp; &nbsp; &nbsp; &nbsp; &nbsp; &nbsp; &nbsp; &nbsp; &nbsp; &nbsp; &nbsp; &nbsp; &nbsp; &nbsp; &nbsp; &nbsp;denn durch dein heiliges Kreuz hast du die Welt erl\u00f6st.<\/p>\n\n\n\n<p>Jesus, dein Kreuz ist zu schwer f\u00fcr dich. Du f\u00e4llst zum dritten Mal unter dem Kreuz. Aber du stehst mit letzter Kraft wieder auf, um dein Kreuz zu tragen.<\/p>\n\n\n\n<p>Manchmal f\u00fchlen wir uns auch am Ende. Unsere Kr\u00e4fte versagen. Wir wissen nicht, wie es weitergehen soll. Wir sind mutlos. Wir haben aber trotzdem die Gewissheit, dass wir unseren Weg nicht alleine gehen m\u00fcssen,. Wir wissen uns an deiner Hand geborgen. Gib uns auch in f\u00fcr uns ausweglose Situationen immer wieder die Glaubenskraft an deine Liebe. Lass uns nicht aus deiner Liebe fallen.<\/p>\n\n\n\n<p>&nbsp; &nbsp; &nbsp; &nbsp; &nbsp; &nbsp; &nbsp; &nbsp; &nbsp; &nbsp; &nbsp; &nbsp; &nbsp; &nbsp; &nbsp; &nbsp;Gekreuzigter Herr Jesus Christus,<\/p>\n\n\n\n<p>&nbsp; &nbsp; &nbsp; &nbsp; &nbsp; &nbsp; &nbsp; &nbsp; &nbsp; &nbsp; &nbsp; &nbsp; &nbsp; &nbsp; &nbsp; &nbsp;erbarme dich \u00fcber uns und \u00fcber die ganze Welt.<\/p>\n\n\n\n<p><strong>10. Station: Jesus wird seiner Kleider beraubt<\/strong><\/p>\n\n\n\n<p>&nbsp; &nbsp; &nbsp; &nbsp; &nbsp; &nbsp; &nbsp; &nbsp; &nbsp; &nbsp; &nbsp; &nbsp; &nbsp; &nbsp; &nbsp; &nbsp;Wir beten dich an Herr Jesus Christus und preisen dich,<\/p>\n\n\n\n<p>&nbsp; &nbsp; &nbsp; &nbsp; &nbsp; &nbsp; &nbsp; &nbsp; &nbsp; &nbsp; &nbsp; &nbsp; &nbsp; &nbsp; &nbsp; &nbsp;denn durch dein heiliges Kreuz hast du die Welt erl\u00f6st.<\/p>\n\n\n\n<p>Jesus, das Kreuz liegt am Boden. Aber du wirst noch weiter gequ\u00e4lt. Die Soldaten rei\u00dfen dir die Kleider vom K\u00f6rper. Alle Menschen schauen auf dich. Du l\u00e4sst alles aus Liebe zu uns \u00fcber dich ergehen. Ja, jetzt hast du gar nichts mehr. Und die Soldaten w\u00fcrfeln noch um dein Gewand.<\/p>\n\n\n\n<p>Wie oft verurteilen wir andere Menschen, reden schlecht \u00fcber diese oder r\u00fcmpfen die Nase \u00fcber unsere Mitmenschen. Dadurch kommen diese in einen schlechten Ruf und werden kritisch beobachtet. Schenke uns wahre N\u00e4chstenliebe, die es versteht, die Mitmenschen so anzunehmen wie sie sind, damit sie nicht nackt vor der Welt dastehen.<\/p>\n\n\n\n<p>&nbsp; &nbsp; &nbsp; &nbsp; &nbsp; &nbsp; &nbsp; &nbsp; &nbsp; &nbsp; &nbsp; &nbsp; &nbsp; &nbsp; &nbsp; &nbsp;Gekreuzigter Herr Jesus Christus,<\/p>\n\n\n\n<p>&nbsp; &nbsp; &nbsp; &nbsp; &nbsp; &nbsp; &nbsp; &nbsp; &nbsp; &nbsp; &nbsp; &nbsp; &nbsp; &nbsp; &nbsp; &nbsp;erbarme dich \u00fcber uns und \u00fcber die ganze Welt.<\/p>\n\n\n\n<p><strong>11. Station: Jesus wird ans Kreuz genagelt<\/strong><br>&nbsp; &nbsp; &nbsp; &nbsp; &nbsp; &nbsp; &nbsp; &nbsp; &nbsp; &nbsp; &nbsp; &nbsp; &nbsp; &nbsp; &nbsp; &nbsp; &nbsp; &nbsp;Wir beten dich an Herr Jesus Christus und preisen dich,<\/p>\n\n\n\n<p>&nbsp; &nbsp; &nbsp; &nbsp; &nbsp; &nbsp; &nbsp; &nbsp; &nbsp; &nbsp; &nbsp; &nbsp; &nbsp; &nbsp; &nbsp; &nbsp; &nbsp; &nbsp;denn durch dein heiliges Kreuz hast du die Welt erl\u00f6st.<\/p>\n\n\n\n<p>Jesus, die Schmerzen sind grausam. Die Soldaten nageln dich ans Kreuz. Du hast alles \u00fcber dich ergehen lassen und dich nicht gewehrt. Wie ist das bei mir. Ertrage ich mir zugef\u00fcgtes Unrecht auch ohne mich zu rechtfertigen und f\u00fcr meine Rechte einzustehen? Oder rechtfertige ich mich immer? Kann ich meinen Mitmenschen verzeihen, die mir B\u00f6ses antun oder bin ich nachtragend? Jesus, lehre mir das wahre Schweigen, dass selbst im Unrecht noch f\u00fcr seine Feinde betet und sie segnet.<\/p>\n\n\n\n<p>&nbsp; &nbsp; &nbsp; &nbsp; &nbsp; &nbsp; &nbsp; &nbsp; &nbsp; &nbsp; &nbsp; &nbsp; &nbsp; &nbsp; &nbsp; &nbsp; &nbsp; &nbsp;Gekreuzigter Herr Jesus Christus,<\/p>\n\n\n\n<p>&nbsp; &nbsp; &nbsp; &nbsp; &nbsp; &nbsp; &nbsp; &nbsp; &nbsp; &nbsp; &nbsp; &nbsp; &nbsp; &nbsp; &nbsp; &nbsp; &nbsp; &nbsp;erbarme dich \u00fcber uns und \u00fcber die ganze Welt.<\/p>\n\n\n\n<p><strong>12. Station: Jesus stirbt am Kreuz<\/strong><br>&nbsp; &nbsp; &nbsp; &nbsp; &nbsp; &nbsp; &nbsp; &nbsp; &nbsp; &nbsp; &nbsp; &nbsp; &nbsp; &nbsp; &nbsp; &nbsp; &nbsp; &nbsp;Wir beten dich an Herr Jesus Christus und preisen dich,<\/p>\n\n\n\n<p>&nbsp; &nbsp; &nbsp; &nbsp; &nbsp; &nbsp; &nbsp; &nbsp; &nbsp; &nbsp; &nbsp; &nbsp; &nbsp; &nbsp; &nbsp; &nbsp; &nbsp; &nbsp; denn durch dein heiliges Kreuz hast du die Welt erl\u00f6st.<\/p>\n\n\n\n<p>Jesus du h\u00e4ngst am Kreuz, zwischen Himmel und Erde. Deine Mutter und Johannes stehen unter dem Kreuz. Auch in dieser furchtbaren Situation denkst du an uns und schenkst uns deine Mutter auch zu unserer Mutter. Du sagst zu Maria: &#8222;Siehe da deinen Sohn.&#8220; Und zu Johannes sagst du &#8222;Sohn, sieh da deine Mutter. Nimm sie zu dir.&#8220; Diese Worte sprachst du nicht nur zu Johannes, sondern zu jedem von uns. Du hast uns eine m\u00e4chtige F\u00fcrsprecherin geschenkt. Deine Mutter ist auch unsere Mutter. Wir d\u00fcrfen als Kinder zu ihr kommen und sie wird f\u00fcr uns F\u00fcrsprache einlegen bei unserem Vater im Himmel.<\/p>\n\n\n\n<p>Dann sprichst du &#8222;Mich d\u00fcrstet.&#8220; Sie geben dir einen Schwamm mit Essig. Anschlie\u00dfend sagst du: &#8222;Es ist vollbracht!&#8220; Dann stirbst du am Kreuz. Wir wollen nun still vor Jesus stehen und ihm danken f\u00fcr seine unendlich gro\u00dfe Liebe zu uns.&#8220;<\/p>\n\n\n\n<p>Wir beten gemeinsam das Vater unser.<\/p>\n\n\n\n<p>&nbsp; &nbsp; &nbsp; &nbsp; &nbsp; &nbsp; &nbsp; &nbsp; &nbsp; &nbsp; &nbsp; &nbsp; &nbsp; &nbsp; &nbsp; &nbsp; &nbsp; &nbsp; &nbsp; &nbsp;Gekreuzigter Herr Jesus Christus,<\/p>\n\n\n\n<p>&nbsp; &nbsp; &nbsp; &nbsp; &nbsp; &nbsp; &nbsp; &nbsp; &nbsp; &nbsp; &nbsp; &nbsp; &nbsp; &nbsp; &nbsp; &nbsp; &nbsp; &nbsp; &nbsp; &nbsp;erbarme dich \u00fcber uns und \u00fcber die ganze Welt.<\/p>\n\n\n\n<p><strong>13. Station: Jesus wird vom Kreuz abgenommen und in den Scho\u00df seiner Mutter gelegt[<br><br>Wir beten dich an Herr Jesus Christus und preisen dich, &nbsp;<br>denn durch dein heiliges Kreuz hast du die Welt erl\u00f6st.<br><br>Jesus du hast ausgelitten und wirst vom Kreuz genommen. Man legt dich in den Scho\u00df deiner Mutter. Welcher Schmerz f\u00fcr eine Mutter, ihren zerschlagenen Sohn im Arm zu halten. Maria nimmt auch dieses Leid an, weil sie wei\u00df, dass viele dadurch gerettet werden. Hilf uns auch schwere Schicksalsschl\u00e4ge annehmen zu k\u00f6nnen und mit Maria in allen Situationen unseres Lebens JA sagen zu k\u00f6nnen.<br><br>&nbsp; &nbsp; &nbsp; &nbsp; &nbsp; &nbsp; &nbsp; &nbsp; &nbsp; &nbsp; &nbsp; &nbsp; &nbsp; &nbsp; &nbsp; &nbsp; &nbsp; &nbsp; &nbsp; &nbsp; &nbsp; &nbsp;Gekreuzigter Herr Jesus Christus,<br><br>&nbsp; &nbsp; &nbsp; &nbsp; &nbsp; &nbsp; &nbsp; &nbsp; &nbsp; &nbsp; &nbsp; &nbsp; &nbsp; &nbsp; &nbsp; &nbsp; &nbsp; &nbsp; &nbsp; &nbsp; &nbsp; &nbsp;erbarme dich \u00fcber uns und \u00fcber die ganze Welt.<br><br><br><br><br><br>14. Station: Der Leichnam Jesu wird ins Grab gelegt<\/strong><\/p>\n\n\n\n<p>&nbsp;Wir beten dich an Herr Jesus Christus und preisen dich,<\/p>\n\n\n\n<p>denn durch dein heiliges Kreuz hast du die Welt erl\u00f6st.<\/p>\n\n\n\n<p>Jesus es ist still geworden. Deine Freunde sind traurig. Sie legen dich in ein Grab. Es wird fest verschlossen mit einem gro\u00dfen Stein. Die Situation scheint aussichtslos zu sein. Aber der Tod ist nicht das Ende, sondern der Beginn des ewigen Lebens. Wir d\u00fcrfen uns freuen. Denn du hast den Tod besiegt. Du bist von den Toten auferstanden. So werden auch wir von den Toten auferstehen.<\/p>\n\n\n\n<p>Jesus, wir danken dir, dass du f\u00fcr uns gestorben und auferstanden bist.<\/p>\n\n\n\n<p>Du hast den Tod besiegt und uns dadurch den Himmel ge\u00f6ffnet.<\/p>\n\n\n\n<p>Du lebst mitten unter uns und l\u00e4sst uns nie alleine, wenn wir um deine Hilfe bitten.<\/p>\n","protected":false},"excerpt":{"rendered":"<p>Vorbemerkung: Wir befinden &nbsp;uns in der Fastenzeit. Die Fastenzeit &nbsp;will uns aufrufen, ruhig zu werden. Wir wollen uns auf Ostern vorbereiten. Dazu ist es notwendig, dass wir von uns absehen und nur noch auf das Wesentliche schauen. Was ist das &hellip; <a href=\"https:\/\/ecclesiae.de\/blog\/?page_id=10709\">Weiterlesen <span class=\"meta-nav\">&rarr;<\/span><\/a><\/p>\n","protected":false},"author":3,"featured_media":0,"parent":10361,"menu_order":0,"comment_status":"closed","ping_status":"closed","template":"","meta":{"footnotes":""},"class_list":["post-10709","page","type-page","status-publish","hentry"],"_links":{"self":[{"href":"https:\/\/ecclesiae.de\/blog\/index.php?rest_route=\/wp\/v2\/pages\/10709","targetHints":{"allow":["GET"]}}],"collection":[{"href":"https:\/\/ecclesiae.de\/blog\/index.php?rest_route=\/wp\/v2\/pages"}],"about":[{"href":"https:\/\/ecclesiae.de\/blog\/index.php?rest_route=\/wp\/v2\/types\/page"}],"author":[{"embeddable":true,"href":"https:\/\/ecclesiae.de\/blog\/index.php?rest_route=\/wp\/v2\/users\/3"}],"replies":[{"embeddable":true,"href":"https:\/\/ecclesiae.de\/blog\/index.php?rest_route=%2Fwp%2Fv2%2Fcomments&post=10709"}],"version-history":[{"count":2,"href":"https:\/\/ecclesiae.de\/blog\/index.php?rest_route=\/wp\/v2\/pages\/10709\/revisions"}],"predecessor-version":[{"id":11511,"href":"https:\/\/ecclesiae.de\/blog\/index.php?rest_route=\/wp\/v2\/pages\/10709\/revisions\/11511"}],"up":[{"embeddable":true,"href":"https:\/\/ecclesiae.de\/blog\/index.php?rest_route=\/wp\/v2\/pages\/10361"}],"wp:attachment":[{"href":"https:\/\/ecclesiae.de\/blog\/index.php?rest_route=%2Fwp%2Fv2%2Fmedia&parent=10709"}],"curies":[{"name":"wp","href":"https:\/\/api.w.org\/{rel}","templated":true}]}}