{"id":10711,"date":"2022-07-24T14:22:39","date_gmt":"2022-07-24T14:22:39","guid":{"rendered":"http:\/\/ecclesiae.de\/blog\/?page_id=10711"},"modified":"2022-07-24T14:22:39","modified_gmt":"2022-07-24T14:22:39","slug":"litanei-zu-vater-matteo-dagnone-exorzist-1563-1616","status":"publish","type":"page","link":"https:\/\/ecclesiae.de\/blog\/?page_id=10711","title":{"rendered":"Litanei zu Vater Matteo d\u00c1gnone, Exorzist (1563 \u2013 1616)"},"content":{"rendered":"\n<p><br>Um Befreiung und Trennen der Bindungen<\/p>\n\n\n\n<p>Herr, erbarme dich unser -Herr erbarme dich unser<br>Jesus Christus, erbarme dich unser &#8211; Jesus Christus, erbarme dich unser<br>Herr, erbarme dich unser &#8211; Herr erbarme dich unser<br>Jesus Christus h\u00f6re uns &#8211; Jesus Christus h\u00f6re uns<br>Jesus Christus, erh\u00f6re uns &#8211; Jesus Christus, erh\u00f6re uns<\/p>\n\n\n\n<p>Himmlischer Vater, der du Gott bist, &nbsp; &nbsp; &nbsp; &nbsp; &nbsp; &nbsp;erbarme dich unser<br>Sohn, Erl\u00f6ser der Welt, der du Gott bist,&nbsp; &nbsp;erbarme dich unser&nbsp; &nbsp;&nbsp; &nbsp;&nbsp; &nbsp;&nbsp; &nbsp;&nbsp; &nbsp;<br>Heiliger Geist, der du Gott bist,&nbsp; &nbsp;&nbsp; &nbsp;&nbsp; &nbsp;&nbsp; &nbsp;&nbsp; &nbsp;erbarme dich unser<br>Heiligste Dreifaltigkeit, ein einziger Gott,&nbsp; &nbsp;erbarme dich unser<\/p>\n\n\n\n<p>Heiligstes Blut Jesu, &nbsp; &nbsp; &nbsp;bedecke uns &nbsp; &nbsp; &nbsp;&nbsp; &nbsp;&nbsp; &nbsp;&nbsp;<br>Heiligstes Blut Jesu,&nbsp; &nbsp;&nbsp; &nbsp;reinige uns<br>Heiligstes Blut Jesu,&nbsp; &nbsp;&nbsp; &nbsp;besch\u00fctze uns<br>Heiligstes Blut Jesu,&nbsp; &nbsp;&nbsp; &nbsp;befreie uns<br>Heiligstes Blut Jesu,&nbsp; &nbsp;&nbsp; &nbsp;\u00fcberflute uns<\/p>\n\n\n\n<p>Heilige Maria, die den Kopf des Satans zertreten hat, &nbsp; &nbsp; &nbsp; &nbsp; &nbsp; &nbsp;bitte f\u00fcr uns<br>Heilige Maria, unverletzlich auf die Angriffe Satans,<br>Heilige Maria, welche uns gegen den Drachen besch\u00fctzt,<br>Heilige Maria, K\u00f6nigin der Engel,<br>Unsere liebe Frau von der Befreiung,<br>Unsere liebe Frau vom Sieg,<br>K\u00f6nigin der Exorzisten,<\/p>\n\n\n\n<p>Heiliger Erzengel Michael,<br>Hl. Joseph,<br>Heilige Apostel,<br>Heilige M\u00e4rtyrer,<br>Heilige Exorzisten,<\/p>\n\n\n\n<p>Vater Matteo, Freund Gottes, &nbsp; &nbsp; &nbsp; &nbsp; &nbsp; &nbsp; &nbsp; &nbsp; &nbsp; &nbsp; &nbsp; &nbsp;&nbsp; &nbsp;&nbsp; &nbsp; bitte f\u00fcr uns<br>Vater Matteo, Apostel der Passion Christi,<br>Vater Matteo, Anbeter der hl. Eucharistie,<br>Vater Matteo, Prediger der Himmelfahrt Mariens,<br>Vater Matteo, Heiligster J\u00fcnger des seraphischen Franziskus,<br>Vater Matteo, Exorzist mit der g\u00f6ttlichen Kraft,<br>Vater Matteo, Sieger \u00fcber Satan,<br>Vater Matteo, Schrecken der D\u00e4monen,<br>Vater Matteo, Machtvoller Wundert\u00e4ter,<br>Vater Matteo, vom Geist der Propheten erf\u00fcllt,<br>Vater Matteo, erhabener Theologe,<br>Vater Matteo, Perle der Keuschheit,<br>Vater Matteo, Muster der Bu\u00dfe,<br>Vater Matteo, Beispiel des Gehorsams,<br>Vater Matteo, Freund der Armut,<\/p>\n\n\n\n<p>Von der Macht und den Versuchungen Satans, &nbsp; &nbsp; &nbsp; &nbsp; &nbsp; &nbsp; &nbsp; &nbsp; &nbsp; &nbsp; &nbsp; &nbsp;befreie uns Vater Matteo<br>Von d\u00e4monischer Besessenheit,<br>Von den Geistern der Finsternis,<br>Von den Angriffen Satans,<br>Von den Angriffen der okkulten Meister und der Hexer,<br>Von unheilvollen Bindungen,<br>Von den Sekten und der Hexerei,<br>Von Spiritismus und Wahrsagerei,<br>Vom Satanismus und seinen Anh\u00e4ngern,<br>Von Verw\u00fcnschungen und Verhexungen,<br>Von Krankheiten, die von Unheil stammen,<br>Von allen Gefahren,<br>Von allen seelischen Verletzungen,<br>Von all unsern k\u00f6rperlichen, seelischen und geistigen Gebrechen,<br>Von unsern Sorgen um die Familie,<br>Von den Hemmungen in unserem sentimentalen Leben,<br>Von unsern finanziellen und beruflichen Sorgen,<br>Von all unsern \u00c4ngsten, Zweifeln und N\u00f6ten,<br>Von unsern Schwachheiten, S\u00fcnden und unserm Elend,<br>Von der Verzweiflung und der Entmutigung,<br>Von Hass und Zwangsvorstellungen,<br>Von falschen Freunden und unheilvollen Personen,<br>Von der Gelegenheit zur S\u00fcnde,<br>Von den t\u00fcckischen Fallstricken des Teufels,<br>Von der ewigen Verdammnis,<\/p>\n\n\n\n<p>Heiliger Geist, mit deiner Liebe, &nbsp; &nbsp; &nbsp; &nbsp; &nbsp; &nbsp; &nbsp; &nbsp; &nbsp;&nbsp; &nbsp;&nbsp; erf\u00fclle uns<br>Heiliger Geist,&nbsp;mit deiner Unterscheidungsgabe,<br>Heiliger Geist, mit deinem Licht,<br>Heiliger Geist, mit deiner Kraft,<br>Heiliger Geist,&nbsp;mit deiner Heiligkeit,<br>Heiliger Geist, mit deiner Freude,<br>Heiliger Geist,&nbsp;mit deinem Frieden,<\/p>\n\n\n\n<p>Lamm Gottes, das du hinwegnimmst die S\u00fcnden der Welt, Herr verzeihe uns.<br>Lamm Gottes, das du hinwegnimmst die S\u00fcnden der Welt, Herr erh\u00f6re uns.<br>Lamm Gottes, das du hinwegnimmst die S\u00fcnden der Welt, Herr erbarme dich unser.<\/p>\n\n\n\n<p>Bitte f\u00fcr uns, Vater Matteo, auf dass wir w\u00fcrdig werden der Verhei\u00dfungen Jesu Christi.<\/p>\n\n\n\n<p>Lasset uns beten:<br>Wir loben dich, oh Gott, f\u00fcr den Sieg deines Sohnes Jesus Christus. Wir loben dich f\u00fcr unsere Mutter, die allerseligste Jungfrau Maria, und f\u00fcr unseren m\u00e4chtigen F\u00fcrsprecher, Vater Matteo d\u00c1gnone. Durch ihre F\u00fcrsprache, gew\u00e4hre uns, die Befreiung der \u00dcbel, die uns bedr\u00e4ngen, befreie uns von der Finsternis und den Gefahren f\u00fcr Seele und Leib, damit wir in der Freiheit der Kinder Gottes leben k\u00f6nnen. Amen.<\/p>\n","protected":false},"excerpt":{"rendered":"<p>Um Befreiung und Trennen der Bindungen Herr, erbarme dich unser -Herr erbarme dich unserJesus Christus, erbarme dich unser &#8211; Jesus Christus, erbarme dich unserHerr, erbarme dich unser &#8211; Herr erbarme dich unserJesus Christus h\u00f6re uns &#8211; Jesus Christus h\u00f6re unsJesus &hellip; <a href=\"https:\/\/ecclesiae.de\/blog\/?page_id=10711\">Weiterlesen <span class=\"meta-nav\">&rarr;<\/span><\/a><\/p>\n","protected":false},"author":3,"featured_media":0,"parent":10496,"menu_order":0,"comment_status":"closed","ping_status":"closed","template":"","meta":{"footnotes":""},"class_list":["post-10711","page","type-page","status-publish","hentry"],"_links":{"self":[{"href":"https:\/\/ecclesiae.de\/blog\/index.php?rest_route=\/wp\/v2\/pages\/10711","targetHints":{"allow":["GET"]}}],"collection":[{"href":"https:\/\/ecclesiae.de\/blog\/index.php?rest_route=\/wp\/v2\/pages"}],"about":[{"href":"https:\/\/ecclesiae.de\/blog\/index.php?rest_route=\/wp\/v2\/types\/page"}],"author":[{"embeddable":true,"href":"https:\/\/ecclesiae.de\/blog\/index.php?rest_route=\/wp\/v2\/users\/3"}],"replies":[{"embeddable":true,"href":"https:\/\/ecclesiae.de\/blog\/index.php?rest_route=%2Fwp%2Fv2%2Fcomments&post=10711"}],"version-history":[{"count":1,"href":"https:\/\/ecclesiae.de\/blog\/index.php?rest_route=\/wp\/v2\/pages\/10711\/revisions"}],"predecessor-version":[{"id":10712,"href":"https:\/\/ecclesiae.de\/blog\/index.php?rest_route=\/wp\/v2\/pages\/10711\/revisions\/10712"}],"up":[{"embeddable":true,"href":"https:\/\/ecclesiae.de\/blog\/index.php?rest_route=\/wp\/v2\/pages\/10496"}],"wp:attachment":[{"href":"https:\/\/ecclesiae.de\/blog\/index.php?rest_route=%2Fwp%2Fv2%2Fmedia&parent=10711"}],"curies":[{"name":"wp","href":"https:\/\/api.w.org\/{rel}","templated":true}]}}