{"id":10717,"date":"2022-07-24T14:25:58","date_gmt":"2022-07-24T14:25:58","guid":{"rendered":"http:\/\/ecclesiae.de\/blog\/?page_id=10717"},"modified":"2022-07-24T14:25:58","modified_gmt":"2022-07-24T14:25:58","slug":"gebet-fuer-einen-kranken","status":"publish","type":"page","link":"https:\/\/ecclesiae.de\/blog\/?page_id=10717","title":{"rendered":"Gebet f\u00fcr einen Kranken"},"content":{"rendered":"\n<p><br><br>G\u00f6ttlicher Erl\u00f6ser, der Du w\u00e4hrend Deines Lebens hienieden mit jedem Notleidenden ein vorz\u00fcgliches Erbarmen getragen hast,<br>Dir empfehle ich diesen armen Ungl\u00fccklichen, der von einer schweren Krankheit befallen ist und gro\u00dfe Schmerzen dulden mu\u00df.<br>Habe Mitleid mit ihm und gib ihm Geduld in seiner harten Pr\u00fcfung.<br>Ich opfere Dir seine Seufzer und Tr\u00e4nen in Vereinigung mit den Tr\u00e4nen auf, die Du am Kreuze f\u00fcr das Heil der Menschen geopfert hast,<br>damit sie zu Deiner Ehre und seinem Heile gereichen.<br>Mit dem\u00fctigen Herzen bitte ich Dich auch, Du wollest, wenn es nicht wider Deinen g\u00f6ttlichen Willen ist,<br>diesem Leidenden sein Leben verl\u00e4ngern und ihm seine vorige Gesundheit wiederschenken.<br>O guter Gott, der Du dem K\u00f6nig Ezechias, als er Dich mit Tr\u00e4nen bat, g\u00fctig Rettung verliehen und seine Tage verl\u00e4ngert hast,<br>erbarme Dich dieses elenden Kranken, siehe seine hei\u00dfen Tr\u00e4nen und die Tr\u00e4nen der Seinigen,<br>befreie ihn von seinen Schmerzen und seiner Krankheit, damit er Dir f\u00fcr seine wiederhergestellten Kr\u00e4fte das fromme Opfer seines dankbaren Herzens bringe. Amen.<br>Q: Maria, meine Zuflucht und mein Trost. \u00a0Impr. 1917<\/p>\n","protected":false},"excerpt":{"rendered":"<p>G\u00f6ttlicher Erl\u00f6ser, der Du w\u00e4hrend Deines Lebens hienieden mit jedem Notleidenden ein vorz\u00fcgliches Erbarmen getragen hast,Dir empfehle ich diesen armen Ungl\u00fccklichen, der von einer schweren Krankheit befallen ist und gro\u00dfe Schmerzen dulden mu\u00df.Habe Mitleid mit ihm und gib ihm Geduld &hellip; <a href=\"https:\/\/ecclesiae.de\/blog\/?page_id=10717\">Weiterlesen <span class=\"meta-nav\">&rarr;<\/span><\/a><\/p>\n","protected":false},"author":3,"featured_media":0,"parent":10545,"menu_order":0,"comment_status":"closed","ping_status":"closed","template":"","meta":{"footnotes":""},"class_list":["post-10717","page","type-page","status-publish","hentry"],"_links":{"self":[{"href":"https:\/\/ecclesiae.de\/blog\/index.php?rest_route=\/wp\/v2\/pages\/10717","targetHints":{"allow":["GET"]}}],"collection":[{"href":"https:\/\/ecclesiae.de\/blog\/index.php?rest_route=\/wp\/v2\/pages"}],"about":[{"href":"https:\/\/ecclesiae.de\/blog\/index.php?rest_route=\/wp\/v2\/types\/page"}],"author":[{"embeddable":true,"href":"https:\/\/ecclesiae.de\/blog\/index.php?rest_route=\/wp\/v2\/users\/3"}],"replies":[{"embeddable":true,"href":"https:\/\/ecclesiae.de\/blog\/index.php?rest_route=%2Fwp%2Fv2%2Fcomments&post=10717"}],"version-history":[{"count":1,"href":"https:\/\/ecclesiae.de\/blog\/index.php?rest_route=\/wp\/v2\/pages\/10717\/revisions"}],"predecessor-version":[{"id":10718,"href":"https:\/\/ecclesiae.de\/blog\/index.php?rest_route=\/wp\/v2\/pages\/10717\/revisions\/10718"}],"up":[{"embeddable":true,"href":"https:\/\/ecclesiae.de\/blog\/index.php?rest_route=\/wp\/v2\/pages\/10545"}],"wp:attachment":[{"href":"https:\/\/ecclesiae.de\/blog\/index.php?rest_route=%2Fwp%2Fv2%2Fmedia&parent=10717"}],"curies":[{"name":"wp","href":"https:\/\/api.w.org\/{rel}","templated":true}]}}