{"id":10728,"date":"2022-07-24T14:39:10","date_gmt":"2022-07-24T14:39:10","guid":{"rendered":"http:\/\/ecclesiae.de\/blog\/?page_id=10728"},"modified":"2022-07-24T14:39:10","modified_gmt":"2022-07-24T14:39:10","slug":"antlitz-jesu-novene","status":"publish","type":"page","link":"https:\/\/ecclesiae.de\/blog\/?page_id=10728","title":{"rendered":"Antlitz Jesu Novene"},"content":{"rendered":"\n<p>Jesus an Schwester Maria Pierina de Micheli :<br>\u00abIch will, dass mein heiligstes Antlitz mit einem besonderen Fest am Dienstag nach Quinquagesima (am Fastnachtsdienstag) gefeiert werde und zwar mit vorausgehender Novene, in der die Gl\u00e4ubigen mir Genugtuung leisten, indem sie gemeinsam an meinen Schmerzen teilnehmen sollen.\u00bb (1939)<\/p>\n\n\n\n<p><strong>1. Tag:<\/strong><\/p>\n\n\n\n<p>Zur heiligen Mechthildis sprach der Herr von denen, die sein Antlitz verehren: \u00ab Keiner von ihnen soll von mir getrennt sein.\u00bb (1. Buch \/ 8. Kap.) Jesus sagte zur Karmelitenschwester Maria vom heiligen Petrus zu Tours: \u00ab Je mehr ihr Sorge tragt, mein Antlitz wieder herzustellen, das durch die Gottesl\u00e4sterungen verunstaltet wird, desto mehr werde ich f\u00fcr das eurige, das durch die S\u00fcnde entstellt wurde, Sorge tragen. Ich werde ihm mein Bild wieder aufdr\u00fccken und es ebenso sch\u00f6n wieder herstellen, wie es bei der heiligen Taufe war.\u00bb (3. November 1845)<\/p>\n\n\n\n<p><strong>Antlitz-Jesu-Begr\u00fcssung zur S\u00fchne f\u00fcr die Gottesl\u00e4sterungen :<br><br>Sei gegr\u00fcsst, o heiligstes Antlitz Jesu,du w\u00fcrdevolles Spiegelbild der g\u00f6ttlichen Majest\u00e4t.<br>Sei gegr\u00fcsst, o heiligstes Antlitz Jesu,das alle Engel und Heiligen mit himmlischer Seligkeit erf\u00fcllt.<br>Sei gegr\u00fcsst, o heiligstes Antlitz Jesu,du liebreichstes und sch\u00f6nstes unter allen Menschenkindern.<br>Sei gegr\u00fcsst, o heiligstes Antlitz Jesu,du Freude und Wonne aller, die an dich glauben und dich \u00fcber alles lieben.<br>Sei gegr\u00fcsst, o heiligstes Antlitz Jesu,das die Liebe, Sanftmut und Barmherzigkeit Gottes in Vollkommenheit ausstrahlt\u00ac<br>Sei gegr\u00fcsst, o heiligstes Antlitz Jesu, das unter furchtbaren Seelenqualen unserer vielen S\u00fcnden willen Blut geschwitzt hat.<br>Sei gegr\u00fcsst, o heiligstes Antlitz Jesu, das durch den Judaskuss so schrecklich gelitten hat.<br>Sei gegr\u00fcsst, o heiligstes Antlitz Jesu, das unserer vielen S\u00fcnden willen bei der grausamen Geisselung und schmerzhaften Dornenkr\u00f6nung misshandelt, entstellt und jeder Sch\u00f6nheit beraubt wurde\u00ac<br>Sei gegr\u00fcsst, o heiligstes Antlitz Jesu, das schweigend alle K\u00f6rper\u00ac und Seelenqualen, allen Spott und Hohn \u00fcber sich ergehen liess.<br>Sei gegr\u00fcsst, o heiligstes Antlitz Jesu, das sich so barmherzig zum heiligen Petrus gewendet hat.<br>Sei gegr\u00fcsst, o heiligstes Antlitz Jesu, das den Zorn Gottes bes\u00e4nftigt\u00ac<br>Sei gegr\u00fcsst, o heiligstes Antlitz Jesu, das ewig die Freude und Wonne aller Auserw\u00e4hlten sein wird.<br>Ewiger Vater, ich opfere dir durch Maria das anbetungsw\u00fcrdige, mit Blut und Wunden bedeckte, schmacherf\u00fcllte Erl\u00f6ser-Antlitz Jesu auf, um die Sonntagsentheiligung, jegliche Gottesl\u00e4sterung und die ganze Schuld des Menschengeschlechtes zu s\u00fchnen. 1 mal.<br>Mein Jesus, Verzeihung und Barmherzigkeit durch die Verdienste deines heiligen Antlitzes. 10mal.<br>Durch dein heiligstes Antlitz, o Jesus, rette, erleuchte, l\u00e4utere, entz\u00fcnde, entflamme, begnadige und heilige meine Seele. 3mal.<\/strong><\/p>\n\n\n\n<figure class=\"wp-block-table\"><table><tbody><tr><td><strong>2. Tag:<\/strong>Jesus zu Schwester Maria vom heiligen Petrus : \u00ab Alle, die sich bem\u00fchen, mein heiliges Antlitz im Geiste der S\u00fchne zu verehren, tun, was die heilige Veronika getan hat.\u00bb (27. Oktober 1845)<br><strong><br>Heiliges Antlitz Jesu, ich gr\u00fcsse dich und bete dich an; ich verehre dich im Geiste der S\u00fchne; ich liebe dich mit allen Kr\u00e4ften meiner Seele. Dem\u00fctig bitte ich dich, O mein Jesus, stelle das Bild Gottes in mir und all deinen Kindern auf Erden wieder her.<br>Ewiger Vater, ich opfere dir durch Maria das heilige Antlitz Jesu auf zu deiner gr\u00f6ssten Ehre und Verherrlichung, im Geiste der Liebe und S\u00fchne und f\u00fcr das Heil der Seelen.<br><br>Litanei zum heiligsten Antlitz<br>Herr , erbarme dich unser \u00ac<br>Christus, erbarme dich unser<br>Herr, erbarme dich unser, Christus, h\u00f6re uns \u00acChristus, erh\u00f6re uns<br>Gott Vater vom Himmel \u00acerbarme dich unser<br>Gott Sohn, Erl\u00f6ser der Welt<br>Gott Heiliger Geist<br>Heiligste Dreifaltigkeit, ein Gott<br>Heiliges Antlitz des Sohnes des lebendigen Gottes \u00acerbarme dich unser<br>Heiliges Antlitz, Spiegel der Majest\u00e4t Gottes Heiliges Antlitz unseres Erl\u00f6sers<br>Heiliges Antlitz, mit blutigem Angstschweiss \u00fcberrannen Heiliges Antlitz, grausam geschlagen<br>Heiliges Antlitz, mit Schmach bedeckt<br>Heiliges Antlitz, sch\u00e4ndlich verschleiert<br>Heiliges Antlitz, durch die Dornen verwundet Heiliges Antlitz, durch Wundfieber und Durst gequ\u00e4lt Heiliges Antlitz, beim Urteil vor der wogenden Menge des Volkes<br>Heiliges Antlitz, mit schmerzlichen Tr\u00e4nen benetzt Heiliges Antlitz, im Schweisstuch der Veronika eingepr\u00e4gt<br>Heiliges Antlitz, mit L\u00e4sterungen \u00fcberh\u00e4uft<br>Heiliges Antlitz, sterbend am Kreuze geneigt Heiliges Antlitz, durch Narben und Schl\u00e4ge verunstaltet, im Grabtuch wunderbar dargestellt<br>Heiliges Antlitz, durch die Auferstehung verherrlicht Heiliges Antlitz, Du Freude aller Engel und Heiligen Heiliges Antlitz, Du Trost der Betr\u00fcbten<br>Heiliges Antlitz, durch dessen Verehrung wir Hilfe er\u00acfahren in unseren Bedr\u00e4ngnissen<br>Lamm Gottes, du nimmst hinweg die S\u00fcnden der Welt \u00aczeige uns dein heiliges Antlitz.<br>Lamm Gottes, du nimmst hinweg die S\u00fcnden der Welt \u00aczeige uns. ..<br>Lamm Gottes, du nimmst hinweg die S\u00fcnden der Welt \u00ac<br>wende uns dein heiliges Antlitz zu, und wir werden gerettet.<br>Amen.<\/strong><br><br><strong>3.Tag:<\/strong><br><br>Schwester Maria vom heiligen Petrus sagt :<br>\u00ab Ich vernahm vom g\u00f6ttlichen Erl\u00f6ser, dass die Glaubensver\u00e4chter unserer Tage durch ihre Gottesl\u00e4sterungen die Beschimpfungen erneuern, die dem heiligsten Antlitz w\u00e4hrend seines Leidens und Sterbens zugef\u00fcgt worden sind. Ferner sagte er mir, ich m\u00fcsse den Eifer der frommen Veronika nachahmen, die sich mutig durch die Menge der Feinde dr\u00e4ngte.\u00bb<br>Ich will nun im Geiste der Liebe und S\u00fchne das g\u00f6ttliche Antlitz betrachten und verehren.<br><br><strong>Ewiger Vater, ich opfere dir durch die reinsten H\u00e4nde Mariens das anbetungsw\u00fcrdige Antlitz deines lieben Sohnes auf zur S\u00fchne f\u00fcr die L\u00e4sterungen deines heiligen Namens und zur Bekehrung der armen S\u00fcnder .<br>Mildreichster Jesus, in tiefer Ehrfurcht bete ich dein heiligstes Antlitz an, das deinen innersten Seelenschmerz und die Liebe deines Herzens widerspiegelt.<br>Um deines heiligen Antlitzes willen, o Jesus, bewahre mich vor aller Unehrbietigkeit in deiner heiligen Gegenwart, vor Lauheit und Gleichg\u00fcltigkeit gegen dein Sakrament der Liebe und vor unw\u00fcrdigem Empfang der heiligen Kommunion.<br>Um deines heiligen Antlitzes willen, o Jesus, schliesse die Priester in dein verwundetes Herz ein und bewahre sie rein. Lasse sie wachsen in der Liebe und Treue zur dir und sch\u00fctze sie durch dein heiliges Antlitz vor der Ansteckung der Welt.<br>Gib, dass deine Priester sich mit ganzer Kraft daf\u00fcr einsetzen, dass in ihnen und in den ihnen anvertrauten Gl\u00e4ubigen das Bild deines heiligsten Antlitzes aufleuchte zum Zeugnis f\u00fcr die ungl\u00e4ubige Welt.<br>1 Ehre sei&#8230;, 1 Vaterunser&#8230;, 10 Ave Maria&#8230; mit Einschaltbitte :<br>Durch deine Mutter, o Jesus, pr\u00e4ge die Z\u00fcge deines Antlitzes auf ewig unseren Herzen ein.<\/strong><br><br><strong>4.Tag:<\/strong><br><br>Schwester Maria vom heiligen Petrus sagt : \u00ab Unser g\u00f6ttlicher Heiland klagte mir, wie sehr seine Liebe im Allerheiligsten Sakrament verkannt werde. Durch dieses Sakrament will Jesus, unser Erl\u00f6ser, den Seelen die Kraft seines heiligsten Antlitzes mitteilen.<br><br><strong>Sei gegr\u00fcsst, o Herr Jesus Christus, als Gott und Mensch wahrhaft zugegen im Allerheiligsten Sakrament des Altares.<br>Sei gegr\u00fcsst, du wahres Himmelsbrot, das lebt und Leben spendet.<br>Sei gegr\u00fcsst, du unbegreifliches Geheimnis der Liebe Christi, du Reichtum der Kirche.<br>Sei gegr\u00fcsst, du Freude der Herzen, du Leben der Seelen, du Quelle der Gnaden, du mein h\u00f6chstes Gut; denn du bist das Band des Friedens und der Liebe, die St\u00e4rke der Schwachen, der Trost der Betr\u00fcbten, der L\u00f6sepreis f\u00fcr die S\u00fcnden.<br>Sei gegr\u00fcsst du liebegl\u00fchendes Antlitz Jesu.<br>Sei gegr\u00fcsst, du wahrer Leib des Herrn, f\u00fcr uns geopfert, du Opfergabe und Opferpreis der Erl\u00f6sten.<br>Sei gegr\u00fcsst, du Speise der Kinder Gottes, du Brot der Hungernden, du Wegzehrung der Sterbenden.<br>Sei gegr\u00fcsst, o mein Herr und Heiland, als Gott und Mensch wahrhaft zugegen in diesem heiligsten Sakrament. Gott sei gepriesen! Gepriesen sei sein heiligster Name ! Zur S\u00fchne f\u00fcr die Gottesl\u00e4sterungen, f\u00fcr das \u00ab Gott-ins-Angesicht-fluchen \u00bb will ich sprechen : Es sei immerdar gelobt, gepriesen, geliebt, angebetet und verherrlicht der unaussprechliche Name Gottes im Himmel, auf Erden und unter der Erde von jenen, die aus der Hand Gottes hervorgegangen sind und dem Herrn dienen.<br>Herr Jesus Christus, mit ewiger Liebe hast du die Menschen geliebt und dich selbst hingegeben f\u00fcr das Heil der Welt. Gepriesen sei dein heiliger Leib, der als S\u00fchnopfer am Kreuze dargebracht worden ist. Geprie\u00acsen sei das heiligste Sakrament des Altares.<br>3 Vaterunser und Gegr\u00fcsst seist du, Maria, zu Ehren der Heiligen Eucharistie und des g\u00f6ttlichen Antlitzes.<br>Am Schluss einmal :<br>Herr, zeige dein Antlitz, und es wird uns geholten sein.<\/strong><br><br><strong>5. Tag:<\/strong><br><br>Zu Schwester Maria Pierina de Micheli sprach der Herr :<br>Ich m\u00f6chte, dass mein Antlitz, das die innersten Leiden meiner Seele, den Schmerz und die Liebe meines Herzens offenbart, mehr verehrt werde. Wer mich betrachtet, tr\u00f6stet mich. Ich habe mein Herz als ausdrucksvolles Zeichen meiner grossen Liebe den Menschen gegeben und gebe nun mein Antlitz als ausdrucksvolles Zeichen meines Schmerzes \u00fcber die S\u00fcnden der Menschen.\u00bb<br>Liebster Jesus, an keinem Teil deines anbetungsw\u00fcrdigen Leibes hast du so viel f\u00fcr uns gelitten wie an deinem heiligen Antlitz, das um unserer S\u00fcnden willen ganz entstellt und von den L\u00e4sterungen der Juden \u00dcbergossen wurde. Wende dein heiliges Antlitz mir und all deinen Kindern zu, wie du es dem heiligen Petrus zugewendet hast, damit auch wir, von Liebesreue durchdrungen, w\u00fcrdig werden, es im Himmel zu schauen in alle Ewigkeit. Amen.<br><br><br><strong>Antlitz-Jesu-Litanei<br>Herr , erbarme dich unser \u00a0<br>Christus, erbarme dich unser<br>Herr, erbarme dich unser, Christus, h\u00f6re uns Christus, erh\u00f6re uns<br>Gott Vater vom Himmel erbarme dich unser<br>Gott Sohn, Erl\u00f6ser der Welt<br>Gott Heiliger Geist<br>Heiligste Dreifaltigkeit, ein einiger Gott<br>Heiliges Antlitz des Sohnes des lebendigen Gottes&#8230;<em> sieh uns an und erbarme dich unser (wird wiederholt)<\/em><br>Heiliges Antlitz Jesu Christi&#8230; \u00a0<br>Heiliges Antlitz unseres Erl\u00f6sers, der geboren ist von der seligsten Jungfrau Maria Heiliges Antlitz, Spiegel der Majest\u00e4t Gottes Heiliges Antlitz, das zu schauen die Engel stets verlangen&#8230;<br>Heiliges Antlitz des Sch\u00f6nsten unter allen Menschenkindern&#8230;<br>Heiliges Antlitz, gl\u00e4nzender als die Sonne &#8230;<br>Heiliges Antlitz, mit blutigem Schweiss bedeckt Heiliges Antlitz, durch den Kuss des Verr\u00e4ters entehrt Heiliges Antlitz, mit Backenstreichen geschlagen Heiliges Antlitz, von Dornenstichen zerrissen&#8230;<br>Heiliges Antlitz, mit Schmach bedeckt &#8230;<br>Heiliges Antlitz, mit einem Rohre geschlagen&#8230;<br>Heiliges Antlitz, sch\u00e4ndlich verh\u00fcllt&#8230;<br>Heiliges Antlitz, mit Tr\u00e4nen benetzt&#8230;<br>Heiliges Antlitz, mit vielfacher Unbill geschm\u00e4ht Heiliges Antlitz, von Blut entstellt&#8230;<br>Heiliges Antlitz, auf vielfache Weise betr\u00fcbt&#8230;<br>Heilige Antlitz, dem Schweisstuch der heiligen Veronika eingedr\u00fcckt&#8230;<br>Heiliges Antlitz, im Tode Jesu am Kreuze niedergebeugt Heiliges Antlitz, vor unseren Augen wunderbar dargestellt&#8230;<br>Heiliges Antlitz, Freude und Entz\u00fccken des himmlischen Hofes&#8230;<br>Heiliges Antlitz, du Erquickung der Gerechten auf Erden Heiliges Antlitz, du Trost der Betr\u00fcbten&#8230;<br>Heiliges Antlitz, Vorbild aller Tugenden&#8230;<br>Heiliges Antlitz, Wonne der gerechten Seelen&#8230;<br>Heiliges Antlitz, Hoffnung aller S\u00fcnder&#8230;<br>Lamm Gottes, du nimmst hinweg die S\u00fcnden der Welt&#8230; verschone uns, O Herr<br>Lamm Gottes, du nimmst hinweg die S\u00fcnden der Welt&#8230; erh\u00f6re uns, O Herr<br>Lamm Gottes, du nimmst hinweg die S\u00fcnden der Welt&#8230; erbarme dich unser, o Herr<br>Zeige uns dein Angesicht, liebensw\u00fcrdiger Erl\u00f6ser und wir sind gerettet.<\/strong><br><br><strong>6. Tag:<\/strong><br><br>Jesus sagte zu Schwester Maria vom heiligen Petrus : \u00ab Durch mein heiliges Antlitz werdet ihr Wunderbares wirken.\u00bb (27. Oktober 1845)<br>\u00ab Durch mein Antlitz werdet ihr das Heil vieler S\u00fcnder erlangen. Durch diese Opfergabe wird euch nichts verweigert. Wenn ihr w\u00fcsstet, wie wohlgef\u00e4llig meinem Vater der Anblick meines Antlitzes ist! \u00bb (22. November 1848)<br><br><strong>Ewiger Vater, ich opfere dir das heilige Antlitz deines Sohnes auf zur Tilgung meiner S\u00fcnden. Blicke huldvoll auf Jesu Antlitz und erbarme dich meiner.<br>Heiliges Antlitz Jesu Christi, von Wunden und Blut entstellt, ich bete dich an und preise dich mit Maria, der schmerzhaften und makellosen Mutter. Ich will dir S\u00fchne leisten.<br>Mein Jesus gib, dass ich die Pr\u00fcfungen und Leiden geduldig ertrage und vereinige sie mit den deinen.<br>Himmlischer Vater, durch das unbefleckte Herz Mariens opfere ich dir auf: die unermesslichen Verdienste des heiligen Antlitzes Jesu, sein heiliges Schweigen bei allen Verspottungen und Leiden, seine bitteren Tr\u00e4nen und Schmerzen, all seine Wunden und sein vers\u00f6hnendes, f\u00fcr uns vergossenes Blut zu deiner gr\u00f6ssten Ehre und zum Heile unserer Seelen. Amen.<br>1 Ehre sei&#8230;, 1 Vaterunser&#8230;, 10 Gegr\u00fcsst seist du Maria &#8230;mit Einschaltbitte : G\u00f6ttlicher Erl\u00f6ser, um der unendlichen Verdienste deines Antlitzes willen bekehre die armen S\u00fcnder.<\/strong><br><br><strong>7. Tag:<\/strong><br><br>Jesus zu Schwester Maria vom heiligen Petrus : \u00ab So wie man in einem K\u00f6nigreich mit dem Geldst\u00fcck, welches das Bild des F\u00fcrsten tr\u00e4gt, sich alles verschaffen kann, was man will, ebenso werdet ihr durch mein Antlitz alles erhalten, was ihr begehrt.\u00bb (29. Oktober 1845)<br><br><strong>G\u00fctigster Vater, du hast deinen Kindern auf Erden das anbetungsw\u00fcrdige Antlitz deines vielgeliebten Sohnes als Erbe gegeben. Um dieses Antlitzes willen verzeihe den S\u00fcndern ihre Schuld und erbarme dich der Sterbenden.<br>O Jesus! Blut und Tr\u00e4nen waren das kostbare L\u00f6segeld, das du dem Vater im Himmel f\u00fcr die verlorene Menschheit darbotest. Deine Tr\u00e4nen sind kostbare Perlen von unendlichem Wert. Eine einzige wiegt alles Gold und alle Edelsteine auf. Deine Tr\u00e4nen sind wie dein kostbares Blut und deine heiligen Wunden ein unsch\u00e4tzbares Geschenk an die Seelen. Verzeihe mir, dass ich so achtlos an diesem unermesslichen Reichtum vor\u00fcbergehe. Wie die kleine heilige Theresia will ich beten : In deinem bitteren Leiden wurdest du, lieber Jesus, der Spott der Menschen, der Mann der Schmerzen. Ich verehre dein g\u00f6ttliches Antlitz. Einst strahlte daraus g\u00f6ttliche Sch\u00f6nheit und Anmut, jetzt gleicht es dem Antlitz eines Auss\u00e4tzigen. Doch auch in den entstellten Z\u00fcgen erkenne ich deine unendliche Liebe. Sehnlichst verlange ich danach, dich zu lieben und mitzuwirken, dass alle Menschen dich lieben. Die Tr\u00e4nen, die so reichlich deinen Augen entstr\u00f6men, sind mir wie kostbare Perlen. Liebevoll m\u00f6chte ich sie sammeln, um mit ihrem unendlichen Werte die Seelen der armen S\u00fcnder loszukaufen. Jesus, dein anbetungsw\u00fcrdiges Antlitz zieht mich an. Ich bitte dich, pr\u00e4ge meinem Herzen das Bild deiner Gottheit ein und schenke mir eine gl\u00fchende Liebe zu dir, damit ich einst dein Antlitz in seiner Verkl\u00e4rung schauen darf im Himmel. Amen.<br>\u00a0<br>Anbetungsw\u00fcrdiges Antlitz, das in seiner Kindheit so viele Tr\u00e4nen vergossen hat, erbarme dich meiner und der ganzen Menschheit.<br>Anbetungsw\u00fcrdiges Antlitz, betr\u00fcbt und Tr\u00e4nen vergiessend am Grabe des heiligen Lazarus, erbarme dich meiner und der ganzen Menschheit.<br>Anbetungsw\u00fcrdiges Antlitz, das sich betr\u00fcbte beim Anblick Jerusalems und \u00fcber die ungerechte Stadt weinte, erbarme dich meiner und der ganzen Menschheit.<br>Anbetungsw\u00fcrdiges Antlitz, im \u00d6lgarten blutige Tr\u00e4nen vergiessend, erbarme dich meiner und der ganzen Menschheit.<br>Anbetungsw\u00fcrdiges Antlitz, am Kreuze mit Blut und Tr\u00e4nen bedeckt, erbarme dich meiner und der ganzen Menschheit.<br>Ewiger Vater, um der Tr\u00e4nen willen, die Jesus als Kind und Mann geweint, und der Trauer, die er ob der Grausamkeit des menschlichen Herzens empfunden hat, erbarme dich meiner und erh\u00f6re meine Bitten.<br>1 Vaterunser und Ave Maria zu Ehren der Tr\u00e4nen Jesu.<\/strong><br><br><strong>8. Tag:<\/strong><br><br>Jesus zu Schwester Maria Pierina de Micheli . \u00ab Ich m\u00f6chte, dass mein heiliges Antlitz besonders am Dienstag verehrt wird.\u00bb (21. November 1938) Die Mutter Gottes sprach zu Schwester Pierina : \u00ab Das Skapulier (Medaille) vom heiligsten Antlitz ist ein Pfand der Erbarmung, das Jesus in diesen Zeiten der Welt geben will. Jene, die sich mit diesem Skapulier bekleiden (oder die Medaille tragen), und am Dienstag dem Allerheiligsten Sakrament einen Besuch machen um die Schm\u00e4hungen des heiligen Antlitzes zu s\u00fchnen, werden im Glauben gest\u00e4rkt.&#8220;<br><br><strong>Maria, Mutter des Herrn und meine treubesorgte Mutter, du wirst \u00ab Unsere Liebe Frau vom heiligen Antlitz &#8220; genannt. Niemand hat so tief hineingeschaut in das g\u00f6ttliche Antlitz wie du; und niemand hat aus der Betrachtung dieses Antlitzes so viel Gnade und Fr\u00fcchte erlangt wie du.<br>Jesu Antlitz, vom Heiligen Geiste in deinem jungfr\u00e4ulichen Schosse gebildet, hat sich liebevoll dem Schweisstuch der heiligen Veronika eingedruckt und es ist immerzu das unsch\u00e4tzbare Gut der Kirche.<br>Mutter, zeige mir das heilige Antlitz! Zeige es vor allem jenen, die leiden und weinen, damit sie nicht verzagen und ihr Kreuz weitertragen.<br>Nicht nur Freude und Trost brachte dir Christi Anblick. Am Kreuzweg und unter dem Kreuz wurde dein unbeflecktes Mutterherz gleichsam durchbohrt von Weh, weil du sein schmerzvolles, entstelltes und blut\u00fcberstr\u00f6mtes Antlitz sehen musstest. Als du nach der Kreuzabnahme den toten Leib deines Sohnes in deine Arme nahmst, sein bleiches, entseeltes Antlitz mit deinen Tr\u00e4nen wuschest, erwarbst du dir die unblutige M\u00e4rtyrerkrone.<br>Mutter, verzeih mir, denn ich bin mitschuldig an deinem Schmerz.<br>Geliebte Mutter, ich weihe und \u00fcbergebe mich dir von ganzem Herzen. Ich bitte dich um der unendlichen Verdienste deines g\u00f6ttlichen Sohnes willen und kraft deiner m\u00e4chtigen F\u00fcrbitte: Mache aus mir ein wahres Abbild des heiligen Antlitzes. Erwirke mir die Gnade, das unverh\u00fcllte Antlitz deines Sohnes Jesus Christus einst mit dir vereint, im Himmel ewig schauen zu d\u00fcrfen.<br>Vaterunser&#8230;, Gegr\u00fcsst seist du, Maria&#8230; Jesus : Unsere Liebe Frau vom heiligen Antlitz sei uns immer nahe und hilf uns. Heilige Maria &#8230;, Ehre sei&#8230;<\/strong><br><br><strong>9. Tag:<\/strong><br><br>Der Herr sprach zur heiligen Getrud: &#8220; Die mein heiligstes Antlitz verehren, werden in ihrem Innern durch das Bild meiner Menschheit einen lebhaften Glanz meiner Gottheit erhalten. Sie werden bis in den Grund ihrer Seele davon erleuchtet und durch die \u00c4hnlichkeit mit meinem Antlitz gl\u00e4nzender erscheinen als viele andere im ewigen Leben.\u00bb<br>Im Namen der getreuen Sch\u00fcler Christi will ich sprechen :<br><br><strong>Ewiger Vater, du hast bei der glorreichen Verkl\u00e4rung deines eingeborenen Sohnes auf dem Tabor durch die Stimme aus den Wolken unsere vollkommene Annahme an Kindesstatt auf wunderbare Weise angedeutet. Mache uns gn\u00e4dig zu Miterben dieses K\u00f6nigs der Glorie und lasse uns teilnehmen an deiner Herrlichkeit.<br>Ewiger Vater, ich opfere dir durch die Engel und Heiligen des Himmels, mit den Armen Seelen des Fegfeuers und im Namen aller Menschen der Erde das tr\u00e4nenerf\u00fcllte, verwundete und blut\u00fcberstr\u00f6mte Antlitz deines vielgeliebten Sohnes auf zur S\u00fchne f\u00fcr die Gottesl\u00e4sterungen und die S\u00fcnden der ganzen Welt. G\u00f6ttlicher Erl\u00f6ser, reinige meine Seele und meinen Leib von jeder S\u00fcndenmakel durch die Verdienste deines heiligsten Antlitzes. Erbarme dich meiner und zeige mir dein Angesicht, damit ich Hilfe und Trost finde in meiner jetzigen Not.<br>1 Ehre sei&#8230;, 1 Vaterunser&#8230;, 10x Gegr\u00fcsst seist du Maria&#8230; mit Einf\u00fcgung : Lob, Preis, Ehre, Liebe und Genugtuung sei dem g\u00f6ttlichen Antlitz Jesu und der Heiligsten Dreifaltigkeit.<br>Heilige Maria&#8230;<\/strong><\/td><\/tr><tr><td><\/td><\/tr><\/tbody><\/table><\/figure>\n","protected":false},"excerpt":{"rendered":"<p>Jesus an Schwester Maria Pierina de Micheli :\u00abIch will, dass mein heiligstes Antlitz mit einem besonderen Fest am Dienstag nach Quinquagesima (am Fastnachtsdienstag) gefeiert werde und zwar mit vorausgehender Novene, in der die Gl\u00e4ubigen mir Genugtuung leisten, indem sie gemeinsam &hellip; <a href=\"https:\/\/ecclesiae.de\/blog\/?page_id=10728\">Weiterlesen <span class=\"meta-nav\">&rarr;<\/span><\/a><\/p>\n","protected":false},"author":3,"featured_media":0,"parent":10370,"menu_order":0,"comment_status":"closed","ping_status":"closed","template":"","meta":{"footnotes":""},"class_list":["post-10728","page","type-page","status-publish","hentry"],"_links":{"self":[{"href":"https:\/\/ecclesiae.de\/blog\/index.php?rest_route=\/wp\/v2\/pages\/10728","targetHints":{"allow":["GET"]}}],"collection":[{"href":"https:\/\/ecclesiae.de\/blog\/index.php?rest_route=\/wp\/v2\/pages"}],"about":[{"href":"https:\/\/ecclesiae.de\/blog\/index.php?rest_route=\/wp\/v2\/types\/page"}],"author":[{"embeddable":true,"href":"https:\/\/ecclesiae.de\/blog\/index.php?rest_route=\/wp\/v2\/users\/3"}],"replies":[{"embeddable":true,"href":"https:\/\/ecclesiae.de\/blog\/index.php?rest_route=%2Fwp%2Fv2%2Fcomments&post=10728"}],"version-history":[{"count":1,"href":"https:\/\/ecclesiae.de\/blog\/index.php?rest_route=\/wp\/v2\/pages\/10728\/revisions"}],"predecessor-version":[{"id":10729,"href":"https:\/\/ecclesiae.de\/blog\/index.php?rest_route=\/wp\/v2\/pages\/10728\/revisions\/10729"}],"up":[{"embeddable":true,"href":"https:\/\/ecclesiae.de\/blog\/index.php?rest_route=\/wp\/v2\/pages\/10370"}],"wp:attachment":[{"href":"https:\/\/ecclesiae.de\/blog\/index.php?rest_route=%2Fwp%2Fv2%2Fmedia&parent=10728"}],"curies":[{"name":"wp","href":"https:\/\/api.w.org\/{rel}","templated":true}]}}