{"id":10731,"date":"2022-07-24T14:42:51","date_gmt":"2022-07-24T14:42:51","guid":{"rendered":"http:\/\/ecclesiae.de\/blog\/?page_id=10731"},"modified":"2022-07-24T14:42:51","modified_gmt":"2022-07-24T14:42:51","slug":"lauretanische-litanei","status":"publish","type":"page","link":"https:\/\/ecclesiae.de\/blog\/?page_id=10731","title":{"rendered":"Lauretanische Litanei"},"content":{"rendered":"\n<p>Heilige Maria, bitte f\u00fcr uns<br>Heilige Mutter Gottes<br>Heilige Jungfrau<br>Mutter Christi<br>Mutter der Kirche &nbsp; (1980 von Papst Johannes Paul II. als M\u00f6glichkeit gew\u00e4hrt)<br>Mutter der g\u00f6ttlichen Gnade<br>Mutter, du Reine<br>Mutter, du Keusche<br>Mutter, ohne Makel<br>Mutter, du viel Geliebte &nbsp; (Vielgeliebte; fr\u00fcher: liebliche Mutter; 1950: liebensw\u00fcrdige Mutter)<br>Mutter, so wunderbar &nbsp; (1903 von Papst Leo XIII. verf\u00fcgt: &#8222;Wunderbare Mutter&#8220;)<br>Mutter des guten Rates &nbsp; (1903 von Papst Leo XIII. verf\u00fcgt)<br>Mutter der sch\u00f6nen Liebe &nbsp; (synonym f\u00fcr &#8222;Braut des Heiligen Geistes&#8220;)<br>Mutter des Sch\u00f6pfers<br>Mutter des Erl\u00f6sers<br>Du kluge Jungfrau<br>Jungfrau, von den V\u00f6lkern gepriesen<br>Jungfrau, m\u00e4chtig zu helfen<br>Jungfrau, voller G\u00fcte<br>Jungfrau, du Magd des Herrn (1950: getreue Jungfrau)<br>Du Spiegel der Gerechtigkeit<br>Du Sitz der Weisheit<br>Du Ursache unserer Freude<br>Du Kelch des Geistes (fr\u00fcher: &#8222;geistliches Gef\u00e4\u00df&#8220;; ab 1950: Kelch des Geistes)<br>Du kostbarer Kelch<br>Du Kelch der Hingabe<br>Du geheimnisvolle Rose (&#8222;rosa mystica&#8220;)<br><strong>Du starker Turm Davids<\/strong><br><br>Du elfenbeinerner Turm<br>Du goldenes Haus<br>Du Bundeslade Gottes &nbsp; (bis 1950: &#8222;Arche des Bundes&#8220;)<br>Du Pforte des Himmels &nbsp; (janua caelica, janua regni celorum, porta celi)<br>Du Morgenstern &nbsp; (stella marina, lux matutina, stella matutina)<br>Du Heil der Kranken<br>Du Zuflucht der S\u00fcnder<br>Du Trost der Betr\u00fcbten<br>Du Hilfe der Christen &nbsp; (durch Papst Pius V. offiziell eingeschaltet)<br>Du K\u00f6nigin der Engel<br>Du K\u00f6nigin der Patriarchen<br>Du K\u00f6nigin der Propheten<br>Du K\u00f6nigin der Apostel<br>Du K\u00f6nigin der M\u00e4rtyrer<br>Du K\u00f6nigin der Bekenner<br>Du K\u00f6nigin der Jungfrauen<br>Du K\u00f6nigin aller Heiligen<br>Du K\u00f6nigin, ohne Erbschuld empfangen (1883 von Papst Leo XIII &nbsp;bewilligt: &#8222;ohne Makel der Erbs\u00fcnde&#8220;)<br>Du K\u00f6nigin, aufgenommen in den Himmel &nbsp;(1950 von Papst Pius XII. eingeschaltet)<br>Du K\u00f6nigin vom heiligen Rosenkranz &nbsp; (1675 hinzugef\u00fcgt)<br>Du K\u00f6nigin des Friedens &nbsp; (1917 von Papst Benedikt XV in der Not des Ersten Weltkrieges genehmigt)<\/p>\n\n\n\n<p>Lamm Gottes, du nimmst hinweg die S\u00fcnden der Welt,<br>verschone uns, o Herr.<\/p>\n\n\n\n<p>Lamm Gottes, du nimmst hinweg die S\u00fcnden der Welt,<br>erh\u00f6re uns, o Herr.<\/p>\n\n\n\n<p>Lamm Gottes, du nimmst hinweg die S\u00fcnden der Welt,<br>erbarme dich unser, o Herr.<\/p>\n\n\n\n<p>Bitte f\u00fcr uns, o heilige Gottesmutter.<br>Auf da\u00df wir w\u00fcrdig werden der Verhei\u00dfungen Christi.<\/p>\n\n\n\n<p>G\u00fctiger Gott,<br>du hast allen Menschen Maria zur Mutter gegeben;<br>h\u00f6re auf ihre F\u00fcrsprache;<br>nimm von uns die Traurigkeit dieser Zeit,<br>dereinst aber gibt uns die ewige Freude.<br>Durch Christus, unsern Herrn.<br>Amen.<\/p>\n\n\n\n<p>Lauretanische Litanei (alte Version)<br><br>Herr, erbarme dich unser!<br>Christe, erbarme dich unser!<br>Herr, erbarme dich unser!<br>Christe, h\u00f6re uns!<br>Christe, erh\u00f6re uns!<br>Gott Vater vom Himmel, erbarme dich unser!<br>Gott Sohn, Erl\u00f6ser der Welt, erbarme dich unser!<br>Gott heiliger Geist, erbarme dich unser!<br>Heilige Dreifaltigkeit, einiger Gott, erbarme dich unser!<br><br>Heilige Maria,\u00a0 \u00a0\u00a0 \u00a0\u00a0 \u00a0\u00a0 \u00a0\u00a0 \u00a0\u00a0 \u00a0\u00a0 \u00a0\u00a0 \u00a0\u00a0 \u00a0\u00a0 \u00a0\u00a0 \u00a0\u00a0 \u00a0bitte f\u00fcr uns!<br>Heilige Gottesgeb\u00e4rerin (Mutter derjenigen der Gott und Mensch zugleich ist.<br>Heilige Jungfrau aller Jungfrauen! ( die erste unter den Jungfrauen und ihr Vorbild)<br><br>Mutter Christi\u00a0 \u00a0\u00a0 \u00a0\u00a0 \u00a0\u00a0 \u00a0\u00a0 \u00a0\u00a0 \u00a0\u00a0 \u00a0\u00a0 \u00a0\u00a0 \u00a0\u00a0 \u00a0\u00a0 \u00a0\u00a0 \u00a0\u00a0 bitte f\u00fcr uns!<br>Mutter der g\u00f6ttlichen Gnaden!<br>Du allerreinste Mutter!<br>Du allerkeuscheste Mutter!<br>Du ungeschw\u00e4chte Mutter!<br>Du unbefleckte Mutter!<br>Du liebliche Mutter!<br>Du Mutter des Sch\u00f6pfers!<br>Du Mutter des Erl\u00f6sers!<br>Du weiseste Jungfrau!<br>Du ehrw\u00fcrdige Jungfrau!<br>Du lobw\u00fcrdige Jungfrau!<br>Du m\u00e4chtige Jungfrau!<br>Du g\u00fctige Jungfrau!<br>Du getreue Jungfrau!<br>Du Spiegel der Gerechtigkeit!<br>Du Sitz der Weisheit!<br>Du Ursache unserer Fr\u00f6hlichkeit!<br>Du geistliches Gef\u00e4\u00df!<br>Du ehrw\u00fcrdiges Gef\u00e4\u00df!<br>Du vortreffliches Gef\u00e4\u00df der Andacht!<br>Du geistliche Rose!<br><br>Du Turm Davids!<br>Du elfenbeinerner Turm!<br>Du goldenes Haus!<br>Du Arche des Bundes!<br>Du Himmelspforte!<br>Du Morgenstern!<br><br>Du Heil der KRanken!<br>Du Zuflucht der S\u00fcnder!<br>Du Tr\u00f6sterin der Betr\u00fcbten!<br>Du Hilfe der Christen!<br>Du K\u00f6nigin der Engel!<br>Du K\u00f6nigin der Patriarchen!<br>Du K\u00f6nigin der Propheten!<br>Du K\u00f6nigin der Apostel!<br>Du K\u00f6nigin der M\u00e4rtyrer!<br>Du K\u00f6nigin der Beichtiger!<br>Du K\u00f6nigin der Jungfrauen!<br>Du K\u00f6nigin aller Heiligen!<br><br>O Du Lamm Gottes, welches du hinweg nimmst die S\u00fcnden der Welt!<br>Verschone uns, o Herr!<br>O Du Lamm Gottes, welches du hinweg nimmst die S\u00fcnden der Welt!<br>Erh\u00f6re uns, o Herr!<br>O Du Lamm Gottes, welches du hinweg nimmst die S\u00fcnden der Welt!<br>Erbarme Dich unser, o Herr!<br>Herr, erbarme dich unser!<br>Christe, erbarme dich unser!<br>Herr, erbarme dich unser!<br>Gegr\u00fc\u00dfte seist du Maria\u2026<br>Unter deinen Schutz und Schirm fliehen wir, heiligste Gottesgeb\u00e4rerin!<br>Verschm\u00e4he nicht unser Gebet in unsern N\u00f6ten, sondern erl\u00f6se uns jederzeit von aller Gefahr, o du glorw\u00fcrdige und gebenedeite Jungfrau! unsere Frau! unsere Mittlerin! unsere F\u00fcrsprecherin!<br>Vers\u00f6hne uns mit deinem S\u00f6hne! Empfiehl uns deinem S\u00f6hne! Stelle uns deinem S\u00f6hne vor!<br>Bitte f\u00fcr uns, heiligste Gottesgeb\u00e4rerin!<br>Dass wir w\u00fcrdig werden der Verheissungen Christi.<br>Wir bitten dich, 0 Herr, gie\u00df deine Gnaden aus in unsere Herzen; damit wir, die wir durch die Verk\u00fcndigungdes Engels die Menschwerdung Christi, deines Sohnes erkannt haben, durch sein Leiden und Kreuz zur Herrlichkeit der Auferstehung gebracht werden, durch Christum unsern Herrn. Amen.<br><br><br>Die aus der Bildersprache der Schrift entlehnten, erhabenen Lobspr\u00fcche sind im geistlichen Verstande zu nehmen. Maria ist im verbl\u00fcmten Verstande ein geistliches, von dem Geiste Gottes erf\u00fclltes Gef\u00e4\u00df. Wie die Rose ihren lieblichen Geruch verbreitet, so verbreitete auch sie die Salbung ihrer Tugenden durch ihr Beispiel. Ihre standhafte Gottergebenheit war unersch\u00fctterlich, wie ein fester Turm; ihre ihre Unschuld rein und gl\u00e4nzend, wie Elfenbein. Ihr jungfr\u00e4ulicher Leib glich einem herrlichen, prachtvollen Hause, das Gott zur Wohnung f\u00fcr seinen eingeborenen Sohn gew\u00e4hlte hat. Wie die Arche im alten Testamente das Heiligste und Ehrw\u00fcrdigste in sich enthielt, so auch sie den Heiligsten aller Heiligen. Ge\u00f6ffnet wurde uns, da sie Jesum empfing, die Himmelspforte; der Morgenstern, der die Erscheinung der Sonne der Gerechtigkeit, der den Tag der Erl\u00f6sung ank\u00fcndigte, ging auf.<br>Q: Neue Litaneien Augsburg 1835<\/p>\n","protected":false},"excerpt":{"rendered":"<p>Heilige Maria, bitte f\u00fcr unsHeilige Mutter GottesHeilige JungfrauMutter ChristiMutter der Kirche &nbsp; (1980 von Papst Johannes Paul II. als M\u00f6glichkeit gew\u00e4hrt)Mutter der g\u00f6ttlichen GnadeMutter, du ReineMutter, du KeuscheMutter, ohne MakelMutter, du viel Geliebte &nbsp; (Vielgeliebte; fr\u00fcher: liebliche Mutter; 1950: liebensw\u00fcrdige &hellip; <a href=\"https:\/\/ecclesiae.de\/blog\/?page_id=10731\">Weiterlesen <span class=\"meta-nav\">&rarr;<\/span><\/a><\/p>\n","protected":false},"author":3,"featured_media":0,"parent":10496,"menu_order":0,"comment_status":"closed","ping_status":"closed","template":"","meta":{"footnotes":""},"class_list":["post-10731","page","type-page","status-publish","hentry"],"_links":{"self":[{"href":"https:\/\/ecclesiae.de\/blog\/index.php?rest_route=\/wp\/v2\/pages\/10731","targetHints":{"allow":["GET"]}}],"collection":[{"href":"https:\/\/ecclesiae.de\/blog\/index.php?rest_route=\/wp\/v2\/pages"}],"about":[{"href":"https:\/\/ecclesiae.de\/blog\/index.php?rest_route=\/wp\/v2\/types\/page"}],"author":[{"embeddable":true,"href":"https:\/\/ecclesiae.de\/blog\/index.php?rest_route=\/wp\/v2\/users\/3"}],"replies":[{"embeddable":true,"href":"https:\/\/ecclesiae.de\/blog\/index.php?rest_route=%2Fwp%2Fv2%2Fcomments&post=10731"}],"version-history":[{"count":1,"href":"https:\/\/ecclesiae.de\/blog\/index.php?rest_route=\/wp\/v2\/pages\/10731\/revisions"}],"predecessor-version":[{"id":10732,"href":"https:\/\/ecclesiae.de\/blog\/index.php?rest_route=\/wp\/v2\/pages\/10731\/revisions\/10732"}],"up":[{"embeddable":true,"href":"https:\/\/ecclesiae.de\/blog\/index.php?rest_route=\/wp\/v2\/pages\/10496"}],"wp:attachment":[{"href":"https:\/\/ecclesiae.de\/blog\/index.php?rest_route=%2Fwp%2Fv2%2Fmedia&parent=10731"}],"curies":[{"name":"wp","href":"https:\/\/api.w.org\/{rel}","templated":true}]}}