{"id":10738,"date":"2022-07-24T14:58:39","date_gmt":"2022-07-24T14:58:39","guid":{"rendered":"http:\/\/ecclesiae.de\/blog\/?page_id=10738"},"modified":"2022-07-24T14:58:39","modified_gmt":"2022-07-24T14:58:39","slug":"novene-zum-heiligen-erzengel-michael","status":"publish","type":"page","link":"https:\/\/ecclesiae.de\/blog\/?page_id=10738","title":{"rendered":"Novene zum Heiligen Erzengel Michael"},"content":{"rendered":"\n<p><strong>T\u00e4gliche Gebete<\/strong><\/p>\n\n\n\n<p>&#8222;Unserer Hilfe ist im Namen des Herrn, der Himmel und Erde erschaffen hat.&#8220;<\/p>\n\n\n\n<p>&#8222;Ich bekenne Gott, dem Allm\u00e4chtigen, der seligen allzeit reinen Jungfrau Maria, dem heiligen Erzengel Michael,<br>dem heiligen Johannes dem T\u00e4ufer, den heiligen Aposteln Petrus und Paulus, allen Heiligen und dir, Vater,<br>das ich viel ges\u00fcndigt habe in Gedanken, Worten und Werken; durch meine Schuld durch meine Schuld<br>durch meine grosse Schuld.<br>Darum bitte ich die selige, allzeit reine Jungfrau Maria, den heiligen Erzengel Michael,<br>den heiligen Johannes den T\u00e4ufer, die heiligen Apostel Petrus und Paulus, alle Heiligen und dich, Vater,<br>f\u00fcr mich zu beten bei Gott, unserem Herrn.&#8220;<\/p>\n\n\n\n<p>Priester: &#8222;Der allm\u00e4chtige Gott erbarme sich unser; Er lasse uns die S\u00fcnden nach und f\u00fchre uns zum ewigen leben.&#8220;<\/p>\n\n\n\n<p><strong>Erster Tag zu Ehren der Seraphim<\/strong><\/p>\n\n\n\n<p>&#8222;Glorreicher Anf\u00fchrer der himmlischen Heerscharen, Sankt Michael, verteidige uns im Kampf<br>gegen die M\u00e4chte der Finsternis und gegen die b\u00f6sen Geister in den L\u00fcften.<br>Komm den Menschen zu Hilfe, die Gott nach seinem Bild und Gleichnis erschaffen und<br>um einen hohen Preis aus der Sklaverei Satans erkauft hat.&#8220;<\/p>\n\n\n\n<p>3 x Vater unser, 3 x Ave Maria, 3 x Ehre sei dem Gott<\/p>\n\n\n\n<p><strong>Erste Gnade:<\/strong><br>&#8222;In Vereinigung mit dem h\u00f6chsten Engelchor, den Seraphim, bitten wir dich, heiliger Erzengel Michael,<br>entz\u00fcnde in unseren Herzen einen Feuerbrand der Liebe Gottes und gib uns zudem Verachtung<br>und Missfallen an den falschen Freuden dieser Welt. Amen.&#8220;<\/p>\n\n\n\n<p><strong>Zweiter Tag zu Ehren der Cherubin<\/strong><\/p>\n\n\n\n<p>&#8222;Heiliger Michael, h\u00f6chster der Engel, ich bitte dich, nimm meine Seele in der Todesstunde<br>unter deinen ganz besonderen Schutz und f\u00fchre sie an den Ort des Friedens und der Ruhe,<br>wo die Seelen der Auserw\u00e4hlten in unaussprechlicher Freude den Tag des Weltgerichts und der Auferstehung erwarten.<br>Ob ich rede oder schweige, ob ich gehe oder ruhe, beh\u00fcte mich, dass ich mein Lebenswerk nach Gottes Willen vollende.<br>Bewahre mich vor den Angriffen der D\u00e4monen und vor der ewigen Verdammnis.&#8220;<\/p>\n\n\n\n<p>3 x Vater unser, 3 x Ave Maria, 3 x Ehre sei dem Gott<\/p>\n\n\n\n<p><strong>Zweite Gnade:<\/strong><br>&#8222;Heiliger Erzengel Michael, Statthalter des himmlischen Jerusalem und Chef der Cherubim,<br>wir bitten dich dem\u00fctig, uns vor den Nachstellungen des b\u00f6sen Feindes zu warnen<br>und uns gegen sie zu wappnen. Du Sieger \u00fcber Satan, mache uns zu einem wohlgef\u00e4lligen Opfer f\u00fcr den Herrn. Amen.&#8220;<\/p>\n\n\n\n<p><strong>Dritter Tag Ehren der Throne<\/strong><\/p>\n\n\n\n<p>&#8222;Heiliger Michael, deine grosse Mission ist es die Kirche zu verteidigen. Bek\u00e4mpfe &#8211; um dies zu vollenden &#8211; die Irrlehren,<br>beseitige alle Formen von Schisma und Unglauben. Besiege den Teufel samt seinem Anhang,<br>der unseren Glauben zerst\u00f6ren will. M\u00f6ge die Kirche Jesu Christi wachsen und sich ausbreiten zur gr\u00f6sseren Ehre Gottes.&#8220;<\/p>\n\n\n\n<p>3 x Vater unser, 3 x Ave Maria, 3 x Ehre sei dem Gott<\/p>\n\n\n\n<p><strong>Dritte Gnade:<\/strong><br>&#8222;Du W\u00e4chter des Paradieses, heiliger Michael, Chef des Engelchores der Throne, st\u00e4rke deine Gl\u00e4ubigen<br>bei d\u00e4monischen Bel\u00e4stigungen und Gebrechlichkeit des Leibes. Amen.&#8220;<\/p>\n\n\n\n<p><strong>Vierter Tag Ehren der Herrschaften<\/strong><\/p>\n\n\n\n<p>&#8222;Heiliger Michael, du Kommandant der guten Engel, begleite und besch\u00fctze mich in deiner G\u00fcte<br>vor den Legionen der b\u00f6sen Geister, damit ich mich im Licht der guten Engel sicher f\u00fchlen kann.<br>Sei mein Verteidiger vor dem Thron des h\u00f6chsten Richters und bes\u00e4nftige Gottes Zorn.<br>St\u00e4rke mich in all meinen Bem\u00fchungen. Lass mich in meinem Lebenskampf gute Fr\u00fcchte bringen zur gr\u00f6sseren Ehre Gottes.<\/p>\n\n\n\n<p>3 x Vater unser, 3 x Ave Maria, 3 x Ehre sei dem Gott<\/p>\n\n\n\n<p><strong>Vierte Gnade:<\/strong><br>&#8222;In Vereinigung mit dem Engelchor der Herrschaften bitten wir dich dem\u00fctig, die Christenheit<br>bei jeder Gelegenheit zu verteidigen, insbesondere den Papst. Mache ihn gl\u00fccklich und vermehre die Gnaden,<br>die er braucht f\u00fcr sein Amt; vermehre seine Gl\u00fcckseligkeit im Himmel und lass ihn einst teilhaben<br>am innerg\u00f6ttlichen Leben mit allen Engeln und Heiligen. Amen.&#8220;<\/p>\n\n\n\n<p><strong>F\u00fcnfter Tag zu Ehren der Kr\u00e4fte<\/strong><\/p>\n\n\n\n<p>&#8222;Heiliger Erzengel Michael, den die Kirche als ihren wahren W\u00e4chter und Besch\u00fctzer ehrt,<br>du hast von Gott die Aufgabe bekommen, die Seelen der Auserw\u00e4hlten in die ewige Seligkeit zu f\u00fchren.<br>Bitte den Herrn, dass er nicht zul\u00e4sst, dass Satan die Gl\u00e4ubigen in Ketten legt und der Kirche schadet.<br>Du selbst packe den Drachen, die alte Schlange, die der Teufel und Satan ist, und schleudere ihn<br>in den Abgrund, damit er nicht l\u00e4nger die V\u00f6lker verf\u00fchre.&#8220;<\/p>\n\n\n\n<p>3 x Vater unser, 3 x Ave Maria, 3 x Ehre sei dem Gott<\/p>\n\n\n\n<p><strong>F\u00fcnfte Gnade:<\/strong><br>&#8222;In Verbindung mit dem Engelchor der Kr\u00e4fte bitten wir dich, heiliger Michael, befreie die dir Anvertrauten<br>aus der Hand ihrer sichtbaren und unsichtbaren Feinde, vor der Heimt\u00fccke falscher Zeugen und vor Meineid in Prozessen. Amen.&#8220;<\/p>\n\n\n\n<p><strong>Sechster Tag Ehren der M\u00e4chte<\/strong><\/p>\n\n\n\n<p>&#8222;Heiliger Erzengel Michael verteidige uns vor den Angriffen des Teufels, damit wir im letzten,<br>schrecklichen Gericht bestehen und vor dem Richter Gnade finden. Als du den Drachen bek\u00e4mpftest,<br>h\u00f6rte man im Himmel eine Stimme, die rief: &#8222;Ruhm und Ehre dem allm\u00e4chtigen Gott!&#8220;<br>Als du vom Himmel herabstiegst, rauschte das Meer und bebte die Erde. Komm dem Volk Gottes zu Hilfe.&#8220;<\/p>\n\n\n\n<p>3 x Vater unser, 3 x Ave Maria, 3 x Ehre sei dem Gott<\/p>\n\n\n\n<p><strong>Sechste Gnade:<\/strong><br>&#8222;In Vereinigung mit dem Chor der M\u00e4chte bitten wir dich, beh\u00fcte unser Land und gib den V\u00f6lkern Frieden. Amen.&#8220;<\/p>\n\n\n\n<p><strong>Siebter Tag Ehren der F\u00fcrstent\u00fcmer<\/strong><\/p>\n\n\n\n<p>&#8222;O heiliger Michael, von Gott beauftragt die himmlischen Heerscharen zu f\u00fchren, erleuchte mein Inneres,<br>st\u00e4rke mein schwaches Herz, das den Verlockungen der Welt ausgesetzt ist.<br>Erhebe meinen Geist, damit ich den engen Pfad zur Vollkommenheit nicht verlasse.&#8220;<\/p>\n\n\n\n<p>3 x Vater unser, 3 x Ave Maria, 3 x Ehre sei dem Gott<\/p>\n\n\n\n<p><strong>Siebte Gnade:<\/strong><br>&#8222;Wir bitten dich, heiliger Michael, du oberster Erzengel, in Vereinigung mit dem Chor der F\u00fcrstent\u00fcmer<br>befreie die Bewohner unseres Landes und unserer Stadt vor k\u00f6rperlichen und vor allem vor seelischen Gebrechen aller Art. Amen.&#8220;<\/p>\n\n\n\n<p><strong>Achter Tag Ehren der Erzengel<\/strong><\/p>\n\n\n\n<p>&#8222;Erzengel Michael, der du die Aufgabe hast unsere Seelen mit deiner Waage zu wiegen<br>und uns im Kampf beizustehen. Deine Sch\u00f6nheit und deine Macht sind unbeschreiblich.<br>Verteidige mich gegen die Feinde meiner Seele und lass mich sp\u00fcren, dass ich bei dir geborgen bin.&#8220;<\/p>\n\n\n\n<p>3 x Vater unser, 3 x Ave Maria, 3 x Ehre sei dem Gott<\/p>\n\n\n\n<p><strong>Achte Gnade:<\/strong><br>&#8222;In Vereinigung mit dem Chor der Erzengel bitten wir dich, heiliger Michael, und die neun Ch\u00f6re der Engel<br>auf uns zu achten in diesem Leben und vor allem uns beizustehen im Todeskampf,<br>wenn du unsere Seele unserem Sch\u00f6pfer \u00fcbergibst, damit wir wie der rechte Sch\u00e4cher mit Jesus ins Paradies gelangen. Amen.&#8220;<\/p>\n\n\n\n<p><strong>Neunter Tag Ehren der Schutzengel<\/strong><\/p>\n\n\n\n<p>&#8222;Glorreicher Erzengel Michael, Schutzpatron der Kirche, du hast von Gott den Auftrag bekommen,<br>die Seelen der Sterbenden vor Gottes Thron zu tragen und dem ewigen Richter zu \u00fcbergeben.<br>Begleitet von meinem Schutzengel, bitte ich dich, komm mir zu Hilfe im letzten Streite,<br>st\u00e4rke mich im Glauben, in der Hoffnung und in der Liebe und f\u00fchre mich in die Gemeinschaft der Engel und aller Auserw\u00e4hlten Gottes.&#8220;<\/p>\n\n\n\n<p>3 x Vater unser, 3 x Ave Maria, 3 x Ehre sei dem Gott<\/p>\n\n\n\n<p><strong>Neunte Gnade:<\/strong><br>&#8222;In Vereinigung mit dem Chor der Schutzengel und der neun Ch\u00f6re der Engel bitten wir dich<br>um deine F\u00fcrsorge f\u00fcr unsere Lieben und alle, die uns anvertraut sind.<br>Befreie unser Vaterland und insbesondere auch unsere Vaterstadt vor Hungersnot, Pest, Krieg,<br>vor Unwettern, Erdbeben und elementaren Sch\u00e4den.<br>Hilf uns, dass wir uns ewig der Anschauung der Heiligsten Dreifaltigkeit Gottes erfreuen d\u00fcrfen<br>in Gemeinschaft mit allen Engeln und Heiligen. Amen.&#8220;<\/p>\n\n\n\n<p><strong>Zum Schlu\u00df der Novene:<\/strong><\/p>\n\n\n\n<p>&#8222;Lobet den Herrn, alle seine Engel, die ihr m\u00e4chtig an Kraft seinen Willen vollzieht.<br>Er hat seinen Engeln deinetwegen befohlen, dass sie dich bewahren auf allen deinen Wegen.<br>Im Angesicht der Engel will ich Dich preisen, mein Gott. Ich will Dich anbeten und Deinen heiligen Namen loben.&#8220;<\/p>\n\n\n\n<p>&#8222;Herr, erh\u00f6re mein Gebet. Und lass mein Rufen zu Dir dringen.&#8220;<\/p>\n\n\n\n<p>&#8222;Lasset uns beten! Allm\u00e4chtiger, ewiger Gott, der Du in Deiner unaussprechlichen G\u00fcte allen Menschen<br>vom Mutterschosse an zum Schutz des Leibes und der Seele einen besonderen Engel beigesellt hast,<br>verleihe mir gn\u00e4dig, meinem heiligen Engel so treu zu folgen und ihn so zu lieben,<br>dass ich durch Deine Gnade und unter seinem Schutz einst zum himmlischen Vaterland gelangen<br>und dort mit ihm und allen heiligen Engeln Dein g\u00f6ttliches Angesicht zu schauen verdiene. Durch Christus, unseren Herrn. Amen.&#8220;<\/p>\n\n\n\n<p><strong>Novenengebet zum heiligen Erzengel Michael<\/strong><\/p>\n\n\n\n<p>Heiliger Erzengel Michael, Du tr\u00e4gst die Gebete der Gerechten vor den Thron Gottes.<br>Du wurdest geschaut im Hause des Herrn, das goldene Weihrauchgef\u00e4\u00df in den H\u00e4nden.<br>Die duftenden Wolken entstiegen der Schale und str\u00f6mten zum Angesicht Gottes empor (seliger Alkuin).<\/p>\n\n\n\n<p>Heiliger Erzengel Michael, hilf auch mir, dass ich mit tiefer Andacht die Heilige Messe mitfeiere,<br>bei der die heiligen Engel unsichtbar gegenw\u00e4rtig sind und mein Eifer im Gebet nicht erlahmen m\u00f6ge.<br>St. Michael, Du bist einer der Sieben, die allzeit das heilige Antlitz Gottes schauen, der F\u00fcrst der Seraphim.<br>Bitte f\u00fcr mich, dass die Glut Deiner Gottesliebe, einer flammenden Fackel gleich, auch meine Seele entz\u00fcnden m\u00f6ge.<br>[size=14][\/size]Erbitte Du f\u00fcr mich die Gnade (\u2026), vereint mit der Gottesmutter Maria, der K\u00f6nigin der Engel.<br>Vater unser. Gegr\u00fc\u00dfet seist Du Maria. Ehre sei dem Vater.<\/p>\n\n\n\n<p>Heiliger Erzengel Michael, mit Deinem Lichte erleuchte uns!<br>Heiliger Erzengel Michael, mit Deinen Fl\u00fcgeln beschirme uns!<br>Heiliger Erzengel Michael, mit Deinem Schwerte verteidige uns!<\/p>\n","protected":false},"excerpt":{"rendered":"<p>T\u00e4gliche Gebete &#8222;Unserer Hilfe ist im Namen des Herrn, der Himmel und Erde erschaffen hat.&#8220; &#8222;Ich bekenne Gott, dem Allm\u00e4chtigen, der seligen allzeit reinen Jungfrau Maria, dem heiligen Erzengel Michael,dem heiligen Johannes dem T\u00e4ufer, den heiligen Aposteln Petrus und Paulus, &hellip; <a href=\"https:\/\/ecclesiae.de\/blog\/?page_id=10738\">Weiterlesen <span class=\"meta-nav\">&rarr;<\/span><\/a><\/p>\n","protected":false},"author":3,"featured_media":0,"parent":10370,"menu_order":0,"comment_status":"closed","ping_status":"closed","template":"","meta":{"footnotes":""},"class_list":["post-10738","page","type-page","status-publish","hentry"],"_links":{"self":[{"href":"https:\/\/ecclesiae.de\/blog\/index.php?rest_route=\/wp\/v2\/pages\/10738","targetHints":{"allow":["GET"]}}],"collection":[{"href":"https:\/\/ecclesiae.de\/blog\/index.php?rest_route=\/wp\/v2\/pages"}],"about":[{"href":"https:\/\/ecclesiae.de\/blog\/index.php?rest_route=\/wp\/v2\/types\/page"}],"author":[{"embeddable":true,"href":"https:\/\/ecclesiae.de\/blog\/index.php?rest_route=\/wp\/v2\/users\/3"}],"replies":[{"embeddable":true,"href":"https:\/\/ecclesiae.de\/blog\/index.php?rest_route=%2Fwp%2Fv2%2Fcomments&post=10738"}],"version-history":[{"count":1,"href":"https:\/\/ecclesiae.de\/blog\/index.php?rest_route=\/wp\/v2\/pages\/10738\/revisions"}],"predecessor-version":[{"id":10739,"href":"https:\/\/ecclesiae.de\/blog\/index.php?rest_route=\/wp\/v2\/pages\/10738\/revisions\/10739"}],"up":[{"embeddable":true,"href":"https:\/\/ecclesiae.de\/blog\/index.php?rest_route=\/wp\/v2\/pages\/10370"}],"wp:attachment":[{"href":"https:\/\/ecclesiae.de\/blog\/index.php?rest_route=%2Fwp%2Fv2%2Fmedia&parent=10738"}],"curies":[{"name":"wp","href":"https:\/\/api.w.org\/{rel}","templated":true}]}}