{"id":10750,"date":"2022-07-24T15:08:30","date_gmt":"2022-07-24T15:08:30","guid":{"rendered":"http:\/\/ecclesiae.de\/blog\/?page_id=10750"},"modified":"2022-07-24T15:08:30","modified_gmt":"2022-07-24T15:08:30","slug":"novene-zur-hl-maria-goretti","status":"publish","type":"page","link":"https:\/\/ecclesiae.de\/blog\/?page_id=10750","title":{"rendered":"Novene zur hl. Maria Goretti"},"content":{"rendered":"\n<p><br>Am 28. Juni beginnt die Novene zur hl. Maria Goretti, Schutzheilige der Amici di Dio.<br><br><strong>Die Novene:<\/strong><br><strong>Vorbereitungsgebet f\u00fcr jeden Novenentag:<\/strong><br>Selig, die reinen Herzens sind, denn sie werden Gott schauen!<br>Heilige Maria Goretti, wie gro\u00df war deine Liebe zu Gott und zur heiligen Reinheit, dass du als Zw\u00f6lfj\u00e4hrige sogar Blut und Leben hingabst, um die Lilie der Jungfr\u00e4ulichkeit zu verteidigen.<br>Du wolltest lieber in den Tod gehen, als schwer s\u00fcndigen.<br>Ich bitte dich um deinen Schutz und deine F\u00fcrsprache f\u00fcr mich und alle, die in Gefahr sind, die Reinheit zu verlieren.<br>Erwirke mir von Gott tiefe Abscheu vor der S\u00fcnde. Hilf mir, jeden gef\u00e4hrlichen Umgang zu meiden.<br>Erflehe mir gro\u00dfe Liebe zur heiligen Eucharistie und zu Maria, der reinsten Jungfrau. Ich danke Gott unabl\u00e4ssig f\u00fcr deine gro\u00dfen Gnaden und Tugenden.<br>\u00a0<br><strong>1. Tag:<\/strong><br>Heilige Maria Goretti, ich will nun eine neunt\u00e4gige Andacht zu deiner Ehre beginnen und bitte dich um Hilfe f\u00fcr mich (f\u00fcr gef\u00e4hrdete S\u00f6hne, T\u00f6chter oder Anvertraute usw.). Du lerntest die Armut, die Not und die Sorgen des Lebens schon fr\u00fch kennen. Aus Liebe zu Gott trugst du die H\u00e4rte des Alltags ohne Klage. Du halfst deinen Eltern, wo du nur konntest.<br>Lehre mich, in Not und Schwierigkeiten nach deinem Beispiel alles geduldig und aus Liebe zu Gott zu ertragen. Erbitte mir ein mitleidiges Herz f\u00fcr fremde Not.<br>\u00a0<br>Vaterunser\u2026 Gegr\u00fc\u00dft seist du, Maria\u2026 Ehre sei\u2026<br>\u00a0<br><strong>2. Tag:<\/strong><br>Heilige Maria Goretti, nach dem fr\u00fchen Tode deines Vaters standest du deiner leidgepr\u00fcften Mutter tapfer bei.<br>Schon mit zehn Jahren besorgtest du den Haushalt. So wurdest du der Mutter eine unentbehrliche Hilfe und den Geschwistern ein Sonnenschein.<br>Lehre mich, wie du den Willen Gottes zu tun, froh und gewissenhaft meine Pflicht zu erf\u00fcllen und auch im Kleinsten treu zu sein.<br>Erbitte Kindern wie Erwachsenen die Einsicht, dass Gebet und Arbeit die christliche Grundlage zur Heiligkeit ist. Schirme die Jugendlichen vor der Sucht nach Vergn\u00fcgen.<br>\u00a0<br>Vaterunser\u2026 Gegr\u00fc\u00dft seist du, Maria\u2026 Ehre sei\u2026<br>\u00a0<br><strong>3. Tag:<\/strong><br>Heilige Maria Goretti, du \u00fcbtest in eifriger Nachahmung des Jesusknaben die Tugend des Gehorsams.<br>In den Eltern und Erziehern sahst du die Stellvertreter Gottes.Erbitte mir die Gnade, das Familienleben mehr zu heiligen.<br>Erflehe den Eltern Opfermut und den Kindern ehrf\u00fcrchtige Liebe und frohen Gehorsam.<br>Opfere dem Allerh\u00f6chsten die Verdienste der Heiligen Familie auf zur S\u00fchne f\u00fcr die Schuld vieler Kinder, die ihren Eltern und Vorgesetzten die geb\u00fchrende Ehrfurcht nicht erweisen.<br>Vermittle den Eltern, die die Kinder als eine Last betrachten, den besonderen Beistand der Mutter Jesu und des heiligen Josef.<br>\u00a0<br>Vaterunser\u2026 Gegr\u00fc\u00dft seist du, Maria\u2026 Ehre sei\u2026<br>\u00a0<br><strong>4. Tag:<\/strong><br>Heilige Maria Goretti, mit kindlicher Liebe wandtest du dich immer wieder an die Immaculata. Du nahmst in Not und Versuchung deine Zuflucht zu ihr.<br>Du \u00fcbergabst deine durch den leidenschaftlichen P\u00e4chtersohn Alesandro Serenelli bedrohte Reinheit der unbefleckten Jungfrau und Gottesmutter Maria.<br>Der Rosenkranz und der Englische Gru\u00df blieben durch all die schweren Jahre deine t\u00e4glichen Lieblingsgebete.<br>Deine gro\u00dfe Verbundenheit mit der Gottesmutter brachte dich immer mehr zu Jesus.Hilf mir, den Englischen Gru\u00df und den Rosenkranz zu sch\u00e4tzen und t\u00e4glich zu beten.<br>Erbitte mir und der ganzen katholischen Jugend die Gnade, die Gottesmutter immer inniger zu lieben und zu verehren.<br>\u00a0<br>Vaterunser\u2026 Gegr\u00fc\u00dft seist du, Maria\u2026 Ehre sei\u2026<br>\u00a0<br><strong>5. Tag:<\/strong><br>Heilige Maria Goretti, durch dein frohes, bescheidenes Wesen gabst du deiner Umwelt, erwachsenen wie Kindern, ein gutes Beispiel.<br>Deinen f\u00fcnf Geschwistern warst du deine liebevolle Lehrmeisterin. Du wecktest in ihren Herzen die Liebe zu Gott und Maria.<br>Dein sittsames Benehmen wurde f\u00fcr alle eine unvergessliche Lehre.Bitte f\u00fcr mich, dass ich wie du, mutig den Weg der Pflicht und der Gebote Gottes gehe und allen ein gutes Beispiel gebe.<br>\u00a0<br>Vaterunser\u2026 Gegr\u00fc\u00dft seist du, Maria\u2026 Ehre sei\u2026<br>\u00a0<br><strong>6. Tag:<\/strong><br>Heilige Maria Goretti, mit gro\u00dfem Eifer besuchtest du den Religionsunterricht und bereitetest dich ernsthaft auf die erste heilige Kommunion vor.<br>F\u00fcnf Wochen vor deinem Martyrium, am Fronleichnamsfest 1902, durftest du zum ersten Mal Jesus in der heiligen Hostie empfangen.<br>Dem g\u00f6ttlichen Heiland versprachst du damals, treu zu bleiben und eher zu sterben, als schwer zu s\u00fcndigen.<br>Bitte und flehe f\u00fcr die Erstkommunikanten, damit sie Christus ihr Leben lang treu bleiben. Hilf ihnen und auch mir, Jesus immer mehr zu lieben und ihm zu gefallen.<br>Erbitte mir die Gnade, dass nicht mehr ich lebe, sondern Jesus in mir durch die h\u00e4ufige, gut vorbereitete heilige Kommunion.<br>\u00a0<br>Vaterunser\u2026 Gegr\u00fc\u00dft seist du, Maria\u2026 Ehre sei\u2026<br>\u00a0<br><strong>7. Tag:<\/strong><br>Heilige Maria Goretti, durch die Gnade Gottes und den Unterricht lerntest du immer mehr die heilige Reinheit sch\u00e4tzen und lieben.<br>Um nichts in der Welt wolltest du die Lilie der Keuschheit preisgeben.<br>Alesandro, der durch schlechte Schriften verdorben worden war und dir st\u00e4ndig heimlich nachstellte, verbot dir unter Todesdrohung dar\u00fcber zu sprechen.<br>Obwohl du deine Mutter innig batest, dich nicht mehr allein mit dem Kleinsten zu Hause zu lassen,<br>musstest du weiterhin unbesch\u00fctzt den Haushalt besorgen, w\u00e4hrend die anderen auf dem Felde arbeiteten. Der Mutter blieb dein gro\u00dfes Leid verborgen.<br>Du aber nahmst deine Zuflucht vermehrt zu Gott und Maria.Komm, du reine Lilie unter den Heiligen und strecke schirmend deine H\u00e4nde aus \u00fcber die Versuchten und Gef\u00e4hrdeten.<br>Lasse die Bedr\u00e4ngten nicht allein und mache die Vorgesetzten hellh\u00f6rig und scharfsichtig, denn so mancher junge Mensch ist am Arbeitsplatz oder in seinem Milieu bedroht<br>und kann sich nicht wehren. Bitte auch f\u00fcr mich in jeder Situation des Lebens und lenke alles Gef\u00e4hrliche von mir ab.<br>\u00a0<br>Vaterunser\u2026 Gegr\u00fc\u00dft seist du, Maria\u2026 Ehre sei\u2026<br>\u00a0<br><strong>8. Tag:<\/strong><br>Heilige Maria Goretti, am 5. Juli 1902, an einem Samstag gegen Mittag, wollte dich der verdorbene Alesandro zwingen, dein Reinheitsideal aufzugeben.<br>Dein l\u00f6wenhafter Widerstand reizte ihn so sehr, dass er dich durch 14 tiefe und vier leichtere Messerstiche verwundete.<br>Bitte f\u00fcr die Jugendlichen, die so leicht bereit sind, ihr kostbarstes Gut, die Taufunschuld und die heilige Reinheit gegen die Lust der S\u00fcnde einzutauschen.<br>Stehe den Versuchten bei, damit Jesus nicht aus ihren Seelen vertrieben wird. Eile auch mir in allen Gefahren zu Hilfe.<br>\u00a0<br>Vaterunser\u2026 Gegr\u00fc\u00dft seist du, Maria\u2026 Ehre sei\u2026<br>\u00a0<br><strong>9. Tag:<\/strong><br>Heilige Maria Goretti, in den letzten 24 Stunden deines Lebens wurde die Gr\u00f6\u00dfe deiner Seele besonders sichtbar.<br>Nach der t\u00f6dlichen Verletzung durch Alesandro wurdest du ins Hospital von Nettuno gebracht und dort zwei Stunden lang bei vollem Bewusstsein operiert.<br>In deinen Schmerzen riefst du immer wieder nach Jesus und Maria.<br>An deinem M\u00f6rder \u00fcbtest du heldenm\u00fctige Feindesliebe und versprachst, ihm vom Himmel aus die Bekehrung erbitten zu wollen.<br>Am 6. Juli durftest du heimgehen in die ewige Freude. Um deiner Schmerzen, Wunden und des vergossenen Blutes willen eile mir und allen zu Hilfe, die dich anrufen und verehren.<br>Beh\u00fcte die Versuchten und Gef\u00e4hrdeten und bekehre die Gefallenen. Hilf mir in meinem jetzigen Anliegen.<br>\u00a0<br>Vaterunser\u2026 Gegr\u00fc\u00dft seist du, Maria\u2026 Ehre sei\u2026<br><br>Q: <a rel=\"noreferrer noopener\" href=\"http:\/\/www.freundeskreis-maria-goretti.de\" target=\"_blank\">http:\/\/www.freundeskreis-maria-goretti.de<\/a><\/p>\n","protected":false},"excerpt":{"rendered":"<p>Am 28. Juni beginnt die Novene zur hl. Maria Goretti, Schutzheilige der Amici di Dio. Die Novene:Vorbereitungsgebet f\u00fcr jeden Novenentag:Selig, die reinen Herzens sind, denn sie werden Gott schauen!Heilige Maria Goretti, wie gro\u00df war deine Liebe zu Gott und zur &hellip; <a href=\"https:\/\/ecclesiae.de\/blog\/?page_id=10750\">Weiterlesen <span class=\"meta-nav\">&rarr;<\/span><\/a><\/p>\n","protected":false},"author":3,"featured_media":0,"parent":10370,"menu_order":0,"comment_status":"closed","ping_status":"closed","template":"","meta":{"footnotes":""},"class_list":["post-10750","page","type-page","status-publish","hentry"],"_links":{"self":[{"href":"https:\/\/ecclesiae.de\/blog\/index.php?rest_route=\/wp\/v2\/pages\/10750","targetHints":{"allow":["GET"]}}],"collection":[{"href":"https:\/\/ecclesiae.de\/blog\/index.php?rest_route=\/wp\/v2\/pages"}],"about":[{"href":"https:\/\/ecclesiae.de\/blog\/index.php?rest_route=\/wp\/v2\/types\/page"}],"author":[{"embeddable":true,"href":"https:\/\/ecclesiae.de\/blog\/index.php?rest_route=\/wp\/v2\/users\/3"}],"replies":[{"embeddable":true,"href":"https:\/\/ecclesiae.de\/blog\/index.php?rest_route=%2Fwp%2Fv2%2Fcomments&post=10750"}],"version-history":[{"count":1,"href":"https:\/\/ecclesiae.de\/blog\/index.php?rest_route=\/wp\/v2\/pages\/10750\/revisions"}],"predecessor-version":[{"id":10751,"href":"https:\/\/ecclesiae.de\/blog\/index.php?rest_route=\/wp\/v2\/pages\/10750\/revisions\/10751"}],"up":[{"embeddable":true,"href":"https:\/\/ecclesiae.de\/blog\/index.php?rest_route=\/wp\/v2\/pages\/10370"}],"wp:attachment":[{"href":"https:\/\/ecclesiae.de\/blog\/index.php?rest_route=%2Fwp%2Fv2%2Fmedia&parent=10750"}],"curies":[{"name":"wp","href":"https:\/\/api.w.org\/{rel}","templated":true}]}}