{"id":10752,"date":"2022-07-25T08:25:09","date_gmt":"2022-07-25T08:25:09","guid":{"rendered":"http:\/\/ecclesiae.de\/blog\/?page_id=10752"},"modified":"2022-07-25T08:25:09","modified_gmt":"2022-07-25T08:25:09","slug":"suehnegebet-der-ehrenwache-des-heiligsten-herzen-jesu","status":"publish","type":"page","link":"https:\/\/ecclesiae.de\/blog\/?page_id=10752","title":{"rendered":"S\u00fchnegebet der Ehrenwache des Heiligsten Herzen Jesu"},"content":{"rendered":"\n<p><br>G\u00f6ttlicher Heiland Jesus Christus, lasse Dich gn\u00e4dig herab, einen Blick der Erbarmung auf Deine treuen Verehrer zu werfen,, die hier in demselben Geiste des Glaubens der Genugtuung und der Liebe versammelt sind, um zu Deinen F\u00fc\u00dfen ihre eigene Untreue und jene aller armen S\u00fcnder, ihrer Br\u00fcder zu beweinen! O k\u00f6nnten wir durch die einstimmigen und feierlichen Versprechen, die wir dir jetzt machen wollen, Dein g\u00f6ttliches Herz r\u00fchren und Barmherzigkeit erlangen f\u00fcr uns, die ungl\u00fcckliche und s\u00fcndhafte Welt sowie f\u00fcr alle, die nicht das Gl\u00fcck haben, Dich zu lieben!<br><br>F\u00fcr die Vergessenheit und den Undank der Menschen, &#8211; Wollen wir dich tr\u00f6sten o Herr!<br>F\u00fcr Deine Verlassenheit im heiligen Tabernakel \u2013Wollen wir&#8230;<br>F\u00fcr die Verbrechen der S\u00fcnder, &#8211; wollen wir Dich tr\u00f6sten..<br>F\u00fcr den Hass \u2013<br>F\u00fcr die Gottesl\u00e4sterungen, &#8211;<br>f\u00fcr die Schm\u00e4hungen gegen Deine Gottheit, &#8211;<br>F\u00fcr den vielfachen Gottesraub, wodurch man das heilige Sakrament Deiner Liebe entehrt, &#8211;<br>F\u00fcr die Beschimpfungen und Unehrerbietigkeiten, die in Deiner anbetungsw\u00fcrdigen Gegenwart begangen werden, &#8211;<br>F\u00fcr die Treuelosigkeit, deren anbetungsw\u00fcrdiges Opfer Du bist, &#8211;<br>F\u00fcr den Kaltsinn des gr\u00f6\u00dften Teils Deiner Kinder, &#8211;<br>F\u00fcr die Verachtung Deiner zuvorkommenden Liebe, &#8211;<br>F\u00fcr die Untreue jener, die sich Deine Freunde nennen, &#8211;<br>F\u00fcr den Missbrauch Deiner Gnaden, &#8211;<br>F\u00fcr unsere eigenen Treulosigkeiten, &#8211;<br>F\u00fcr die unbegreifliche H\u00e4rte unserer Herzen, &#8211;<br>F\u00fcr unsere Lauheit in Deiner Liebe, &#8211;<br>F\u00fcr die bittere Traurigkeit, in die Dich der Verlust der Seelen versenkt hat, &#8211;<br>F\u00fcr das lange Warten an der T\u00fcr unserer Herzen, &#8211;<br>F\u00fcr unsere Nachl\u00e4ssigkeit in Deinem heiligen Dienste, &#8211;<br>F\u00fcr die bitteren Zur\u00fcckweisungen, mit denen wir Deine Liebe vergelten, &#8211;<br>F\u00fcr die Seufzer Deiner Liebe, &#8211;<br>F\u00fcr die Tr\u00e4nen Deiner Liebe, &#8211;<br>F\u00fcr die Gefangenschaft aus Liebe, &#8211;<br>F\u00fcr das Martertum Deiner Liebe, &#8211;<br>Lasset uns beten!<br>G\u00f6ttlicher Heiland Jesus Christus, Du lie\u00dfest aus Deinem Herzen die schmerzliche Klage hervor gehen: \u201eIch habe Tr\u00f6ster gesucht und keine gefunden!\u201c la\u00df Dich herab, den schwachen Tribut unserer Tr\u00f6stungen gn\u00e4dig anzunehmen und verleihe uns den m\u00e4chtigen Beistand Deiner Gnade, damit wir in Zukunft mehr und mehr alles fliehen was Dir missfallen k\u00f6nnte und dass wir uns immer und \u00fcberall als Deine treuen und ergebenen Verehrer erweisen! Wir bitten Dich darum durch Dein heiligstes Herz, der Du als gleicher Gott mit dem Vater und dem Heiligen Geist lebst und herrschest von Ewigkeit zu Ewigkeit. Amen.<\/p>\n","protected":false},"excerpt":{"rendered":"<p>G\u00f6ttlicher Heiland Jesus Christus, lasse Dich gn\u00e4dig herab, einen Blick der Erbarmung auf Deine treuen Verehrer zu werfen,, die hier in demselben Geiste des Glaubens der Genugtuung und der Liebe versammelt sind, um zu Deinen F\u00fc\u00dfen ihre eigene Untreue und &hellip; <a href=\"https:\/\/ecclesiae.de\/blog\/?page_id=10752\">Weiterlesen <span class=\"meta-nav\">&rarr;<\/span><\/a><\/p>\n","protected":false},"author":3,"featured_media":0,"parent":10545,"menu_order":0,"comment_status":"closed","ping_status":"closed","template":"","meta":{"footnotes":""},"class_list":["post-10752","page","type-page","status-publish","hentry"],"_links":{"self":[{"href":"https:\/\/ecclesiae.de\/blog\/index.php?rest_route=\/wp\/v2\/pages\/10752","targetHints":{"allow":["GET"]}}],"collection":[{"href":"https:\/\/ecclesiae.de\/blog\/index.php?rest_route=\/wp\/v2\/pages"}],"about":[{"href":"https:\/\/ecclesiae.de\/blog\/index.php?rest_route=\/wp\/v2\/types\/page"}],"author":[{"embeddable":true,"href":"https:\/\/ecclesiae.de\/blog\/index.php?rest_route=\/wp\/v2\/users\/3"}],"replies":[{"embeddable":true,"href":"https:\/\/ecclesiae.de\/blog\/index.php?rest_route=%2Fwp%2Fv2%2Fcomments&post=10752"}],"version-history":[{"count":1,"href":"https:\/\/ecclesiae.de\/blog\/index.php?rest_route=\/wp\/v2\/pages\/10752\/revisions"}],"predecessor-version":[{"id":10753,"href":"https:\/\/ecclesiae.de\/blog\/index.php?rest_route=\/wp\/v2\/pages\/10752\/revisions\/10753"}],"up":[{"embeddable":true,"href":"https:\/\/ecclesiae.de\/blog\/index.php?rest_route=\/wp\/v2\/pages\/10545"}],"wp:attachment":[{"href":"https:\/\/ecclesiae.de\/blog\/index.php?rest_route=%2Fwp%2Fv2%2Fmedia&parent=10752"}],"curies":[{"name":"wp","href":"https:\/\/api.w.org\/{rel}","templated":true}]}}