{"id":10756,"date":"2022-07-25T08:33:01","date_gmt":"2022-07-25T08:33:01","guid":{"rendered":"http:\/\/ecclesiae.de\/blog\/?page_id=10756"},"modified":"2022-07-25T08:33:01","modified_gmt":"2022-07-25T08:33:01","slug":"reuegebet","status":"publish","type":"page","link":"https:\/\/ecclesiae.de\/blog\/?page_id=10756","title":{"rendered":"Reuegebet"},"content":{"rendered":"\n<p><br>Barmherziger, g\u00fctiger Gott, lass Dich herab, auf uns arme, elende Gesch\u00f6pfe, denselben Blick des Mitleids zu werfen,<br>mit dem Du Deinen g\u00f6ttlichen Sohn angeschaut, als er im \u00d6lgarten vor Deinem Angesichte zur Erde niedergeworfen lag,<br>das Herz gebrochen vor Schmerz \u00fcber die S\u00fcnden der ganzen Welt.<br>Wir erkennen und bekennen unsere gro\u00dfe Schuld und beteuern in aufrichtiger Bu\u00dfgesinnung:<br>Dass wir ges\u00fcndigt haben, &#8211; Bereuen wir von Herzen!<br>Dass wir so oft und schwer ges\u00fcndigt haben, &#8211; \u00a0Bereuen wir von Herzen!<br>Dass wir in Gedanken, Worten und Werken ges\u00fcndigt haben. &#8211; Bereuen wir von Herzen!<br>Dass wir so vors\u00e4tzlich und freventlich ges\u00fcndigt haben, &#8211; \u00a0Bereuen wir von Herzen!<br>Dass wir so vieler Nachl\u00e4ssigkeiten und Vers\u00e4umnisse uns schuldig gemacht haben, &#8211; Bereuen wir von Herzen!<br>Dass wir Deine heiligen Gebote so vermessentlich \u00fcbertreten haben,- \u00a0Bereuen wir von Herzen!<br>Dass wir Deine Allmacht nicht gef\u00fcrchtet haben, &#8211; Bereuen wir von Herzen!<br>Dass wir Deine G\u00fcte und Langmut missbraucht haben, &#8211; Bereuen wir von Herzen!<br>Dass wir die Wunden und Schmerzen Deines Sohnes, unseres Herrn und Erl\u00f6sers erneuert haben, &#8211; Bereuen wir von Herzen!<br>Dass wir Deine gerechte Strafen in dieser und in der anderen Welt dadurch verdient haben, \u00a0&#8211; Bereuen wir von Herzen!<br>Weil wir Dich, o Gott, durch unsere S\u00fcnden beleidigt haben, \u00a0&#8211; Bereuen wir von Herzen!<br>Weil wir Dich dadurch erz\u00fcrnt haben, &#8211; Bereuen wir sie von Herzen!<br>Weil wir Dir dadurch missf\u00e4llig geworden sind, &#8211; Bereuen wir von Herzen!<br>Weil wir Dich jetzt \u00fcber alles lieben,- Bereuen wir alle unsere S\u00fcnden!<br>In Vereinigung mit jener innigen Liebesreue, die Deine heiligen B\u00fc\u00dfer empfunden haben, &#8211; Bereuen wir alle unsere S\u00fcnden!<br>In Vereinigung mit jenem Abscheu vor jeder, auch der geringsten S\u00fcnde,<br>den Deine heilige jungfr\u00e4uliche Mutter stets in sich getragen hat,<br>In Vereinigung mit jenem namenlosen Schmerz, den Jesus,<br>Dein g\u00f6ttlicher Sohn, am \u00d6lberge wegen unserer und der ganzen Welt S\u00fcnden in seinem liebevollen Herzen empfunden hat,<br><br>Lasset uns beten!<br>O Gott, der Du durch die S\u00fcnde beleidigt, durch die Bu\u00dfe aber wieder vers\u00f6hnt wirst,<br>siehe gn\u00e4dig auf das Gebet Deines flehenden Volkes und wende und wende uns ab die Gei\u00dfel<br>Deines Zornes, die wir durch unsere S\u00fcnden verdient haben. Amen.<br>Impr. 1949<\/p>\n","protected":false},"excerpt":{"rendered":"<p>Barmherziger, g\u00fctiger Gott, lass Dich herab, auf uns arme, elende Gesch\u00f6pfe, denselben Blick des Mitleids zu werfen,mit dem Du Deinen g\u00f6ttlichen Sohn angeschaut, als er im \u00d6lgarten vor Deinem Angesichte zur Erde niedergeworfen lag,das Herz gebrochen vor Schmerz \u00fcber die &hellip; <a href=\"https:\/\/ecclesiae.de\/blog\/?page_id=10756\">Weiterlesen <span class=\"meta-nav\">&rarr;<\/span><\/a><\/p>\n","protected":false},"author":3,"featured_media":0,"parent":10545,"menu_order":0,"comment_status":"closed","ping_status":"closed","template":"","meta":{"footnotes":""},"class_list":["post-10756","page","type-page","status-publish","hentry"],"_links":{"self":[{"href":"https:\/\/ecclesiae.de\/blog\/index.php?rest_route=\/wp\/v2\/pages\/10756","targetHints":{"allow":["GET"]}}],"collection":[{"href":"https:\/\/ecclesiae.de\/blog\/index.php?rest_route=\/wp\/v2\/pages"}],"about":[{"href":"https:\/\/ecclesiae.de\/blog\/index.php?rest_route=\/wp\/v2\/types\/page"}],"author":[{"embeddable":true,"href":"https:\/\/ecclesiae.de\/blog\/index.php?rest_route=\/wp\/v2\/users\/3"}],"replies":[{"embeddable":true,"href":"https:\/\/ecclesiae.de\/blog\/index.php?rest_route=%2Fwp%2Fv2%2Fcomments&post=10756"}],"version-history":[{"count":1,"href":"https:\/\/ecclesiae.de\/blog\/index.php?rest_route=\/wp\/v2\/pages\/10756\/revisions"}],"predecessor-version":[{"id":10757,"href":"https:\/\/ecclesiae.de\/blog\/index.php?rest_route=\/wp\/v2\/pages\/10756\/revisions\/10757"}],"up":[{"embeddable":true,"href":"https:\/\/ecclesiae.de\/blog\/index.php?rest_route=\/wp\/v2\/pages\/10545"}],"wp:attachment":[{"href":"https:\/\/ecclesiae.de\/blog\/index.php?rest_route=%2Fwp%2Fv2%2Fmedia&parent=10756"}],"curies":[{"name":"wp","href":"https:\/\/api.w.org\/{rel}","templated":true}]}}