{"id":10780,"date":"2022-07-25T09:13:01","date_gmt":"2022-07-25T09:13:01","guid":{"rendered":"http:\/\/ecclesiae.de\/blog\/?page_id=10780"},"modified":"2022-07-25T09:13:01","modified_gmt":"2022-07-25T09:13:01","slug":"dankgebet","status":"publish","type":"page","link":"https:\/\/ecclesiae.de\/blog\/?page_id=10780","title":{"rendered":"Dankgebet"},"content":{"rendered":"\n<p>Himmlischer Vater, DU bist die ewige Liebe,<br>Deine Allmacht, Weisheit und treusorgende Vaterg\u00fcte ist unerme\u00dflich,<br>Deine Liebe und Barmherzigkeit ohne Grenzen,<br>Deine Gnaden und Wohltaten unersch\u00f6pflich.<br>T\u00e4glich beschenkst Du uns mit \u00fcberreichen Gaben,<br>T\u00e4glich wollen wir Dir danken.<br>Von Dir allein kommt alles Gute, und nichts ist gut au\u00dfer Dir.<br>Darum sei Dir von allen Gesch\u00f6pfen Himmels und der Erde ewig Preis und Dank gesagt.<br>Unser Dank, vereint mit Maria, allen Engeln und Heiligen, soll nie enden, bis wir Dich einst loben und preisen d\u00fcrfen in Deiner ewigen Herrlichkeit. Amen.<br>Wir wollen Gott, dem allm\u00e4chtigen Vater, ewigen herzinnigen Dank sagen f\u00fcr seinen eingeborenen Sohn, Jesus Christus, unseren g\u00f6ttlichen Erl\u00f6ser.<br>Alle: <strong>Wir danken von ganzem Herzen!<\/strong><br>Danken wollen wir unserem lieben Heiland f\u00fcr sein Ja in seiner bitteren \u00d6lbergnacht, wo Er unsere vielen S\u00fcnden auf sich nahm,<br>und Er, der Reinste unter den Menschenkindern, als Gottessohn, all unsere Schuld zu tilgen verlangte vor seinem und unserem himmlischen Vater,<br>durch sein qualvolles Leiden und Sterben, um uns dadurch die ewige Seligkeit zu erwerben.<br><strong>Wir danken von ganzem Herzen!<\/strong><br>Danken wollen wir dem Heiligen Geist, der uns zur Erkenntnis der Wahrheit f\u00fchrt. \u00a0<br><strong>Wir danken von ganzem Herzen!<\/strong><br>Danken wollen wir f\u00fcr unsere liebe Himmelsmutter, die Unbefleckte Empf\u00e4ngnis und Gottesmutter Maria, unser vollkommenstes Vorbild des christlichen Lebens,<br>unsere Miterl\u00f6serin, Mittlerin und F\u00fcrsprecherin und ihre unerme\u00dflich gro\u00dfe Liebe und Barmherzigkeit zu uns Menschen. \u00a0<br><strong>Wir danken von ganzem Herzen!<\/strong><br>Danken wollen wir unserem ewigen Hohenpriester Jesus Christus f\u00fcr das Priestertum, das Er uns geschenkt hat, als Vermittlung zwischen Gott und den Menschen.<br><strong>Wir danken von ganzem Herzen!<\/strong><br>Danken wollen wir f\u00fcr das Ja zu unserem Leben und f\u00fcr die heilige Taufe, durch die wir zu Kindern Gottes und Erben des Himmels geworden sind. \u00a0<br><strong>Wir danken von ganzem Herzen!<\/strong><br>Danken wollen wir Jesus f\u00fcr die liebevolle Verzeihung all unserer S\u00fcnden im heiligen Bu\u00dfsakrament.<br><strong>Wir danken von ganzem Herzen!<\/strong><br>Danken wollen wir Jesus f\u00fcr alle heiligen Messen und seine gnadenreiche Seelenspeise. \u00a0<br><strong>Wir danken von ganzem Herzen!<\/strong><br>Danken wollen wir f\u00fcr das Sakrament der heiligen Firmung, durch das Er uns zu Streitern Christi ausger\u00fcstet hat. \u00a0<br><strong>Wir danken von ganzem Herzen!<\/strong><br>Danken wollen wir f\u00fcr unsere guten Schutzengel, unsere getreuen Ermahner und liebevollen Besch\u00fctzer. \u00a0<br><strong>Wir danken von ganzem Herzen!<\/strong><br>Danken wollen wir f\u00fcr unsere F\u00fcrsprecher am Throne Gottes und ihre gro\u00dfe Hilfsbereitschaft. \u00a0<br><strong>Wir danken von ganzem Herzen!<\/strong><br>Herzinnigen Dank unserer lieben Himmelsmutter f\u00fcr Ihre S\u00fchneleistung als Ersatz f\u00fcr unsere Undankbarkeit. \u00a0<br><strong>Wir danken von ganzem Herzen!<\/strong><br>Danken wollen wir der Heiligsten Dreifaltigkeit, unserer lieben Himmelsmutter und allen M\u00e4chten des Himmels f\u00fcr die wunderbare F\u00fchrung und Kraft,<br>mit der wir im Weinberg unseres lieben Herrn und Heilandes arbeiten d\u00fcrfen. \u00a0<br><strong>Wir danken von ganzem Herzen!<\/strong><br>Danken wollen wir der Heiligsten Dreifaltigkeit f\u00fcr unsere Eltern und christlichen Erzieher, f\u00fcr unsere Gesundheit, f\u00fcr unsern Arbeitsplatz und f\u00fcr alle segensreichen Krankheiten. \u00a0<br><strong>Wir danken von ganzem Herzen!<\/strong><br>Danken wollen wir f\u00fcr alle Gnaden der Liebe, Demut, Geduld, Sanftmut, Ruhe, Dankbarkeit, Gottesfurcht, Weisheit, Ergebung, Enthaltsamkeit, Kraft, Reinheit des Schweigens und der Heiligkeit. \u00a0<br><strong>Wir danken von ganzem Herzen!<\/strong><br>Danken wollen wir dem gro\u00dfen Gott f\u00fcr alle Freunde, die uns in Freud und Leid zur Seite stehen. \u00a0<br><strong>Wir danken von ganzem Herzen!<\/strong><br>Danken wollen wir f\u00fcr alle Feinde und Widerw\u00e4rtigkeiten, an denen wir uns den Himmel verdienen d\u00fcrfen, indem wir sie lieben, wie unser Heiland sie geliebt hat. \u00a0<br><strong>Wir danken von ganzem Herzen!<\/strong><br>Danken wollen wir dem unendlich barmherzigen Gott, da\u00df wir f\u00fcr andere danken d\u00fcrfen, die nicht danken und zur Rettung der Seelen beitragen d\u00fcrfen. \u00a0<br><strong>Wir danken von ganzem Herzen!<\/strong><br>Danken wollen wir der Heiligsten Dreifaltigkeit, da\u00df die armen Seelen uns helfen d\u00fcrfen und wir ihnen zur Abk\u00fcrzung ihrer Leiden im Fegfeuer. \u00a0<br><strong>Wir danken von ganzem Herzen!<\/strong><br>Danken wollen wir der Heiligsten Dreifaltigkeit f\u00fcr die gro\u00dfe Liebe zu uns, trotz unserer gro\u00dfen S\u00fcndhaftigkeit. \u00a0<br><strong>Wir danken von ganzem Herzen!<\/strong><br>Danken wollen wir, da\u00df der unendlich gro\u00dfe Gott w\u00fcnscht, da\u00df wir IHN lieben, trotz unserer armseligen Wenigkeit, wo wir IHN so schrecklich und so viel beleidigen. \u00a0<br><strong>Wir danken von ganzem Herzen!<\/strong><br>Danken wollen wir allen, die uns verhelfen werden zu einer gl\u00fcckseligen Sterbestunde. \u00a0<br><strong>Wir danken von ganzem Herzen!<\/strong><br>Nicht kann, o Herr, ich danken Dir genug, es soll Dir danken jeder Atemzug, es soll Dir danken jeder Herzensschlag bis zum letzten Tag.<br>Es sollen Dir danken alle meine Gedanken. O k\u00f6nnt ich danken Dir genug, lobpreisen sollen Dich alle Deine Werke, glorreich und hocherhaben in Ewigkeit. Amen. \u2014<br>O Maria, unsere liebe Mutter, hilf uns f\u00fcr alle Gnaden danken. Wir danken Dir!<br>All Ihr lieben Engel und Heiligen, helft uns danken am Throne der g\u00f6ttlichen Barmherzigkeit. Wir danken Euch!<br>Heiliger gerechter und dreieiniger Gott, Du siehst mit Wohlgefallen auf jene herab, die Dir von Herzen dankbar sind und belohnst sie daf\u00fcr reichlich mit Wohltaten.<br>In Deiner g\u00f6ttlichen Barmherzigkeit verzeihe allen, die sich ihrer gro\u00dfen Dankesschuld nicht bewu\u00dft sind.<br>Nimm unseren geringen Dank an und vervollkommne ihn durch den ewigen Dank unseres lieben Herrn und Heilandes und unserer lieben Himmelsmutter an Dich,<br>o liebender Vater, zur S\u00fchne f\u00fcr die undankbare Menschheit, zur gr\u00f6\u00dferen Ehre des Dreieinigen Gottes und zum Heile unserer Seelen. Amen.<br>O mein Jesus, ich empfehle mich in Dein g\u00f6ttliches Herz, ich versenke mich in Deine unergr\u00fcndlich \u00fcberstr\u00f6mende Barmherzigkeit,<br>ich \u00fcbergebe mich ganz und gar Deiner Liebe und Deiner v\u00e4terliche Treue.<br>Ich bitte Dich, o mein Jesus, Du m\u00f6gest Dich Deinem Vater zum Ersatz anbieten f\u00fcr alle Zeit, die ich armer S\u00fcnder in Deinem Dienste verloren habe.<br>Sei Du Deinem Vater ein vollkommenes Opfer f\u00fcr mein armes, undankbares Leben.<br>Bedecke mit Deiner gro\u00dfen Barmherzigkeit alle meine S\u00fcnden und Undankbarkeiten und bilde mich durch die Macht Deiner Gnade ganz nach Deinem heiligen Willen. Amen.<br>Lied: Nun danket all&#8216; und bringet Ehr&#8217;&#8230;<br>aus: Herr lehre uns beten. (vergriffen)<\/p>\n","protected":false},"excerpt":{"rendered":"<p>Himmlischer Vater, DU bist die ewige Liebe,Deine Allmacht, Weisheit und treusorgende Vaterg\u00fcte ist unerme\u00dflich,Deine Liebe und Barmherzigkeit ohne Grenzen,Deine Gnaden und Wohltaten unersch\u00f6pflich.T\u00e4glich beschenkst Du uns mit \u00fcberreichen Gaben,T\u00e4glich wollen wir Dir danken.Von Dir allein kommt alles Gute, und nichts &hellip; <a href=\"https:\/\/ecclesiae.de\/blog\/?page_id=10780\">Weiterlesen <span class=\"meta-nav\">&rarr;<\/span><\/a><\/p>\n","protected":false},"author":3,"featured_media":0,"parent":10545,"menu_order":0,"comment_status":"closed","ping_status":"closed","template":"","meta":{"footnotes":""},"class_list":["post-10780","page","type-page","status-publish","hentry"],"_links":{"self":[{"href":"https:\/\/ecclesiae.de\/blog\/index.php?rest_route=\/wp\/v2\/pages\/10780","targetHints":{"allow":["GET"]}}],"collection":[{"href":"https:\/\/ecclesiae.de\/blog\/index.php?rest_route=\/wp\/v2\/pages"}],"about":[{"href":"https:\/\/ecclesiae.de\/blog\/index.php?rest_route=\/wp\/v2\/types\/page"}],"author":[{"embeddable":true,"href":"https:\/\/ecclesiae.de\/blog\/index.php?rest_route=\/wp\/v2\/users\/3"}],"replies":[{"embeddable":true,"href":"https:\/\/ecclesiae.de\/blog\/index.php?rest_route=%2Fwp%2Fv2%2Fcomments&post=10780"}],"version-history":[{"count":1,"href":"https:\/\/ecclesiae.de\/blog\/index.php?rest_route=\/wp\/v2\/pages\/10780\/revisions"}],"predecessor-version":[{"id":10781,"href":"https:\/\/ecclesiae.de\/blog\/index.php?rest_route=\/wp\/v2\/pages\/10780\/revisions\/10781"}],"up":[{"embeddable":true,"href":"https:\/\/ecclesiae.de\/blog\/index.php?rest_route=\/wp\/v2\/pages\/10545"}],"wp:attachment":[{"href":"https:\/\/ecclesiae.de\/blog\/index.php?rest_route=%2Fwp%2Fv2%2Fmedia&parent=10780"}],"curies":[{"name":"wp","href":"https:\/\/api.w.org\/{rel}","templated":true}]}}