{"id":10907,"date":"2022-07-25T10:53:26","date_gmt":"2022-07-25T10:53:26","guid":{"rendered":"http:\/\/ecclesiae.de\/blog\/?page_id=10907"},"modified":"2022-07-25T10:53:26","modified_gmt":"2022-07-25T10:53:26","slug":"verehrung-der-hl-wunden","status":"publish","type":"page","link":"https:\/\/ecclesiae.de\/blog\/?page_id=10907","title":{"rendered":"Verehrung der Hl. Wunden"},"content":{"rendered":"\n<p><br>1. Ich bete Dich an, Wunde der rechten Hand;<br>\u00a0 \u00a0 gib mir Kraft, zu \u00fcberwinden die Verf\u00fchrungen der Welt,<br>\u00a0 \u00a0 nicht nachzugeben dem Stolz; Herr, rette meine Seele.<br>\u00a0 \u00a0 Vater unser. Gegr\u00fc\u00dfet seist du, Maria.<br><br>2. Ich bete dich an, Wunde der linken Hand;<br>\u00a0 \u00a0 gib mir Geduld, zu besiegen das Leiden,<br>\u00a0 \u00a0 nicht zu verzweifeln im Ungl\u00fcck; Herr,<br>\u00a0 \u00a0 rette meine Eltern, meine Freunde, meine Wohlt\u00e4ter.<br>\u00a0 \u00a0 Vater unser. Gegr\u00fc\u00dfet seist du, Maria.<br><br>3. Ich bete dich an, Wunde des rechten Fu\u00dfes meines Erl\u00f6sers;<br>\u00a0 \u00a0 gib mir heiligen Eifer, gute Werke aller Art zu tun<br>\u00a0 \u00a0 und den Himmel zu verdienen; erl\u00f6se, o Herr, die armen Seelen im Fegfeuer.<br>\u00a0 \u00a0 Vater unser. Gegr\u00fc\u00dfet seist du, Maria.<br><br>4. Ich bete dich an, Wunde des linken Fu\u00dfes meines Erl\u00f6sers;<br>\u00a0 \u00a0 gib mir die Furcht Gottes, dass ich fliehe die S\u00fcnde,<br>\u00a0 \u00a0 dass ich nicht st\u00fcrze in die H\u00f6lle; Herr, bekehre die armen S\u00fcnder.<br>\u00a0 \u00a0 Vater unser. Gegr\u00fc\u00dfet seist du, Maria.<br><br>5. Ich bete dich an, Wunde des heiligsten Herzens;<br>\u00a0 \u00a0 gib mir die g\u00f6ttliche Liebe, damit ich liebe Gott im Himmel<br>\u00a0 \u00a0 und meinen N\u00e4chsten auf Erden; Herr, rette alle meine Feinde.<br>\u00a0 \u00a0 Vater unser. Gegr\u00fc\u00dfet seist du, Maria.<br><br><strong>Die Anrufungen am Fu\u00dfe des Kreuzes:<\/strong><br><br>\u201eO reinste und kostbarste Wunden meines Herrn, ich bete euch an und betrachte euch mit Liebe.<br>Ihr seid f\u00fcr mich f\u00fcnf Quellen, die meinen Durst l\u00f6schen auf meiner Pilgerbahn;<br>f\u00fcnf Stiche, die mich retten im Schiffbruch; f\u00fcnf Tore, die mir wieder\u00f6ffnen den Himmel;<br>f\u00fcnf Geldst\u00fccke, die mich loskaufen aus der Sklaverei; f\u00fcnf Siegel, die mir aufdr\u00fccken das Zeichen der Auserw\u00e4hlten;<br>f\u00fcnf Strahlen, die mir leuchten in der Verbannung.<br>Indem ich diese Unterpf\u00e4nder des Heiles betrachte, beweine ich bitterlich meine S\u00fcnden<br>und preise deine Barmherzigkeit.<br>Dank Dir, o s\u00fc\u00dfester Heiland, der Du mich loskaufest, mich bezeichnest mit dem Siegel der Auserw\u00e4hlten,<br>mir gibst einen Strahl der Hoffnung, meinen Durst l\u00f6schest, mich rettest vom Schiffbruch,<br>und mich aufnehmen wirst in den Himmel.<br>M\u00f6ge ich euch nie verlieren durch die S\u00fcnde, euch Unterpf\u00e4nder des Heils, g\u00f6ttliche Quellen, himmlische Tore, leuchtende Sterne in meiner Verbannung.<br><br>(Aus: die katholischen Missionen, 1878)<\/p>\n","protected":false},"excerpt":{"rendered":"<p>1. Ich bete Dich an, Wunde der rechten Hand;\u00a0 \u00a0 gib mir Kraft, zu \u00fcberwinden die Verf\u00fchrungen der Welt,\u00a0 \u00a0 nicht nachzugeben dem Stolz; Herr, rette meine Seele.\u00a0 \u00a0 Vater unser. Gegr\u00fc\u00dfet seist du, Maria. 2. Ich bete dich an, &hellip; <a href=\"https:\/\/ecclesiae.de\/blog\/?page_id=10907\">Weiterlesen <span class=\"meta-nav\">&rarr;<\/span><\/a><\/p>\n","protected":false},"author":3,"featured_media":0,"parent":10545,"menu_order":0,"comment_status":"closed","ping_status":"closed","template":"","meta":{"footnotes":""},"class_list":["post-10907","page","type-page","status-publish","hentry"],"_links":{"self":[{"href":"https:\/\/ecclesiae.de\/blog\/index.php?rest_route=\/wp\/v2\/pages\/10907","targetHints":{"allow":["GET"]}}],"collection":[{"href":"https:\/\/ecclesiae.de\/blog\/index.php?rest_route=\/wp\/v2\/pages"}],"about":[{"href":"https:\/\/ecclesiae.de\/blog\/index.php?rest_route=\/wp\/v2\/types\/page"}],"author":[{"embeddable":true,"href":"https:\/\/ecclesiae.de\/blog\/index.php?rest_route=\/wp\/v2\/users\/3"}],"replies":[{"embeddable":true,"href":"https:\/\/ecclesiae.de\/blog\/index.php?rest_route=%2Fwp%2Fv2%2Fcomments&post=10907"}],"version-history":[{"count":1,"href":"https:\/\/ecclesiae.de\/blog\/index.php?rest_route=\/wp\/v2\/pages\/10907\/revisions"}],"predecessor-version":[{"id":10908,"href":"https:\/\/ecclesiae.de\/blog\/index.php?rest_route=\/wp\/v2\/pages\/10907\/revisions\/10908"}],"up":[{"embeddable":true,"href":"https:\/\/ecclesiae.de\/blog\/index.php?rest_route=\/wp\/v2\/pages\/10545"}],"wp:attachment":[{"href":"https:\/\/ecclesiae.de\/blog\/index.php?rest_route=%2Fwp%2Fv2%2Fmedia&parent=10907"}],"curies":[{"name":"wp","href":"https:\/\/api.w.org\/{rel}","templated":true}]}}

<p><br>1. Ich bete Dich an, Wunde der rechten Hand;<br>    gib mir Kraft, zu überwinden die Verführungen der Welt,<br>    nicht nachzugeben dem Stolz; Herr, rette meine Seele.<br>    Vater unser. Gegrüßet seist du, Maria.<br><br>2. Ich bete dich an, Wunde der linken Hand;<br>    gib mir Geduld, zu besiegen das Leiden,<br>    nicht zu verzweifeln im Unglück; Herr,<br>    rette meine Eltern, meine Freunde, meine Wohltäter.<br>    Vater unser. Gegrüßet seist du, Maria.<br><br>3. Ich bete dich an, Wunde des rechten Fußes meines Erlösers;<br>    gib mir heiligen Eifer, gute Werke aller Art zu tun<br>    und den Himmel zu verdienen; erlöse, o Herr, die armen Seelen im Fegfeuer.<br>    Vater unser. Gegrüßet seist du, Maria.<br><br>4. Ich bete dich an, Wunde des linken Fußes meines Erlösers;<br>    gib mir die Furcht Gottes, dass ich fliehe die Sünde,<br>    dass ich nicht stürze in die Hölle; Herr, bekehre die armen Sünder.<br>    Vater unser. Gegrüßet seist du, Maria.<br><br>5. Ich bete dich an, Wunde des heiligsten Herzens;<br>    gib mir die göttliche Liebe, damit ich liebe Gott im Himmel<br>    und meinen Nächsten auf Erden; Herr, rette alle meine Feinde.<br>    Vater unser. Gegrüßet seist du, Maria.<br><br><strong>Die Anrufungen am Fuße des Kreuzes:</strong><br><br>„O reinste und kostbarste Wunden meines Herrn, ich bete euch an und betrachte euch mit Liebe.<br>Ihr seid für mich fünf Quellen, die meinen Durst löschen auf meiner Pilgerbahn;<br>fünf Stiche, die mich retten im Schiffbruch; fünf Tore, die mir wiederöffnen den Himmel;<br>fünf Geldstücke, die mich loskaufen aus der Sklaverei; fünf Siegel, die mir aufdrücken das Zeichen der Auserwählten;<br>fünf Strahlen, die mir leuchten in der Verbannung.<br>Indem ich diese Unterpfänder des Heiles betrachte, beweine ich bitterlich meine Sünden<br>und preise deine Barmherzigkeit.<br>Dank Dir, o süßester Heiland, der Du mich loskaufest, mich bezeichnest mit dem Siegel der Auserwählten,<br>mir gibst einen Strahl der Hoffnung, meinen Durst löschest, mich rettest vom Schiffbruch,<br>und mich aufnehmen wirst in den Himmel.<br>Möge ich euch nie verlieren durch die Sünde, euch Unterpfänder des Heils, göttliche Quellen, himmlische Tore, leuchtende Sterne in meiner Verbannung.<br><br>(Aus: die katholischen Missionen, 1878)</p>

<p>1. Ich bete Dich an, Wunde der rechten Hand;    gib mir Kraft, zu überwinden die Verführungen der Welt,    nicht nachzugeben dem Stolz; Herr, rette meine Seele.    Vater unser. Gegrüßet seist du, Maria. 2. Ich bete dich an, &hellip; <a href="https://ecclesiae.de/blog/?page_id=10907">Weiterlesen <span class="meta-nav">&rarr;</span></a></p>
