{"id":10909,"date":"2022-07-25T10:56:12","date_gmt":"2022-07-25T10:56:12","guid":{"rendered":"http:\/\/ecclesiae.de\/blog\/?page_id=10909"},"modified":"2022-07-25T10:56:12","modified_gmt":"2022-07-25T10:56:12","slug":"uraltes-gebet-zu-den-hl-zufluchten","status":"publish","type":"page","link":"https:\/\/ecclesiae.de\/blog\/?page_id=10909","title":{"rendered":"Uraltes Gebet zu den hl. Zufluchten"},"content":{"rendered":"\n<figure class=\"wp-block-table\"><table><tbody><tr><td><\/td><td>&nbsp;<\/td><\/tr><tr><td><br><br>1. Zuflucht (zur Allerheiligsten Dreifaltigkeit)<br><br>Wir rufen aus der Tiefe,<br>verla\u00df uns Vater nicht.<br>Gott Sohn, mit deiner Liebe,<br>Gott Geist mit deinem Licht.<br>H\u00f6chste Zuflucht, weit und breit,<br>Heiligste Dreifaltigkeit,<br>Gott ist gro\u00df &#8211;<br>Menschenlos ruht allein in deinem Scho\u00df.<br>P: So segne euch die Allmacht des himmlischen Vaters: Im Namen des Vaters+ und des Sohnes+ und des Heiligen Geistes+.<br>A: Amen.<br>So segne euch die Weisheit des g\u00f6ttlichen Sohnes Jesus Christus: Im Namen des Vaters+ und des Sohnes+ und des Heiligen Geistes+.<br>A: Amen.<br>Und es segne euch die Liebe des Heiligen Geistes: Im Namen des Vaters+ und des Sohnes+ und des Heiligen Geistes+.<br>A: Amen.<br><br>2. Zuflucht (zu Jesus Christus, dem Gekreuzigten)<br><br>Wir rufen aus der Tiefe<br>zum Kreuz von Golgota.<br>Durch Christi Kreuz und Wunden,<br>das Heil der Welt geschah.<br>Gr\u00f6\u00dfte Zuflucht &#8211; Heilands Blut,<br>machst ja allen S\u00fcndenschaden gut.<br>Seligkeit bringt dein Leid<br>und den Sieg im letzten Streit.<br>P: Und so segne euch Jesus, der Gekreuzigte, durch Sein Kostbares Blut. Im Namen des Vaters+ und des Sohnes+ und des Heiligen+ Geistes.<br>A: Amen.<br><br>3. Zuflucht (zum hochw\u00fcrdigsten Gut im Allerheiligsten Sakrament)<br><br>Wir rufen aus der Tiefe,<br>o allerh\u00f6chstes Gut,<br>das in dem Tabernakel,<br>in Brotsgestalt hier ruht.<br>Sichere Zuflucht ohne End,<br>Gotteslamm im Sakrament.<br>Himmelsbrot in der Not,<br>jetzt im Leben, einst im Tod.<br>P: Es segne euch Jesus vom Tabernakel aus durch die Liebe seines g\u00f6ttlichen Herzens, im Namen des Vaters+ und des Sohnes+ und des Heiligen Geistes+.<br>A: Amen.<br><br>4. Zuflucht (zur Gottesmutter)<br><br>Wir rufen aus der Tiefe,<br>Maria Mittlerin,<br>o f\u00fchr uns arme S\u00fcnder<br>zu deinem Throne hin.<br>Milde Zuflucht allezeit,<br>Mutter der Barmherzigkeit.<br>Aufw\u00e4rts schaut, k\u00fcndet laut:<br>Niemand ihr umsonst vertraut.<br>P: Es segne euch vom Himmel aus Maria, unsere himmlische Mutter und K\u00f6nigin, und erf\u00fclle euch mit einer immer gr\u00f6\u00dfer werdenden Liebe zu Jesus. Im Namen des Vaters+ und des Sohnes+ und des Heiligen Geistes+.<br>A: Amen.<br><br>5. Zuflucht (zu den Engeln)<br><br>Wir rufen aus der Tiefe,<br>ihr Engel, licht und rein.<br>Schutzengel, Himmelsf\u00fcrsten,<br>wollt uns zur Seite sein.<br>Starke Zuflucht wunderbar,<br>aller Engel Riesenschar,<br>Tag und Nacht uns bewacht,<br>gegen Welt und H\u00f6llenmacht.<br>P: Es segnen euch die heiligen Schutzengel und alle Heiligen Gottes, um alle Nachstellungen des b\u00f6sen Feindes von euch fernzuhalten. Im Namen des Vaters+ und des Sohnes+ und des Heiligen+ Geistes.<br>A: Amen.<br><br>6. Zuflucht (zu allen Heiligen und Seligen im Himmel)<br><br>Wir rufen aus der Tiefe,<br>ihr Heiligen all im Chor.<br>Erh\u00f6ret unsere Bitten,<br>tragt sie zu Gott empor.<br>Reiche Zuflucht, stark und mild,<br>Schutzpatrone seid uns Schild.<br>Tugendreich helft ihr gleich,<br>zeigt den Weg zum Himmelreich.<br>P: Es segnen euch eure heiligen Patrone, eure Taufnamens- und Ordens- und Schutzpatrone und alle Heiligen und Seligen des Himmels. Im Namen des Vaters+ und des Sohnes+ und des Heiligen Geistes+.<br>A: Amen.<br><br>7. Zuflucht (zu allen Armen Seelen im Fegefeuer)<br><br>Wir rufen aus der Tiefe,<br>du Armen-Seelenschar.<br>Euch Gottes Freunde tr\u00f6ste<br>der Me\u00dfkelch vom Altar.<br>Letzte Zuflucht uns erfleht<br>Armer-Seelen Bittgebet.<br>Gott gib du ihnen Ruh,<br>neig dich ihrer F\u00fcrbitt&#8216; zu.<br>P: Es segnen euch die lieben Armen Seelen eurer verstorbenen Anverwandten bis in die fernsten Geschlechter, damit auch ihr das ewige Ziel erreichet. Im Namen des Vaters+ und des Sohnes+ und des Heiligen Geistes+.<br>A: Amen.<br>P: Es komme \u00fcber euch so der Segen unserer heiligen Mutter, der Kirche. Im Namen des Vaters+ und des Sohnes+ und des Heiligen Geistes+.<br>A: Amen.<br>P: Und es komme \u00fcber euch der Segen unseres Heiligen Vaters, Papst Franziskus. Im Namen des Vaters+ und des Sohnes+ und des Heiligen Geistes+.<br>A: Amen.<br>P: Und es komme \u00fcber euch der Segen aller Bisch\u00f6fe und aller Priester der ganzen Welt. Im Namen des Vaters+ und des Sohnes+ und des Heiligen Geistes+.<br>A: Amen.<br><br>P: Und dieser Segen Gottes, wie er ausstr\u00f6mt aus allen heiligen Me\u00dfopfem der ganzen Welt, er komme \u00fcber euch alle Tage eures Lebens. Im Namen des Vaters+ und des Sohnes+ und des Heiligen Geistes+.<br>A: Amen.<br>P: Und dieser Segen Gottes gebe euch Gl\u00fcck und Gesundheit und allen erdenklichen Segen. Im Namen des Vaters+ und des Sohnes+ und des Heiligen Geistes+.<br>A: Amen.<br>P: Und dieser Segen Gottes, er bewahre euch vor jedem Ungl\u00fcck, er gebe euch die Gnade der Beharrlichkeit und einstens eine gl\u00fcckselige Sterbestunde. Im Namen des Vaters+ und des Sohnes+ und des Heiligen Geistes+.<br>A: Amen.<br>P: Gelobt sei Jesus Christus und Maria!<br>A: In Ewigkeit, Amen!<br>Q: adorare.ch<\/td><\/tr><\/tbody><\/table><\/figure>\n","protected":false},"excerpt":{"rendered":"<p>&nbsp; 1. Zuflucht (zur Allerheiligsten Dreifaltigkeit) Wir rufen aus der Tiefe,verla\u00df uns Vater nicht.Gott Sohn, mit deiner Liebe,Gott Geist mit deinem Licht.H\u00f6chste Zuflucht, weit und breit,Heiligste Dreifaltigkeit,Gott ist gro\u00df &#8211;Menschenlos ruht allein in deinem Scho\u00df.P: So segne euch die Allmacht &hellip; <a href=\"https:\/\/ecclesiae.de\/blog\/?page_id=10909\">Weiterlesen <span class=\"meta-nav\">&rarr;<\/span><\/a><\/p>\n","protected":false},"author":3,"featured_media":0,"parent":10545,"menu_order":0,"comment_status":"closed","ping_status":"closed","template":"","meta":{"footnotes":""},"class_list":["post-10909","page","type-page","status-publish","hentry"],"_links":{"self":[{"href":"https:\/\/ecclesiae.de\/blog\/index.php?rest_route=\/wp\/v2\/pages\/10909","targetHints":{"allow":["GET"]}}],"collection":[{"href":"https:\/\/ecclesiae.de\/blog\/index.php?rest_route=\/wp\/v2\/pages"}],"about":[{"href":"https:\/\/ecclesiae.de\/blog\/index.php?rest_route=\/wp\/v2\/types\/page"}],"author":[{"embeddable":true,"href":"https:\/\/ecclesiae.de\/blog\/index.php?rest_route=\/wp\/v2\/users\/3"}],"replies":[{"embeddable":true,"href":"https:\/\/ecclesiae.de\/blog\/index.php?rest_route=%2Fwp%2Fv2%2Fcomments&post=10909"}],"version-history":[{"count":1,"href":"https:\/\/ecclesiae.de\/blog\/index.php?rest_route=\/wp\/v2\/pages\/10909\/revisions"}],"predecessor-version":[{"id":10910,"href":"https:\/\/ecclesiae.de\/blog\/index.php?rest_route=\/wp\/v2\/pages\/10909\/revisions\/10910"}],"up":[{"embeddable":true,"href":"https:\/\/ecclesiae.de\/blog\/index.php?rest_route=\/wp\/v2\/pages\/10545"}],"wp:attachment":[{"href":"https:\/\/ecclesiae.de\/blog\/index.php?rest_route=%2Fwp%2Fv2%2Fmedia&parent=10909"}],"curies":[{"name":"wp","href":"https:\/\/api.w.org\/{rel}","templated":true}]}}