{"id":10911,"date":"2022-07-25T10:59:59","date_gmt":"2022-07-25T10:59:59","guid":{"rendered":"http:\/\/ecclesiae.de\/blog\/?page_id=10911"},"modified":"2022-07-25T10:59:59","modified_gmt":"2022-07-25T10:59:59","slug":"sieh-dafuer-ist-grade-der-heiland-da","status":"publish","type":"page","link":"https:\/\/ecclesiae.de\/blog\/?page_id=10911","title":{"rendered":"Sieh, daf\u00fcr ist grade der Heiland da!"},"content":{"rendered":"\n<figure class=\"wp-block-table\"><table><tbody><tr><td><br>Wenn dich die Menschen auch missversteh\u2018n,<br>Vielleicht dich verleumden und \u00fcberseh\u2018n,<br>Und wenn dir ein bitteres Unrecht geschah,<br>Sieh, daf\u00fcr ist grade der Heiland da!<br><br>Wenn alles so anders kam, als du gedacht,<br>Wenn man dir N\u00f6te und Schwierigkeit macht,<br>Wenn alles verh\u00fcllt und kein Ausweg mehr da,<br>Sieh, daf\u00fcr ist grade der Heiland da!<br><br>Wenn Berge an Arbeit sich t\u00fcrmen vor dir,<br>Wenn Mut und Kr\u00e4fte versagen schier,<br>In Krankheit und Schmerzen, in Angst und Gefahr,<br>Sieh, daf\u00fcr ist grade der Heiland da!<br><br>Und trennen von Freunden dich L\u00e4nder und Meer,<br>H\u00f6rst du geliebte Stimmen nicht mehr,<br>Bei Abschied und Heimweh, o glaub es doch ja:<br>Sieh, daf\u00fcr ist grade der Heiland da!<br><br>F\u00fcr jeden Kummer und Traurigkeit,<br>In schlaflosen N\u00e4chten und Einsamkeit,<br>Wenn niemand auch deine Tr\u00e4nen sah<br>Sieh, daf\u00fcr ist grade der Heiland da!<br>Hedwig von Redern 1866 -1936<\/td><\/tr><\/tbody><\/table><\/figure>\n","protected":false},"excerpt":{"rendered":"<p>Wenn dich die Menschen auch missversteh\u2018n,Vielleicht dich verleumden und \u00fcberseh\u2018n,Und wenn dir ein bitteres Unrecht geschah,Sieh, daf\u00fcr ist grade der Heiland da! Wenn alles so anders kam, als du gedacht,Wenn man dir N\u00f6te und Schwierigkeit macht,Wenn alles verh\u00fcllt und kein &hellip; <a href=\"https:\/\/ecclesiae.de\/blog\/?page_id=10911\">Weiterlesen <span class=\"meta-nav\">&rarr;<\/span><\/a><\/p>\n","protected":false},"author":3,"featured_media":0,"parent":10912,"menu_order":0,"comment_status":"closed","ping_status":"closed","template":"","meta":{"footnotes":""},"class_list":["post-10911","page","type-page","status-publish","hentry"],"_links":{"self":[{"href":"https:\/\/ecclesiae.de\/blog\/index.php?rest_route=\/wp\/v2\/pages\/10911","targetHints":{"allow":["GET"]}}],"collection":[{"href":"https:\/\/ecclesiae.de\/blog\/index.php?rest_route=\/wp\/v2\/pages"}],"about":[{"href":"https:\/\/ecclesiae.de\/blog\/index.php?rest_route=\/wp\/v2\/types\/page"}],"author":[{"embeddable":true,"href":"https:\/\/ecclesiae.de\/blog\/index.php?rest_route=\/wp\/v2\/users\/3"}],"replies":[{"embeddable":true,"href":"https:\/\/ecclesiae.de\/blog\/index.php?rest_route=%2Fwp%2Fv2%2Fcomments&post=10911"}],"version-history":[{"count":1,"href":"https:\/\/ecclesiae.de\/blog\/index.php?rest_route=\/wp\/v2\/pages\/10911\/revisions"}],"predecessor-version":[{"id":10914,"href":"https:\/\/ecclesiae.de\/blog\/index.php?rest_route=\/wp\/v2\/pages\/10911\/revisions\/10914"}],"up":[{"embeddable":true,"href":"https:\/\/ecclesiae.de\/blog\/index.php?rest_route=\/wp\/v2\/pages\/10912"}],"wp:attachment":[{"href":"https:\/\/ecclesiae.de\/blog\/index.php?rest_route=%2Fwp%2Fv2%2Fmedia&parent=10911"}],"curies":[{"name":"wp","href":"https:\/\/api.w.org\/{rel}","templated":true}]}}