{"id":10939,"date":"2022-07-25T12:45:53","date_gmt":"2022-07-25T12:45:53","guid":{"rendered":"http:\/\/ecclesiae.de\/blog\/?page_id=10939"},"modified":"2022-07-25T12:45:53","modified_gmt":"2022-07-25T12:45:53","slug":"anbetung","status":"publish","type":"page","link":"https:\/\/ecclesiae.de\/blog\/?page_id=10939","title":{"rendered":"Anbetung"},"content":{"rendered":"\n<p>Dies ist das Sakrament des Erbarmens, das heilen und heiligen will;<br>weil du unser Elend kennst, hast du es uns geschenkt.<br>Unser Elend ist, dass wir keine Liebeskraft haben.<br>Und da wir nur liebend uns entfalten k\u00f6nnen,<br>sind wir krank und hinf\u00e4llig von Liebesschw\u00e4che.<br>Du erbarmst Dich \u00fcber uns.<br>Du willst selbst unsere Liebeskraft sein.<br>Die Eucharistie ist gleichsam der Raum,<br>in dem unsere eigene Liebe sich entfalten kann.<br>Du bist das Brot des Lebens, weil Du die Liebe bist.<br>Nur die Liebe macht uns gesund und stark,<br>da wir an Liebesmangel kranken.<br>In diesem Sakrament empfangen wir, was wir brauchen:<br>die Kraft und das Licht, Gott und die Welt zu lieben.<br>Wir lieben mit Deiner Liebe!<br>Hoch gelobt und angebetet sei das allerheiligste Sakrament des Altares,<br>von nun an bis in alle Ewigkeit! Amen.<br>Beides aus dem B\u00fccherl Adoremus; Verlag: Theodor Schmitz M\u00fcnster<\/p>\n\n\n\n<p><\/p>\n","protected":false},"excerpt":{"rendered":"<p>Dies ist das Sakrament des Erbarmens, das heilen und heiligen will;weil du unser Elend kennst, hast du es uns geschenkt.Unser Elend ist, dass wir keine Liebeskraft haben.Und da wir nur liebend uns entfalten k\u00f6nnen,sind wir krank und hinf\u00e4llig von Liebesschw\u00e4che.Du &hellip; <a href=\"https:\/\/ecclesiae.de\/blog\/?page_id=10939\">Weiterlesen <span class=\"meta-nav\">&rarr;<\/span><\/a><\/p>\n","protected":false},"author":3,"featured_media":0,"parent":10768,"menu_order":0,"comment_status":"closed","ping_status":"closed","template":"","meta":{"footnotes":""},"class_list":["post-10939","page","type-page","status-publish","hentry"],"_links":{"self":[{"href":"https:\/\/ecclesiae.de\/blog\/index.php?rest_route=\/wp\/v2\/pages\/10939","targetHints":{"allow":["GET"]}}],"collection":[{"href":"https:\/\/ecclesiae.de\/blog\/index.php?rest_route=\/wp\/v2\/pages"}],"about":[{"href":"https:\/\/ecclesiae.de\/blog\/index.php?rest_route=\/wp\/v2\/types\/page"}],"author":[{"embeddable":true,"href":"https:\/\/ecclesiae.de\/blog\/index.php?rest_route=\/wp\/v2\/users\/3"}],"replies":[{"embeddable":true,"href":"https:\/\/ecclesiae.de\/blog\/index.php?rest_route=%2Fwp%2Fv2%2Fcomments&post=10939"}],"version-history":[{"count":1,"href":"https:\/\/ecclesiae.de\/blog\/index.php?rest_route=\/wp\/v2\/pages\/10939\/revisions"}],"predecessor-version":[{"id":10940,"href":"https:\/\/ecclesiae.de\/blog\/index.php?rest_route=\/wp\/v2\/pages\/10939\/revisions\/10940"}],"up":[{"embeddable":true,"href":"https:\/\/ecclesiae.de\/blog\/index.php?rest_route=\/wp\/v2\/pages\/10768"}],"wp:attachment":[{"href":"https:\/\/ecclesiae.de\/blog\/index.php?rest_route=%2Fwp%2Fv2%2Fmedia&parent=10939"}],"curies":[{"name":"wp","href":"https:\/\/api.w.org\/{rel}","templated":true}]}}

<p>Dies ist das Sakrament des Erbarmens, das heilen und heiligen will;<br>weil du unser Elend kennst, hast du es uns geschenkt.<br>Unser Elend ist, dass wir keine Liebeskraft haben.<br>Und da wir nur liebend uns entfalten können,<br>sind wir krank und hinfällig von Liebesschwäche.<br>Du erbarmst Dich über uns.<br>Du willst selbst unsere Liebeskraft sein.<br>Die Eucharistie ist gleichsam der Raum,<br>in dem unsere eigene Liebe sich entfalten kann.<br>Du bist das Brot des Lebens, weil Du die Liebe bist.<br>Nur die Liebe macht uns gesund und stark,<br>da wir an Liebesmangel kranken.<br>In diesem Sakrament empfangen wir, was wir brauchen:<br>die Kraft und das Licht, Gott und die Welt zu lieben.<br>Wir lieben mit Deiner Liebe!<br>Hoch gelobt und angebetet sei das allerheiligste Sakrament des Altares,<br>von nun an bis in alle Ewigkeit! Amen.<br>Beides aus dem Bücherl Adoremus; Verlag: Theodor Schmitz Münster</p>



<p></p>

<p>Dies ist das Sakrament des Erbarmens, das heilen und heiligen will;weil du unser Elend kennst, hast du es uns geschenkt.Unser Elend ist, dass wir keine Liebeskraft haben.Und da wir nur liebend uns entfalten können,sind wir krank und hinfällig von Liebesschwäche.Du &hellip; <a href="https://ecclesiae.de/blog/?page_id=10939">Weiterlesen <span class="meta-nav">&rarr;</span></a></p>
