{"id":10946,"date":"2022-07-25T12:48:49","date_gmt":"2022-07-25T12:48:49","guid":{"rendered":"http:\/\/ecclesiae.de\/blog\/?page_id=10946"},"modified":"2022-07-25T12:48:49","modified_gmt":"2022-07-25T12:48:49","slug":"das-gebet-eines-grossen-gottliebenden","status":"publish","type":"page","link":"https:\/\/ecclesiae.de\/blog\/?page_id=10946","title":{"rendered":"Das Gebet eines gro\u00dfen Gottliebenden"},"content":{"rendered":"\n<p>Mein Herr Jesus Christus! Aus Liebe zu den Menschen bist Du Tag und Nacht in diesem Sakramente gegenw\u00e4rtig.<br>Du wartest, rufst und nimmst voll Erbarmen und Liebe alle auf, die Dich hier besuchen.<br>Ich glaube, dass Du im Sakramente des Altars gegenw\u00e4rtig bist. Ich bete Dich an im Abgrunde meines Nichts; ich danke Dir f\u00fcr alle Gnaden, die Du mir erwiesen hast,<br>besonders daf\u00fcr, dass Du Dich Selbst mir in diesem Sakramente geschenkt, dass Du mir Deine heiligste Mutter als F\u00fcrsprecherin gegeben, und dass Du mich gerufen hast,<br>Dich in dieser Kirche zu besuchen. So gr\u00fc\u00dfe ich heute Dich liebevolles Herz. In dreifacher Absicht m\u00f6chte ich es tun:<br>Erstens will ich Dir Dank sagen f\u00fcr dieses gro\u00dfe Gnadengeschenk; zweitens will ich alle Unbilden wieder gutmachen, die Dir von Deinen Feinden in diesem Sakramente zugef\u00fcgt werden;<br>drittens will ich durch diesen Besuch Dich an all den Orten der Erde anbeten, wo Du in diesem Sakramente wenig verehrt wirst und ganz verlassen bist.<br>Mein Jesus, ich liebe Dich aus ganzem Herzen. Es schmerzt mich, dass ich Deine unendliche G\u00fcte bisher sooft beleidigt habe.<br>Mit Deiner Gnade nehme ich mir vor, Dich in Zukunft nie mehr zu beleidigen. F\u00fcr jetzt aber schenke ich mich Dir ganz, so elend ich auch bin.<br>Ich entsage meinem Eigenwillen, meinen Neigungen, meinen W\u00fcnschen, allem, was mein ist, und \u00fcbergebe es Dir.<br>Verf\u00fcge von heute an \u00fcber mich und alles, was mir geh\u00f6rt, so wie es Dir gef\u00e4llt!<br>Ich suche und verlange nichts anderes als Deine heilige Liebe, die Beharrlichkeit bis ans Ende und die vollkommene Erf\u00fcllung Deines Willens.<br>Ich empfehle Dir die Seelen im Fegefeuer, besonders die, die das heiligste Sakrament und Maria, die seligste Jungfrau, am innigsten verehrt haben.<br>Ich empfehle Dir auch alle armen S\u00fcnder.<br>Endlich, mein geliebter Heiland, vereinige ich alle meine Gebete mit den Gebeten Deines liebevollen Herzens und so vereinigt opfere ich sie Deinem ewigen Vater auf<br>und bitte Ihn in Deinem Namen, er m\u00f6ge sie aus Liebe zu Dir annehmen und erh\u00f6ren.<br>(Hl. Alfons Maria von Liguori)<br><br><\/p>\n","protected":false},"excerpt":{"rendered":"<p>Mein Herr Jesus Christus! Aus Liebe zu den Menschen bist Du Tag und Nacht in diesem Sakramente gegenw\u00e4rtig.Du wartest, rufst und nimmst voll Erbarmen und Liebe alle auf, die Dich hier besuchen.Ich glaube, dass Du im Sakramente des Altars gegenw\u00e4rtig &hellip; <a href=\"https:\/\/ecclesiae.de\/blog\/?page_id=10946\">Weiterlesen <span class=\"meta-nav\">&rarr;<\/span><\/a><\/p>\n","protected":false},"author":3,"featured_media":0,"parent":10768,"menu_order":0,"comment_status":"closed","ping_status":"closed","template":"","meta":{"footnotes":""},"class_list":["post-10946","page","type-page","status-publish","hentry"],"_links":{"self":[{"href":"https:\/\/ecclesiae.de\/blog\/index.php?rest_route=\/wp\/v2\/pages\/10946","targetHints":{"allow":["GET"]}}],"collection":[{"href":"https:\/\/ecclesiae.de\/blog\/index.php?rest_route=\/wp\/v2\/pages"}],"about":[{"href":"https:\/\/ecclesiae.de\/blog\/index.php?rest_route=\/wp\/v2\/types\/page"}],"author":[{"embeddable":true,"href":"https:\/\/ecclesiae.de\/blog\/index.php?rest_route=\/wp\/v2\/users\/3"}],"replies":[{"embeddable":true,"href":"https:\/\/ecclesiae.de\/blog\/index.php?rest_route=%2Fwp%2Fv2%2Fcomments&post=10946"}],"version-history":[{"count":1,"href":"https:\/\/ecclesiae.de\/blog\/index.php?rest_route=\/wp\/v2\/pages\/10946\/revisions"}],"predecessor-version":[{"id":10947,"href":"https:\/\/ecclesiae.de\/blog\/index.php?rest_route=\/wp\/v2\/pages\/10946\/revisions\/10947"}],"up":[{"embeddable":true,"href":"https:\/\/ecclesiae.de\/blog\/index.php?rest_route=\/wp\/v2\/pages\/10768"}],"wp:attachment":[{"href":"https:\/\/ecclesiae.de\/blog\/index.php?rest_route=%2Fwp%2Fv2%2Fmedia&parent=10946"}],"curies":[{"name":"wp","href":"https:\/\/api.w.org\/{rel}","templated":true}]}}