{"id":10962,"date":"2022-07-25T13:09:15","date_gmt":"2022-07-25T13:09:15","guid":{"rendered":"http:\/\/ecclesiae.de\/blog\/?page_id=10962"},"modified":"2022-07-25T13:09:15","modified_gmt":"2022-07-25T13:09:15","slug":"gebet-zum-pfingstfest","status":"publish","type":"page","link":"https:\/\/ecclesiae.de\/blog\/?page_id=10962","title":{"rendered":"Gebet zum Pfingstfest"},"content":{"rendered":"\n<p>Gebet von Papst Johannes Paul II.<br><br>O Maria, am Morgen des Pfingstfestes hast du mit deinem Gebet<br>den Beginn der Evangelisierung unterst\u00fctzt,<br>die von den Aposteln unternommen wurde<br>unter dem Wirken des Heiligen Geistes.<br>Mit deinem best\u00e4ndigen Schutz begleite und leite auch heute,<br>in diesen Zeiten der Angst und der Hoffnung,<br>alle Schritte der Kirche, die sich in Befolgung der Weisung des Herrn<br>mit der \u201eFrohen Botschaft\u201c des Heils<br>an die V\u00f6lker und Nationen wendet in allen Winkeln dieser Erde.<br><br>Gib unseren Lebensentscheidungen Orientierung,<br>st\u00e4rke uns in der Stunde der Pr\u00fcfung, damit wir,<br>Gott und dem Menschen getreu,<br>mit dem\u00fctiger K\u00fchnheit die geheimnisvollen Wege<br>des Himmels beschreiten,<br>um die frohe Nachricht von Christus,<br>dem Erl\u00f6ser des Menschen,<br>dem Geist und dem Herzen aller Menschen nahezubringen.<br><br>O Maria, du Stern der Evangelisierung,<br>begleite uns auf unserem Weg!<br>Amen.<\/p>\n","protected":false},"excerpt":{"rendered":"<p>Gebet von Papst Johannes Paul II. O Maria, am Morgen des Pfingstfestes hast du mit deinem Gebetden Beginn der Evangelisierung unterst\u00fctzt,die von den Aposteln unternommen wurdeunter dem Wirken des Heiligen Geistes.Mit deinem best\u00e4ndigen Schutz begleite und leite auch heute,in diesen &hellip; <a href=\"https:\/\/ecclesiae.de\/blog\/?page_id=10962\">Weiterlesen <span class=\"meta-nav\">&rarr;<\/span><\/a><\/p>\n","protected":false},"author":3,"featured_media":0,"parent":10545,"menu_order":0,"comment_status":"closed","ping_status":"closed","template":"","meta":{"footnotes":""},"class_list":["post-10962","page","type-page","status-publish","hentry"],"_links":{"self":[{"href":"https:\/\/ecclesiae.de\/blog\/index.php?rest_route=\/wp\/v2\/pages\/10962","targetHints":{"allow":["GET"]}}],"collection":[{"href":"https:\/\/ecclesiae.de\/blog\/index.php?rest_route=\/wp\/v2\/pages"}],"about":[{"href":"https:\/\/ecclesiae.de\/blog\/index.php?rest_route=\/wp\/v2\/types\/page"}],"author":[{"embeddable":true,"href":"https:\/\/ecclesiae.de\/blog\/index.php?rest_route=\/wp\/v2\/users\/3"}],"replies":[{"embeddable":true,"href":"https:\/\/ecclesiae.de\/blog\/index.php?rest_route=%2Fwp%2Fv2%2Fcomments&post=10962"}],"version-history":[{"count":1,"href":"https:\/\/ecclesiae.de\/blog\/index.php?rest_route=\/wp\/v2\/pages\/10962\/revisions"}],"predecessor-version":[{"id":10963,"href":"https:\/\/ecclesiae.de\/blog\/index.php?rest_route=\/wp\/v2\/pages\/10962\/revisions\/10963"}],"up":[{"embeddable":true,"href":"https:\/\/ecclesiae.de\/blog\/index.php?rest_route=\/wp\/v2\/pages\/10545"}],"wp:attachment":[{"href":"https:\/\/ecclesiae.de\/blog\/index.php?rest_route=%2Fwp%2Fv2%2Fmedia&parent=10962"}],"curies":[{"name":"wp","href":"https:\/\/api.w.org\/{rel}","templated":true}]}}

<p>Gebet von Papst Johannes Paul II.<br><br>O Maria, am Morgen des Pfingstfestes hast du mit deinem Gebet<br>den Beginn der Evangelisierung unterstützt,<br>die von den Aposteln unternommen wurde<br>unter dem Wirken des Heiligen Geistes.<br>Mit deinem beständigen Schutz begleite und leite auch heute,<br>in diesen Zeiten der Angst und der Hoffnung,<br>alle Schritte der Kirche, die sich in Befolgung der Weisung des Herrn<br>mit der „Frohen Botschaft“ des Heils<br>an die Völker und Nationen wendet in allen Winkeln dieser Erde.<br><br>Gib unseren Lebensentscheidungen Orientierung,<br>stärke uns in der Stunde der Prüfung, damit wir,<br>Gott und dem Menschen getreu,<br>mit demütiger Kühnheit die geheimnisvollen Wege<br>des Himmels beschreiten,<br>um die frohe Nachricht von Christus,<br>dem Erlöser des Menschen,<br>dem Geist und dem Herzen aller Menschen nahezubringen.<br><br>O Maria, du Stern der Evangelisierung,<br>begleite uns auf unserem Weg!<br>Amen.</p>

<p>Gebet von Papst Johannes Paul II. O Maria, am Morgen des Pfingstfestes hast du mit deinem Gebetden Beginn der Evangelisierung unterstützt,die von den Aposteln unternommen wurdeunter dem Wirken des Heiligen Geistes.Mit deinem beständigen Schutz begleite und leite auch heute,in diesen &hellip; <a href="https://ecclesiae.de/blog/?page_id=10962">Weiterlesen <span class="meta-nav">&rarr;</span></a></p>
