{"id":10966,"date":"2022-07-25T13:12:08","date_gmt":"2022-07-25T13:12:08","guid":{"rendered":"http:\/\/ecclesiae.de\/blog\/?page_id=10966"},"modified":"2022-07-25T13:12:08","modified_gmt":"2022-07-25T13:12:08","slug":"gebet-um-gute-priester-2","status":"publish","type":"page","link":"https:\/\/ecclesiae.de\/blog\/?page_id=10966","title":{"rendered":"Gebet um gute Priester"},"content":{"rendered":"\n<p>O Gott, der Du zur Erhaltung und Verbreitung Deiner Kirche das Priestertum eingesetzt hast, wir bitten Dich, gib uns w\u00fcrdige Priester.<br>Du wei\u00dft, o Herr, wie gro\u00df die Ernte ist, wie wenige Arbeiter sind.<br>Sende Arbeiter in Deinen Weinberg.<br>Lass keinen aus ihnen unberufen zum Hirtenamte gelangen.<br>Bilde du selbst durch Deine Gnade diejenigen vor, welche Du zu dem so wichtigen Amte eines Dieners Deiner Kirche w\u00e4hlst.<br>Lass sie einst Deine heilige Lehre mit Eifer und Segen uns verk\u00fcnden.<br>Lass die Tugend mit Wissenschaft verbinden; fl\u00f6\u00dfe ihnen Liebe zu Dir und Deiner Kirche ein;<br>gib, dass sie unerm\u00fcdet in Deinem Weinberge arbeiten; erf\u00fclle sie mit klugem, beharrlichem Eifer;<br>gib ihnen Demut, Sanftmut und Mitleid mit Irrenden und Schwachen; lass sie durch Wort, Beispiel und Gebet ihrer Herde recht n\u00fctzlich werden.<br>Um dies bitten wir Dich durch den h\u00f6chsten Hirten unserer Seelen, Jesum Christum, unsern Herrn. Amen.<br>Nach dem hl. Alfons M. Liguori<br>Q: Gebetbuch &#8211; Maria meine Zuflucht\u00a0 Impr. 1917<\/p>\n","protected":false},"excerpt":{"rendered":"<p>O Gott, der Du zur Erhaltung und Verbreitung Deiner Kirche das Priestertum eingesetzt hast, wir bitten Dich, gib uns w\u00fcrdige Priester.Du wei\u00dft, o Herr, wie gro\u00df die Ernte ist, wie wenige Arbeiter sind.Sende Arbeiter in Deinen Weinberg.Lass keinen aus ihnen &hellip; <a href=\"https:\/\/ecclesiae.de\/blog\/?page_id=10966\">Weiterlesen <span class=\"meta-nav\">&rarr;<\/span><\/a><\/p>\n","protected":false},"author":3,"featured_media":0,"parent":10545,"menu_order":0,"comment_status":"closed","ping_status":"closed","template":"","meta":{"footnotes":""},"class_list":["post-10966","page","type-page","status-publish","hentry"],"_links":{"self":[{"href":"https:\/\/ecclesiae.de\/blog\/index.php?rest_route=\/wp\/v2\/pages\/10966","targetHints":{"allow":["GET"]}}],"collection":[{"href":"https:\/\/ecclesiae.de\/blog\/index.php?rest_route=\/wp\/v2\/pages"}],"about":[{"href":"https:\/\/ecclesiae.de\/blog\/index.php?rest_route=\/wp\/v2\/types\/page"}],"author":[{"embeddable":true,"href":"https:\/\/ecclesiae.de\/blog\/index.php?rest_route=\/wp\/v2\/users\/3"}],"replies":[{"embeddable":true,"href":"https:\/\/ecclesiae.de\/blog\/index.php?rest_route=%2Fwp%2Fv2%2Fcomments&post=10966"}],"version-history":[{"count":1,"href":"https:\/\/ecclesiae.de\/blog\/index.php?rest_route=\/wp\/v2\/pages\/10966\/revisions"}],"predecessor-version":[{"id":10967,"href":"https:\/\/ecclesiae.de\/blog\/index.php?rest_route=\/wp\/v2\/pages\/10966\/revisions\/10967"}],"up":[{"embeddable":true,"href":"https:\/\/ecclesiae.de\/blog\/index.php?rest_route=\/wp\/v2\/pages\/10545"}],"wp:attachment":[{"href":"https:\/\/ecclesiae.de\/blog\/index.php?rest_route=%2Fwp%2Fv2%2Fmedia&parent=10966"}],"curies":[{"name":"wp","href":"https:\/\/api.w.org\/{rel}","templated":true}]}}