{"id":10968,"date":"2022-07-25T13:15:35","date_gmt":"2022-07-25T13:15:35","guid":{"rendered":"http:\/\/ecclesiae.de\/blog\/?page_id=10968"},"modified":"2022-07-25T13:15:35","modified_gmt":"2022-07-25T13:15:35","slug":"gebet-zum-kostbaren-blut-fuer-die-feinde","status":"publish","type":"page","link":"https:\/\/ecclesiae.de\/blog\/?page_id=10968","title":{"rendered":"Gebet zum Kostbaren Blut f\u00fcr die Feinde"},"content":{"rendered":"\n<p>Kostbares Blut!<br>Ich verehre Dich als Zeichen des Friedens und der Vers\u00f6hnung.<br>Der gerechte und verdiente Zorn des Vaters f\u00fcr meine und aller Menschen Schuld wurde in Ihm besiegt.<br>Als der Vater im Himmel Dein Verstr\u00f6men am Kreuze sah,<br>sah Er mit dem Herzen vers\u00f6hnend hinweg \u00fcber die ma\u00dflose Schuld der Welt. So gro\u00df und verzeihend bist Du!<br><br>Herr und Erl\u00f6ser!<br>Du hast gelehrt, wir d\u00fcrfen nicht Aug\u00b4 um Aug\u00b4, Zahn um Zahn vergelten, sondern das B\u00f6se durch das Gute \u00fcberwinden;<br>Du willst, da\u00df wir beten f\u00fcr die Verleumder und den Hassern Gutes tun;<br>es ist nicht genug, da\u00df wir unseren Schuldigern einmal vergeben, sondern wir sollen nach Deinen Worten siebzig mal siebenmal verzeihen;<br>Du lehrtest, da\u00df wir zuerst verzeihen m\u00fcssen, bevor wir uns zum Gebete anschicken,<br>da\u00df uns der himmlische Vater nur dann vergibt, wenn wir einander zuerst vergeben<br>und da\u00df wir nicht mit unvers\u00f6hntem Herzen zu Deinem Mahle gehen d\u00fcrfen.<br><br>G\u00fctiger Heiland!<br>Es f\u00e4llt mir sehr schwer, zu verzeihen und zu vergessen.<br>Stolz und Eigenliebe m\u00f6chten sich lieber r\u00e4chen oder sich gekr\u00e4nkt von den Menschen zur\u00fcckziehen.<br>Du hast Deinen Beleidigern und Feinden am Kreuze, als Dein Kostbares Blut flo\u00df, von Herzen verziehen.<br>Wie oft hast Du mir in der hl. Beichte schon verziehen.<br><br>Gib mir die Kraft, allen meinen Beleidigern von Herzen zu verzeihen.<br>Um Deines Kostbaren Blutes willen bitte ich Dich, da\u00df Du alle, die mich leiden lassen,<br>mir Schwierigkeiten bereiten und Schmach antun, mit Deiner Gnade \u00fcberh\u00e4ufen m\u00f6gest. Segne, die mir fluchen,<br>die mich verleumden und hassen.<br><br>Um Deines Kostbaren Blutes willen bitte ich Dich auch,<br>allen Feinden der Kirche Einsicht und Bekehrung zu schenken. Amen.<br><br>Kostbares Blut, unser Friede und unsere Vers\u00f6hnung, erbarme Dich unser!<br>Q: Das Kostbare Blut Jesu Christi, von P. Carl Griesser C.PP.S. Missionar vom Kostbaren Blute<\/p>\n","protected":false},"excerpt":{"rendered":"<p>Kostbares Blut!Ich verehre Dich als Zeichen des Friedens und der Vers\u00f6hnung.Der gerechte und verdiente Zorn des Vaters f\u00fcr meine und aller Menschen Schuld wurde in Ihm besiegt.Als der Vater im Himmel Dein Verstr\u00f6men am Kreuze sah,sah Er mit dem Herzen &hellip; <a href=\"https:\/\/ecclesiae.de\/blog\/?page_id=10968\">Weiterlesen <span class=\"meta-nav\">&rarr;<\/span><\/a><\/p>\n","protected":false},"author":3,"featured_media":0,"parent":10545,"menu_order":0,"comment_status":"closed","ping_status":"closed","template":"","meta":{"footnotes":""},"class_list":["post-10968","page","type-page","status-publish","hentry"],"_links":{"self":[{"href":"https:\/\/ecclesiae.de\/blog\/index.php?rest_route=\/wp\/v2\/pages\/10968","targetHints":{"allow":["GET"]}}],"collection":[{"href":"https:\/\/ecclesiae.de\/blog\/index.php?rest_route=\/wp\/v2\/pages"}],"about":[{"href":"https:\/\/ecclesiae.de\/blog\/index.php?rest_route=\/wp\/v2\/types\/page"}],"author":[{"embeddable":true,"href":"https:\/\/ecclesiae.de\/blog\/index.php?rest_route=\/wp\/v2\/users\/3"}],"replies":[{"embeddable":true,"href":"https:\/\/ecclesiae.de\/blog\/index.php?rest_route=%2Fwp%2Fv2%2Fcomments&post=10968"}],"version-history":[{"count":1,"href":"https:\/\/ecclesiae.de\/blog\/index.php?rest_route=\/wp\/v2\/pages\/10968\/revisions"}],"predecessor-version":[{"id":10969,"href":"https:\/\/ecclesiae.de\/blog\/index.php?rest_route=\/wp\/v2\/pages\/10968\/revisions\/10969"}],"up":[{"embeddable":true,"href":"https:\/\/ecclesiae.de\/blog\/index.php?rest_route=\/wp\/v2\/pages\/10545"}],"wp:attachment":[{"href":"https:\/\/ecclesiae.de\/blog\/index.php?rest_route=%2Fwp%2Fv2%2Fmedia&parent=10968"}],"curies":[{"name":"wp","href":"https:\/\/api.w.org\/{rel}","templated":true}]}}