{"id":11026,"date":"2022-07-27T08:36:41","date_gmt":"2022-07-27T08:36:41","guid":{"rendered":"http:\/\/ecclesiae.de\/blog\/?page_id=11026"},"modified":"2022-07-27T08:36:41","modified_gmt":"2022-07-27T08:36:41","slug":"staub-abschuetteln","status":"publish","type":"page","link":"https:\/\/ecclesiae.de\/blog\/?page_id=11026","title":{"rendered":"Staub absch\u00fctteln"},"content":{"rendered":"\n<figure class=\"wp-block-table\"><table><tbody><tr><td><\/td><td>&nbsp;<\/td><\/tr><tr><td>Eines Tages fiel der Esel eines Bauern in einen Brunnen.<br>Das Tier schrie stundenlang kl\u00e4glich, als der Bauer herauszufinden suchte was zu tun ist.<br>Schlie\u00dflich entschied er, dass das Tier alt ist, und der Brunnen muss sowieso abgedeckt werden; es war es ihm nicht wert den Esel rauszuholen.<br><br>Er lud alle seine Nachbarn ein um ihm zu helfen. Alle nahmen eine Schaufel und begannen Erde in den Brunnen zu schaufeln.<br>Der Esel erkannte was los war und weinte zun\u00e4chst f\u00fcrchterlich. Dann, zu aller \u00dcberraschung beruhigte er sich.<br><br>Ein paar Schaufeln sp\u00e4ter sah der Bauer schlie\u00dflich in den Brunnen. Er war erstaunt \u00fcber das was er sah.<br>Mit jeder Schaufel voll Erde, die seinen R\u00fccken traf, tat der Esel etwas erstaunliches. Er sch\u00fcttelte es ab und machte einen Schritt nach oben.<br><br>Als die Nachbarn des Bauern weiter Erde auf den R\u00fccken des Tieres schaufelten, sch\u00fcttelte er es ab und machte einen Schritt nach oben.<br>Ziemlich bald waren alle erstaunt, als der Esel \u00fcber den Rand des Brunnens trat und gl\u00fccklich davon trabte.<br><br>Moral:<br>Das Leben schaufelt Schmutz auf dich, alle Arten von Schmutz.<br>Der Trick um da gut rauszukommen ist, es abzusch\u00fctteln und einen Schritt nach oben zu machen.<br>Jedes unserer M\u00fchen ist ein Sprungbrett.<br>Wir k\u00f6nnen aus den tiefsten Brunnen rauskommen, indem wir nicht stoppen und nicht aufgeben! Sch\u00fcttelt es ab und macht einen Schritt nach oben.<br><br>Autor unbekannt<\/td><\/tr><tr><td><\/td><\/tr><\/tbody><\/table><\/figure>\n","protected":false},"excerpt":{"rendered":"<p>&nbsp; Eines Tages fiel der Esel eines Bauern in einen Brunnen.Das Tier schrie stundenlang kl\u00e4glich, als der Bauer herauszufinden suchte was zu tun ist.Schlie\u00dflich entschied er, dass das Tier alt ist, und der Brunnen muss sowieso abgedeckt werden; es war &hellip; <a href=\"https:\/\/ecclesiae.de\/blog\/?page_id=11026\">Weiterlesen <span class=\"meta-nav\">&rarr;<\/span><\/a><\/p>\n","protected":false},"author":3,"featured_media":0,"parent":10792,"menu_order":0,"comment_status":"closed","ping_status":"closed","template":"","meta":{"footnotes":""},"class_list":["post-11026","page","type-page","status-publish","hentry"],"_links":{"self":[{"href":"https:\/\/ecclesiae.de\/blog\/index.php?rest_route=\/wp\/v2\/pages\/11026","targetHints":{"allow":["GET"]}}],"collection":[{"href":"https:\/\/ecclesiae.de\/blog\/index.php?rest_route=\/wp\/v2\/pages"}],"about":[{"href":"https:\/\/ecclesiae.de\/blog\/index.php?rest_route=\/wp\/v2\/types\/page"}],"author":[{"embeddable":true,"href":"https:\/\/ecclesiae.de\/blog\/index.php?rest_route=\/wp\/v2\/users\/3"}],"replies":[{"embeddable":true,"href":"https:\/\/ecclesiae.de\/blog\/index.php?rest_route=%2Fwp%2Fv2%2Fcomments&post=11026"}],"version-history":[{"count":1,"href":"https:\/\/ecclesiae.de\/blog\/index.php?rest_route=\/wp\/v2\/pages\/11026\/revisions"}],"predecessor-version":[{"id":11027,"href":"https:\/\/ecclesiae.de\/blog\/index.php?rest_route=\/wp\/v2\/pages\/11026\/revisions\/11027"}],"up":[{"embeddable":true,"href":"https:\/\/ecclesiae.de\/blog\/index.php?rest_route=\/wp\/v2\/pages\/10792"}],"wp:attachment":[{"href":"https:\/\/ecclesiae.de\/blog\/index.php?rest_route=%2Fwp%2Fv2%2Fmedia&parent=11026"}],"curies":[{"name":"wp","href":"https:\/\/api.w.org\/{rel}","templated":true}]}}