{"id":11030,"date":"2022-07-27T08:40:02","date_gmt":"2022-07-27T08:40:02","guid":{"rendered":"http:\/\/ecclesiae.de\/blog\/?page_id=11030"},"modified":"2022-07-27T08:40:02","modified_gmt":"2022-07-27T08:40:02","slug":"reichtum","status":"publish","type":"page","link":"https:\/\/ecclesiae.de\/blog\/?page_id=11030","title":{"rendered":"Reichtum"},"content":{"rendered":"\n<figure class=\"wp-block-table\"><table><tbody><tr><td><\/td><td>&nbsp;<\/td><\/tr><tr><td>In einem kleinen Dorf wohnt eine \u00e4ltere, arme Frau. Ihr Sohn ist vor Jahren nach Amerika ausgewandert.<br>Regelm\u00e4\u00dfig schreibt er ihr. Eines Tages erh\u00e4lt die Frau Besuch vom Lehrer im Dorf.<br>Sie zeigt ihm freudig die Briefe des Sohnes und auch die h\u00fcbschen \u00abBildchen\u00bb, die der Sohn seinen Briefen beigelegt hat.<br>Es sind zwar immer die gleichen Bilder, die der Sohn geschickt hat, aber die alte Frau freut sich daran.<br>\u00abFrau\u00bb, sagt der Lehrer, \u00abdas ist doch Geld. Das sind amerikanische Dollarnoten. Sie sind reich und wissen es gar nicht!\u00bb<br><br>Wir m\u00f6gen vielleicht l\u00e4cheln \u00fcber die Unwissenheit der Frau. Aber sind wir nicht auch oft so mit den Sch\u00e4tzen Gottes in seinem Wort umgegangen?<br>Immer die gleichen h\u00fcbschen Geschichten. Immer die gleichen netten Worte.<br>Und wir merken gar nicht, dass sie voller Reichtum und Leben, voller Freude und Kraft stecken.<br>Wir sind reich im Glauben, reich in der Hoffnung und wissen es gar nicht.<br>Wir sind K\u00f6nigskinder, sind die Erben Gottes und leben wie Bettler und beklagen die Lebensn\u00f6te.<br>Autor unbekannt<\/td><\/tr><\/tbody><\/table><\/figure>\n","protected":false},"excerpt":{"rendered":"<p>&nbsp; In einem kleinen Dorf wohnt eine \u00e4ltere, arme Frau. Ihr Sohn ist vor Jahren nach Amerika ausgewandert.Regelm\u00e4\u00dfig schreibt er ihr. Eines Tages erh\u00e4lt die Frau Besuch vom Lehrer im Dorf.Sie zeigt ihm freudig die Briefe des Sohnes und auch &hellip; <a href=\"https:\/\/ecclesiae.de\/blog\/?page_id=11030\">Weiterlesen <span class=\"meta-nav\">&rarr;<\/span><\/a><\/p>\n","protected":false},"author":3,"featured_media":0,"parent":10792,"menu_order":0,"comment_status":"closed","ping_status":"closed","template":"","meta":{"footnotes":""},"class_list":["post-11030","page","type-page","status-publish","hentry"],"_links":{"self":[{"href":"https:\/\/ecclesiae.de\/blog\/index.php?rest_route=\/wp\/v2\/pages\/11030","targetHints":{"allow":["GET"]}}],"collection":[{"href":"https:\/\/ecclesiae.de\/blog\/index.php?rest_route=\/wp\/v2\/pages"}],"about":[{"href":"https:\/\/ecclesiae.de\/blog\/index.php?rest_route=\/wp\/v2\/types\/page"}],"author":[{"embeddable":true,"href":"https:\/\/ecclesiae.de\/blog\/index.php?rest_route=\/wp\/v2\/users\/3"}],"replies":[{"embeddable":true,"href":"https:\/\/ecclesiae.de\/blog\/index.php?rest_route=%2Fwp%2Fv2%2Fcomments&post=11030"}],"version-history":[{"count":1,"href":"https:\/\/ecclesiae.de\/blog\/index.php?rest_route=\/wp\/v2\/pages\/11030\/revisions"}],"predecessor-version":[{"id":11031,"href":"https:\/\/ecclesiae.de\/blog\/index.php?rest_route=\/wp\/v2\/pages\/11030\/revisions\/11031"}],"up":[{"embeddable":true,"href":"https:\/\/ecclesiae.de\/blog\/index.php?rest_route=\/wp\/v2\/pages\/10792"}],"wp:attachment":[{"href":"https:\/\/ecclesiae.de\/blog\/index.php?rest_route=%2Fwp%2Fv2%2Fmedia&parent=11030"}],"curies":[{"name":"wp","href":"https:\/\/api.w.org\/{rel}","templated":true}]}}