{"id":11050,"date":"2022-07-27T12:44:50","date_gmt":"2022-07-27T12:44:50","guid":{"rendered":"http:\/\/ecclesiae.de\/blog\/?page_id=11050"},"modified":"2022-07-27T12:44:50","modified_gmt":"2022-07-27T12:44:50","slug":"was-tut-ein-vater-mit-gehorsamen-kindern","status":"publish","type":"page","link":"https:\/\/ecclesiae.de\/blog\/?page_id=11050","title":{"rendered":"Was tut ein Vater mit gehorsamen Kindern?"},"content":{"rendered":"\n<figure class=\"wp-block-table\"><table><tbody><tr><td>Ich liebe meine Kinder, und sie lieben mich.<br>Stellen Sie sich jetzt vor, meine beiden S\u00f6hne begr\u00fc\u00dften mich eines Tages mit den Worten:<br>\u201cVati, wir haben dich lieb und wollen von jetzt ab immer alles tun, was du von uns verlangst.\u201d<br>Wie, meinen Sie, w\u00fcrde ich mich dazu wohl verhalten?<br>Nehmen wir an, ich w\u00fcrde so reagieren, wie viele Christen von Gott erwarten, dass er reagieren m\u00fcsse.<br>Dann w\u00fcrde ich meine Kinder an der Schulter packen, mit stechenden Augen anblitzen und sagen:<br>\u201cDarauf habe ich nur gewartet.<br>Ihr werdet diesen Entschluss bitter bereuen, solange ihr lebt.<br>Alles, was euch Spa\u00df macht, werde ich euch verbieten; alles, was euch geh\u00f6rt, werde ich wegnehmen;<br>alles, was ihr nicht gern tut, werdet ihr k\u00fcnftig tun m\u00fcssen.\u201d<br>Aber das glauben Sie doch selbst nicht!<br>Nein, wissen Sie, was ich tun w\u00fcrde?<br>Die beiden kleinen Kerle in den Arm nehmen und sie noch mehr lieb haben, wenn das m\u00f6glich w\u00e4re.<br>Ich w\u00fcrde mich noch mehr bem\u00fchen, ihnen meine Liebe zu zeigen.<br>Dabei bin ich nur ein fehlerhafter Mensch und verdiene ein solches Anerbieten gar nicht.<br>Ich kann gar nicht so lieben, wie Gott liebt.<br>In seiner unendlichen Liebe streckt er sich nach uns aus und hilft uns da, wo wir es am n\u00f6tigsten haben.<br>Wenn wir Menschen uns gegenseitig vertrauen k\u00f6nnen, wie viel mehr m\u00fcssten wir Gott Vertrauen schenken!<br>Autor unbekannt<\/td><\/tr><tr><td><\/td><\/tr><\/tbody><\/table><\/figure>\n","protected":false},"excerpt":{"rendered":"<p>Ich liebe meine Kinder, und sie lieben mich.Stellen Sie sich jetzt vor, meine beiden S\u00f6hne begr\u00fc\u00dften mich eines Tages mit den Worten:\u201cVati, wir haben dich lieb und wollen von jetzt ab immer alles tun, was du von uns verlangst.\u201dWie, meinen &hellip; <a href=\"https:\/\/ecclesiae.de\/blog\/?page_id=11050\">Weiterlesen <span class=\"meta-nav\">&rarr;<\/span><\/a><\/p>\n","protected":false},"author":3,"featured_media":0,"parent":10792,"menu_order":0,"comment_status":"closed","ping_status":"closed","template":"","meta":{"footnotes":""},"class_list":["post-11050","page","type-page","status-publish","hentry"],"_links":{"self":[{"href":"https:\/\/ecclesiae.de\/blog\/index.php?rest_route=\/wp\/v2\/pages\/11050","targetHints":{"allow":["GET"]}}],"collection":[{"href":"https:\/\/ecclesiae.de\/blog\/index.php?rest_route=\/wp\/v2\/pages"}],"about":[{"href":"https:\/\/ecclesiae.de\/blog\/index.php?rest_route=\/wp\/v2\/types\/page"}],"author":[{"embeddable":true,"href":"https:\/\/ecclesiae.de\/blog\/index.php?rest_route=\/wp\/v2\/users\/3"}],"replies":[{"embeddable":true,"href":"https:\/\/ecclesiae.de\/blog\/index.php?rest_route=%2Fwp%2Fv2%2Fcomments&post=11050"}],"version-history":[{"count":1,"href":"https:\/\/ecclesiae.de\/blog\/index.php?rest_route=\/wp\/v2\/pages\/11050\/revisions"}],"predecessor-version":[{"id":11051,"href":"https:\/\/ecclesiae.de\/blog\/index.php?rest_route=\/wp\/v2\/pages\/11050\/revisions\/11051"}],"up":[{"embeddable":true,"href":"https:\/\/ecclesiae.de\/blog\/index.php?rest_route=\/wp\/v2\/pages\/10792"}],"wp:attachment":[{"href":"https:\/\/ecclesiae.de\/blog\/index.php?rest_route=%2Fwp%2Fv2%2Fmedia&parent=11050"}],"curies":[{"name":"wp","href":"https:\/\/api.w.org\/{rel}","templated":true}]}}