{"id":11078,"date":"2022-07-28T13:02:05","date_gmt":"2022-07-28T13:02:05","guid":{"rendered":"http:\/\/ecclesiae.de\/blog\/?page_id=11078"},"modified":"2022-07-28T13:02:05","modified_gmt":"2022-07-28T13:02:05","slug":"pfr-wagner-erzaehlt","status":"publish","type":"page","link":"https:\/\/ecclesiae.de\/blog\/?page_id=11078","title":{"rendered":"Pfr. Wagner erz\u00e4hlt:"},"content":{"rendered":"\n<p><br>Vor vielen Jahren hatte ich einen jungen Mann kennengelernt, der sehr talentiert und auch fromm gewesen w\u00e4re, aber mit dem 6. Gebot Schwierigkeiten hatte.<br>Ich habe ihm geraten, er solle jeden Tag die Litanei zum Heiligsten Herzen Jesu beten. Er hat diesen Rat befolgt.<br>In wenigen Monaten war er v\u00f6llig befreit von dieser b\u00f6sen Sucht. Er hat als eifriger und frommer Mann Medizin studiert und ist dann als Arzt in die Mission gegangen.<br>Ein junges M\u00e4dchen hat mich vor Jahren einmal um Rat gefragt, was sie tun soll, da sie mit ihrem Freund in Bettgemeinschaft lebe. Aber sie wurde unruhig in der Sorge, dass sie damit kein gl\u00fcckliches Leben aufbauen kann. Da riet ich ihr, sie soll ihren Freund zu mir schicken.<br>Der kam und war etwas ungehalten \u00fcber meine unmoderne Einstellung. Ich konnte ihm erkl\u00e4ren,<br>dass es doch um sein wahres Gl\u00fcck gehe, das sie nur finden k\u00f6nnen durch die Gnade Gottes.<br>Er sah das ein und versprach mir, das Herz Jesu um Hilfe anzuflehen. Er versprach mir weiter,<br>am Sonntag zu beichten und mit seiner Freundin nicht mehr allein zu bleiben, au\u00dfer sie beten miteinander.<br>Besonders hat ihm das Wort des Apostels Paulus im 1. Korintherbrief ergriffen: &#8222;Wisst ihr nicht, dass euer Leib ein Tempel des Heiligen Geistes ist, der in euch wohnt und den ihr von Gott habt? Wisst ihr nicht, dass ihr euch nicht selbst geh\u00f6rt? Um einen teuren Preis seid ihr erkauft.&#8220; (1. Kor 6,19)<br>Ich erkl\u00e4rte dazu: &#8222;Um den Preis des Blutes aus dem Herzen Jesu seid ihr und eure Leiber erkauft. Jesus wei\u00df wohl, warum er solchen Preis daf\u00fcr bezahlt hat. Er wei\u00df, dass nur reine Herzen zu Gott finden k\u00f6nnen und allein in Gott das wahre Lebensgl\u00fcck erreichen.&#8220;<br>Traurig war es, dass dieser junge Mann mir erkl\u00e4ren musste, ein Priester habe ihm gesagt, sie d\u00fcrfen ruhig zusammen schlafen, wenn sie sich lieben.<br>Gott hat ja die Liebe geboten und nicht verboten.<br>Es kamen dann \u00f6fters die beiden Verliebten zu mir. Es war eine Freude, zu erfahren, wie sie sich durch Bu\u00dfe zu einem reinen Leben emporringen konnten<br>und darin eine gro\u00dfe Freude fanden. Wenn es auch Opfer kostete, aber der junge Mann sagte:<br>&#8222;Erst durch unser Opfer wird unser Leben wertvoll und wir k\u00f6nnen eine frohe und freie Zukunft erwarten.&#8220;<br>Das konnten sie auch. Sie studierten beide und haben erst nach Abschluss des Studiums geheiratet. Ich durfte sie trauen.<br>Nach der kirchlichen Trauung f\u00fchrten sie mich noch in eine Kirche in Wien, in der in einer Seitenkapelle eine besonders sch\u00f6ne Herz-Jesu-Statue stand. Sie knieten nieder und ich mit ihnen. Eine kleine Viertelstunde verweilten wir im Gebet.<br>W\u00e4hrend wir dann zu einer geplanten Feierstunde mit den Verwandten ins Gasthaus gingen, sagte mir der Mann unterwegs, der nun seinen Doktor hatte:<br>&#8222;Sie sollen es wissen, Vater, wenn es uns besonders schwer war, sind wir hierhergepilgert zum Herzen Jesu. Und jedesmal sind wir st\u00e4rker und froher geworden.<br>Wenn die jungen Leute das erleben k\u00f6nnten, was wir in diesem Jahr f\u00fcr Freude erleben durften, sie w\u00fcrden alle diesen Siegesweg einschlagen. Aber sie lassen sich nichts sagen.&#8220;<br>Ich habe damals dem jungen Paar ein Verslein geschrieben, das ich ihnen ganz still \u00fcbergeben habe:<br>Herz Jesu, mach uns sch\u00f6n und rein,<br>nimm ganz uns in dein Herz hinein!<br>(Von Pfarrer Hermann Wagner)<br>Gott und die Gottesmutter.de<\/p>\n","protected":false},"excerpt":{"rendered":"<p>Vor vielen Jahren hatte ich einen jungen Mann kennengelernt, der sehr talentiert und auch fromm gewesen w\u00e4re, aber mit dem 6. Gebot Schwierigkeiten hatte.Ich habe ihm geraten, er solle jeden Tag die Litanei zum Heiligsten Herzen Jesu beten. Er hat &hellip; <a href=\"https:\/\/ecclesiae.de\/blog\/?page_id=11078\">Weiterlesen <span class=\"meta-nav\">&rarr;<\/span><\/a><\/p>\n","protected":false},"author":3,"featured_media":0,"parent":10792,"menu_order":0,"comment_status":"closed","ping_status":"closed","template":"","meta":{"footnotes":""},"class_list":["post-11078","page","type-page","status-publish","hentry"],"_links":{"self":[{"href":"https:\/\/ecclesiae.de\/blog\/index.php?rest_route=\/wp\/v2\/pages\/11078","targetHints":{"allow":["GET"]}}],"collection":[{"href":"https:\/\/ecclesiae.de\/blog\/index.php?rest_route=\/wp\/v2\/pages"}],"about":[{"href":"https:\/\/ecclesiae.de\/blog\/index.php?rest_route=\/wp\/v2\/types\/page"}],"author":[{"embeddable":true,"href":"https:\/\/ecclesiae.de\/blog\/index.php?rest_route=\/wp\/v2\/users\/3"}],"replies":[{"embeddable":true,"href":"https:\/\/ecclesiae.de\/blog\/index.php?rest_route=%2Fwp%2Fv2%2Fcomments&post=11078"}],"version-history":[{"count":1,"href":"https:\/\/ecclesiae.de\/blog\/index.php?rest_route=\/wp\/v2\/pages\/11078\/revisions"}],"predecessor-version":[{"id":11079,"href":"https:\/\/ecclesiae.de\/blog\/index.php?rest_route=\/wp\/v2\/pages\/11078\/revisions\/11079"}],"up":[{"embeddable":true,"href":"https:\/\/ecclesiae.de\/blog\/index.php?rest_route=\/wp\/v2\/pages\/10792"}],"wp:attachment":[{"href":"https:\/\/ecclesiae.de\/blog\/index.php?rest_route=%2Fwp%2Fv2%2Fmedia&parent=11078"}],"curies":[{"name":"wp","href":"https:\/\/api.w.org\/{rel}","templated":true}]}}