{"id":11094,"date":"2022-07-29T04:28:26","date_gmt":"2022-07-29T04:28:26","guid":{"rendered":"http:\/\/ecclesiae.de\/blog\/?page_id=11094"},"modified":"2022-07-29T04:28:26","modified_gmt":"2022-07-29T04:28:26","slug":"das-gebet-der-mutter","status":"publish","type":"page","link":"https:\/\/ecclesiae.de\/blog\/?page_id=11094","title":{"rendered":"Das Gebet der Mutter"},"content":{"rendered":"\n<p>Der reinste Ton, der durch das Weltall klingt,<br>der reinste Strahl, der zu dem Himmel dringt,<br>die heiligste der Blumen, die da bl\u00fcht,<br>Ihr findet sie allein, wo fromm gesinnt<br>Still eine Mutter betet f\u00fcr ihr Kind.<br><br>Der Tr\u00e4nen werden viele hier geweint,<br>so lange uns des Lebens Sonne scheint,<br>Und mancher Engel, er ist auserw\u00e4hlt,<br>auf dass er unsere stillen Tr\u00e4nen z\u00e4hlt,<br>doch aller Tr\u00e4nen heiligste, sie rinnt,<br>Wenn eine Mutter betet f\u00fcr ihr Kind.<br><br>O schau das H\u00fcttchen dorten, still und klein,<br>Nur matt erhellt von einer Lampe Schein!<br>Es sieht so tr\u00fcb, so arm, so \u00f6de aus,<br>Und gleichwohl ist\u00b4s ein kleines Gotteshaus;<br>Denn drinnen betet, fromm gesinnt,<br>Still eine Mutter f\u00fcr ihr Kind.<br><br>O nennt getrost es einen sch\u00f6nen Wahn,<br>Weil nimmer es des Lebens Augen sahn!<br>Ich lasse mir die Botschaft rauben nicht,<br>Die Himmelsbotschaft, welche zu mir spricht:<br>Da\u00df Engel Gottes stets versammelt sind<br>Wenn eine Mutter betet f\u00fcr ihr Kind.\u201c<br>Q. Ill. Hausbuch v. P. Franz Tischler Impr. 1908<br><br><\/p>\n","protected":false},"excerpt":{"rendered":"<p>Der reinste Ton, der durch das Weltall klingt,der reinste Strahl, der zu dem Himmel dringt,die heiligste der Blumen, die da bl\u00fcht,Ihr findet sie allein, wo fromm gesinntStill eine Mutter betet f\u00fcr ihr Kind. Der Tr\u00e4nen werden viele hier geweint,so lange &hellip; <a href=\"https:\/\/ecclesiae.de\/blog\/?page_id=11094\">Weiterlesen <span class=\"meta-nav\">&rarr;<\/span><\/a><\/p>\n","protected":false},"author":3,"featured_media":0,"parent":10912,"menu_order":0,"comment_status":"closed","ping_status":"closed","template":"","meta":{"footnotes":""},"class_list":["post-11094","page","type-page","status-publish","hentry"],"_links":{"self":[{"href":"https:\/\/ecclesiae.de\/blog\/index.php?rest_route=\/wp\/v2\/pages\/11094","targetHints":{"allow":["GET"]}}],"collection":[{"href":"https:\/\/ecclesiae.de\/blog\/index.php?rest_route=\/wp\/v2\/pages"}],"about":[{"href":"https:\/\/ecclesiae.de\/blog\/index.php?rest_route=\/wp\/v2\/types\/page"}],"author":[{"embeddable":true,"href":"https:\/\/ecclesiae.de\/blog\/index.php?rest_route=\/wp\/v2\/users\/3"}],"replies":[{"embeddable":true,"href":"https:\/\/ecclesiae.de\/blog\/index.php?rest_route=%2Fwp%2Fv2%2Fcomments&post=11094"}],"version-history":[{"count":1,"href":"https:\/\/ecclesiae.de\/blog\/index.php?rest_route=\/wp\/v2\/pages\/11094\/revisions"}],"predecessor-version":[{"id":11095,"href":"https:\/\/ecclesiae.de\/blog\/index.php?rest_route=\/wp\/v2\/pages\/11094\/revisions\/11095"}],"up":[{"embeddable":true,"href":"https:\/\/ecclesiae.de\/blog\/index.php?rest_route=\/wp\/v2\/pages\/10912"}],"wp:attachment":[{"href":"https:\/\/ecclesiae.de\/blog\/index.php?rest_route=%2Fwp%2Fv2%2Fmedia&parent=11094"}],"curies":[{"name":"wp","href":"https:\/\/api.w.org\/{rel}","templated":true}]}}