{"id":11120,"date":"2022-08-04T06:33:25","date_gmt":"2022-08-04T06:33:25","guid":{"rendered":"http:\/\/ecclesiae.de\/blog\/?page_id=11120"},"modified":"2022-08-04T06:33:25","modified_gmt":"2022-08-04T06:33:25","slug":"ablassstossgebete","status":"publish","type":"page","link":"https:\/\/ecclesiae.de\/blog\/?page_id=11120","title":{"rendered":"Ablasssto\u00dfgebete"},"content":{"rendered":"\n<p><strong>Wichtige Vorbemerkungen:<br><br>1. Alle nachstehenden unvollkommenen Abl\u00e4sse kann man t\u00e4glich beliebig oft gewinnen; au\u00dfer das Gegenteil sei bemerkt.<br>2. Alle nachstehenden Abl\u00e4sse sind den Armen Seelen zuwendbar.<br>3. Zur Ablassgewinnung gen\u00fcgt es, die folgenden Sto\u00dfgebete blo\u00df zu denken; man muss sie nicht aussprechen;<br>4. Ein* hinter einem Ablass bedeutet: wer das betreffende Gebetchen einen Monat lang (an drei\u00dfig aufeinanderfolgenden Tagen) verrichtet, hat am Schluss, unter den gew\u00f6hnlichen 4 Bedingungen, auf einen vollkommenen Ablass Anrecht.<br>5. E.Ind. mit Ziffer verweist auf die Nummer in der amtlichen Sammlung Enchiridion Indulgentiarum (Rom 1952), wo das betreffende Gebetchen samt den Verleih- und Ver\u00e4nderungsdaten seiner Abl\u00e4sse zu finden ist.<br>6. Werden die nachstehenden Gebetchen als sakramentale Busse auferlegt, so kann man die Abl\u00e4sse mitgewinnen; can.932.<br><\/strong><br><br><strong>Zur Allerheiligsten Dreifaltigkeit!<\/strong> \u00a0<br><br>Mein Gott und mein Alles\u2026\u2026\u2026\u2026\u2026\u2026&#8230;&#8230;&#8230;&#8230;&#8230;&#8230;&#8230;&#8230;&#8230;.300 Tage, E.Ind.5<br>Mein Gott, ich liebe Dich\u2026letzte Worte der Kleinen hl. Theresia\u2026\u2026\u2026\u2026300 Tage, E.Ind.39<br>Gott, sei mir S\u00fcnder gn\u00e4dig\u2026Lk. 18,13. Gebet des Z\u00f6llners\u2026\u2026\u2026.500 Tage, E.Ind.14<br>Herr, rette mich vor meinen Feinden\u2026Ps.58,2\u2026\u2026\u2026\u2026\u2026\u2026\u2026\u2026\u2026\u2026\u2026\u2026500 Tage, E.Ind. 22<br>Dir sei Lob, Dir Preis, Dir Dank gesagt auf ewig, o selige Dreifaltigkeit\u2026.500 Tage* E.Ind.16b<br>Dreimal heiliger, starker, unsterblicher Gott: erbarme Dich unser\u2026\u2026\u2026..500 Tage* E.Ind.16a<br>Herr, in Deine H\u00e4nde empfehle ich meinen Geist\u2026Ps.306\u2026\u2026\u2026\u2026\u2026\u2026\u2026\u2026..500 Tage* E.Ind.19<br>Herr, vermehre uns den Glauben\u2026Lk.17,5\u2026\u2026\u2026\u2026\u2026\u2026\u2026\u2026\u2026\u2026\u2026\u2026\u2026\u2026\u2026500 Tage* E.Ind.38<br>Mein Gott, mein einzig Gut, Du bist alles f\u00fcr mich, m\u00f6ge ich ganz Dir geh\u00f6ren\u2026\u2026.300 Tage* E.Ind.7<br>Herr, vergilt uns nicht nach unseren S\u00fcnden und nicht nach unseren Missetaten\u2026Ps.102,10\u2026\u2026\u2026\u2026\u2026500 Tage* E.Ind23<br>Allerheiligste Dreifaltigkeit, Du wohnst durch Deine Gnade in meiner Seele; ich bete Dich an\u2026.300 Tage, E. Ind. 12a<br>Allerheiligste Dreifaltigkeit, Du wohnst durch Deine Gnade in meiner Seele: gib, dass ich immer mehr Dich liebe\u2026\u2026\u2026\u2026\u2026\u2026\u2026\u2026\u2026\u2026\u2026\u2026\u2026\u2026..300 Tage, E. Ind.12b<br>Allerheiligste Dreifaltigkeit, Du wohnst durch Deine Gnade in meiner Seele: heilige mich immer mehr\u2026\u2026\u2026\u2026\u2026\u2026\u2026\u2026\u2026\u2026\u2026.300 Tage, E.Ind.12c<br>Herr, bleib bei mir, sei meine wahre Freude\u2026\u2026\u2026\u2026\u2026\u2026\u2026..300 Tage, E. Ind. 12d<br>An Dich glaube ich, auf Dich hoffe ich, Dich liebe ich, Dich bete ich an, selige Dreifaltigkeit, dreieiniger Gott: erbarme Dich meiner, jetzt und in meiner Todesstunde, und rette mich\u2026\u2026\u2026\u2026\u2026\u2026\u2026\u2026\u2026\u2026\u2026\u2026\u2026\u2026\u2026\u2026\u2026\u2026\u2026\u2026..300 Tage, E. Ind. 40<br>O Gott, Du bist allm\u00e4chtig: Mach mich heilig\u2026\u2026\u2026\u2026\u2026..Hl. Alfons von Liguori\u2026..500 Tage, E.Ind. 15<br>Mein Gott, vereine die Geister in der Wahrheit; vereine die Herzen in der Liebe\u2026\u2026\u2026\u2026\u2026\u2026.300 Tage, E. Ind. 10<br>Mein Gott, ich danke Dir f\u00fcr das, was Du gibst, und f\u00fcr das, was Du nimmst. Dein Wille geschehe\u2026\u2026\u2026\u2026\u2026\u2026\u2026\u2026\u2026\u2026\u2026\u2026\u2026\u2026\u2026\u2026\u2026\u2026\u2026300 Tage, E. Ind. 9<br>Heilig, heilig, heilig bist Du, Herr, Gott der Heerscharen; Himmel und Erde sind voll Deiner Herrlichkeit\u2026\u2026R\u00f6m. Messbuch\u2026\u2026\u2026\u2026\u2026\u2026\u2026\u2026\u2026..500 Tage, E. Ind.2<br>Heilige Dreifaltigkeit, ein einiger Gott, erbarme dich unser\u2026\u2026\u2026\u2026\u2026..500 Tage* E.Ind.26<br>Vor jeder S\u00fcnde, bewahre mich, o Herr\u2026\u2026\u2026\u2026\u2026\u2026\u2026\u2026\u2026\u2026\u2026\u2026.500 Tage* E.Ind.27<br>Alles f\u00fcr Dich, mit Dir, und in Dir, mein Gott\u2026\u2026\u2026\u2026\u2026\u2026\u2026\u2026\u2026\u2026\u2026\u2026\u2026\u2026\u2026\u2026.300 Tage* E. Ind.29<br>Herr, rette uns, wir gehen zugrunde\u2026\u2026\u2026\u2026\u2026\u2026\u2026\u2026\u2026\u2026\u2026\u2026\u2026\u2026\u2026.500 Tage* E. Ind.31<br>Dein Wille geschehe\u2026Wenn bei Widerw\u00e4rtigkeiten mit Gottvertrauen gebetet\u2026\u2026500 Tage* E.Ind.31<br>Es geschieht mir recht, Herr, denn ich habe ges\u00fcndigt\u2026300 Tage, wenn and\u00e4chtig bei irgendeiner Tr\u00fcbsal verrichtet, E. Ind.721.<br>\u00a0<br><strong>Zu Gott Vater<\/strong><br><br>Ewiger Vater, ich opfere Dir auf das kostbare Blut Jesu Christi zur S\u00fchne f\u00fcr meine S\u00fcnden, f\u00fcr die Armen Seelen im Fegefeuer und f\u00fcr die Anliegen der heiligen Kirche\u2026\u2026\u2026\u2026\u2026\u2026\u2026\u2026\u2026\u2026\u2026\u2026\u2026\u2026\u2026\u2026\u2026\u2026\u2026\u2026\u2026\u2026\u2026500 Tage*; im Juli 3 Jahre*, E. Ind.219<br><br><strong>Zu Gott Sohn<\/strong><br><br>Bemerkung: Wenn sich so viele Gebete an Gott Sohn wenden, und nur wenige an den Vater und den Heiligen Geist, so r\u00fchrt das daher, dass der menschgewordene Sohn Gottes unser ausgesprochener Mittler beim Vater ist. Aus einem \u00e4hnlichen Grund wenden sich so viele Gebete an Maria.<br>Beim Kreuzzeichen, wobei man sagt: Im Namen des Vaters usw.:\u2026\u20263 Jahre; geschieht es mit Weihwasser: 7 Jahre, E. Ind. 678<br>Jesus!&#8230;&#8230;&#8230;&#8230;&#8230;&#8230;&#8230;&#8230;&#8230;&#8230;&#8230;&#8230;&#8230;&#8230;&#8230;&#8230;&#8230;&#8230;&#8230;.300 Tage* E. Ind. 113<br>Gelobt sei Jesus Christus. In Ewigkeit\u2026 sooft man sich mit dieser oder \u00e4hnlicher Formel begr\u00fcsst\u2026\u2026\u2026\u2026\u2026\u2026\u2026\u2026\u2026\u2026\u2026\u2026\u2026\u2026\u2026\u2026\u2026\u2026\u2026\u2026\u2026\u2026\u2026300 Tage* E. Ind. 697<br>Jesus, Dir leb ich \u2013 Jesus Dir sterb ich \u2013 Jesus, Dein bin ich im Leben und im Tod. Amen\u2026300 Tage*, E. Ind.76<br>Mein Jesus, Barmherzigkeit\u2026.Hl. Leonhard von Porto Maurizio\u2026300 Tage*, E. Ind.70<br>Guter Jesus, sei mir nicht Richter, sondern Seligmacher\u2026Hl. Hieronymus \u00c4milianus\u2026300 Tage*, E. Ind. 72<br>Jesus, Sohn Davids, erbarme Dich meiner\u2026Lk.18,38\u2026500 Tage*, E. Ind. 73<br>Herr, sende Arbeiter in Deinen Weinberg\u2026R\u00f6m. Messbuch\u2026500 Tage*, E. Ind.606<br>Hochgelobt und gebenedeit sei das allerheiligste Sakrament des Altars von nun an bis in Ewigkeit. \u2026\u2026\u2026\u2026\u2026\u2026\u2026\u2026\u2026\u2026\u2026..300 Tage*, E. Ind. 135<br>Du bist Christus, der Sohn des lebendigen Gottes\u2026Mt.16,16. Bekenntnis des hl. Petrus\u2026500 Tage, wenn vor dem Allerheiligsten verrichtet. ( auch bei geschlossenem Tabernakel)\u2026\u2026E. Ind. 79<br>Herr, sende Deiner Kirche heilige Priester und eifrige Ordensleute\u2026\u2026\u2026\u2026\u2026.300 Tage, E. Ind. 605<br>Jesu, Dir zulieb, mit Dir, f\u00fcr Dich\u2026\u2026\u2026\u2026\u2026\u2026\u2026\u2026\u2026\u2026..300 Tage, E. Ind. 81<br>Dass Du alle Irrenden zur Einheit der Kirche zur\u00fcckrufen und alle Ungl\u00e4ubigen zum Licht des Evangeliums f\u00fchren wollest: wir bitten Dich, o Herr, erh\u00f6re uns\u2026300 Tage, E. Ind. 621<br>Herr Jesus, besch\u00fctze durch Dein g\u00f6ttliches Herz unsern Heiligen Vater, den Papst, erleuchte ihn, st\u00e4rke ihn, tr\u00f6ste ihn\u2026\u2026\u2026\u2026\u2026\u2026\u2026\u2026\u2026\u2026\u2026\u2026\u2026\u2026\u2026.300 Tage, E. Ind. 650<br>Kinderfreund Jesus, segne die Kinder der ganzen Welt\u2026\u2026\u2026\u2026300 Tage, E. Ind.78<br>Gebenedeit sei Jesus Christus und seine reinste Mutter\u2026\u2026\u2026.300 Tage, E. Ind. 80<br>Jesus, mein Gott, ich liebe Dich \u00fcber alles\u2026\u2026\u2026\u2026\u2026\u2026\u2026\u2026\u2026\u2026\u2026.300 Tage, E. Ind. 72<br>Dass Du die Feinde der heiligen Kirche dem\u00fctigen wollest: wir bitten Dich, erh\u00f6re uns\u2026R\u00f6m. Rituale\u2026\u2026\u2026\u2026\u2026\u2026\u2026\u2026\u2026\u2026\u2026\u2026\u2026\u2026300 Tage, E. Ind. 717<br>Jesus, K\u00f6nig und Mittelpunkt aller Herzen, durch die Ankunft Deines Reiches gib uns den Frieden\u2026\u2026\u2026\u2026\u2026\u2026\u2026\u2026\u2026300 Tage, E. Ind. 268<br>Mein Herr und mein Gott\u2026.Beim gl\u00e4ubigen Ansehen der Hostie zur Wandlung oder Aussetzung: 7 Jahre. Vollkommener Ablass w\u00f6chentlich einmal, wenn es t\u00e4glich geschah; Bedingung: Beicht, Kommunion, Gebet nach Meinung des Papstes.<br>Vor einem pl\u00f6tzlichen und unvorhergesehenen Tode, bewahre uns, o Herr\u2026300 Tage, E. Ind. 637<br><br><strong>Zu Gott dem Heiligen Geist!<\/strong><br><br>Heiliger Geist, Geist der Wahrheit, komm in unser Herz; gib den V\u00f6lkern Dein strahlendes Licht, damit sie Dir in der Einheit des Glaubens wohlgefallen\u2026300 Tage, E. Ind. 277<br>Heiliger Geist, lieber Seelengast, bleib bei mir, und gib, dass ich immer bei Dir bleibe\u2026300 Tage, E. Ind. 278<br>Gott, Heiliger Geist, erbarme Dich unser\u2026\u2026\u2026.500 Tage*, E. Ind. 279<br>Bei siebenmaligem Ehre sei dem Vater usw\u2026um die sieben Gaben des heiligen Geistes zu erlangen: 3 Jahre, E. Ind. 285<br><br><strong>Zum leidenden Heiland!<\/strong><br><br>Sei gegr\u00fcsst, Kreuz, Du einzige Hoffnung\u2026\u2026\u2026\u2026\u2026\u2026\u2026\u2026\u2026\u2026\u2026..500 Tage*, E. Ind. 187<br>Gott, lass durch des Kreuzes Zeichen unsere Feinde von uns weichen \u2026\u2026\u2026\u2026..R\u00f6m.Brevier\u2026\u2026\u2026.3 Jahre*, E. Ind. 168<br>Herr, ich danke Dir, dass Du f\u00fcr meine S\u00fcnden am Kreuz gestorben bist\u2026 Hl. Paul vom Kreuz\u2026\u2026.300 Tage*, E. Ind. 192<br>Wir beten Dich an, Herr Jesus Christus, und benedeien Dich, denn durch Dein heiliges Kreuz hast Du die ganze Welt erl\u00f6st\u2026 3 Jahre, E. Ind. 191. \u2013 Wir das Glaubensbekenntnis zu Ehren des Leidens Christi damit verbunden: 10 Jahre*, E. Ind. 191.<br>Wir bitten Dich, komm Deinen Dienern zu Hilfe, die Du mit Deinem kostbaren Blute erl\u00f6st hast\u2026Te Deum\u2026300 Tage, E. Ind. 215<br>Guter Jesus, verbirg in Deinen Wunden mich\u2026300 Tage, E. Ind. 199<br><br><strong>Zum Herzen Jesu!<\/strong><br><br>S\u00fcsses Herz Jesu, sei meine Liebe\u2026\u2026\u2026\u2026\u2026\u2026\u2026\u2026\u2026\u2026\u2026\u2026\u2026.300 Tage, E. Ind. 237<br>Alles f\u00fcr Dich, heiligstes Herz Jesu\u2026\u2026\u2026\u2026\u2026\u2026\u2026\u2026\u2026\u2026\u2026\u2026\u2026.300 Tage, E. Ind. 234<br>Herz Jesu, ich vertraue auf Dich\u2026\u2026\u2026\u2026\u2026\u2026\u2026\u2026\u2026\u2026\u2026\u2026\u2026\u2026..300 Tage*, E. Ind. 226<br>S\u00fcsses Herz meines Jesus, gib, dass ich immer mehr Dich lieb\u2026300 Tage*,E.Ind.224<br>Heiliges Herz Jesu, ich schenke mich Dir durch Maria\u2026\u2026.300 Tage*, E. Ind. 238<br>Jesus,sanft und dem\u00fctig von Herzen, mache unser Herz gleich Deinem Herzen\u2026R\u00f6m. Brevier\u2026\u2026\u2026\u2026\u2026\u2026\u2026500 Tage*, E. Ind. 227<br>Heiliges Herz Jesu, besch\u00fctze unsere Familien\u2026\u2026\u2026\u2026\u2026\u2026\u2026300 Tage*, E. Ind. 236<br>Heiligstes Herz Jesu, erbarme Dich unser\u2026\u2026\u2026\u2026\u2026\u2026\u2026\u2026\u2026\u2026500 Tage*, E. Ind. 242<br>Am Schluss der heiligen Messe, bei dreimaliger Wiederholung: 7 Jahre; f\u00fcr die vorangehenden letzten Messgebete: 20 Jahre. Kniend mit dem Priester zu verrichten\u2026\u2026\u2026\u2026E. Ind. 675<br>Herz Jesu, brennend vor Liebe zu uns, entflamme unser Herz mit Liebe zu Dir\u2026R\u00f6m. Brevier\u2026\u2026\u2026\u2026\u2026\u2026\u2026\u2026\u2026\u2026\u2026\u2026..500 Tage*, E. Ind. 225 \u00a0<br>Liebevolles Herz, ich vertraue vollst\u00e4ndig auf Dich; ich f\u00fcrchte zwar alles von meiner Schwachheit, hoffe aber auch alles von Deiner G\u00fcte\u2026 Hl. Margareta Maria Alacoque\u2026300 Tage*, E. Ind. 232<br>Heiliges Herz Jesu, zu uns komme Dein Reich\u2026\u2026\u2026\u2026\u2026\u2026\u2026..300 Tage, E. Ind. 228<br>Heiliges Herz Jesu, ich glaube, dass Du mich lieb hast\u2026\u2026..300 Tage, E. Ind. 230<br>G\u00f6ttliches Herz Jesu, bekehre die S\u00fcnder, rette die Sterbenden, befreie die Armen Seelen aus dem Fegefeuer\u2026\u2026\u2026\u2026\u2026\u2026\u2026\u2026\u2026\u2026\u2026\u2026\u2026\u2026\u2026\u2026\u2026\u2026\u2026.300 Tage, E. Ind. 229<br>S\u00fcsses Herz Jesu, erbarme Dich unser und unserer irrenden Br\u00fcder\u2026300 Tage,E.Ind.233<br>Lob, Liebe, Dank dem heiligen Herzen Jesu\u2026\u2026\u2026\u2026\u2026\u2026\u2026\u2026\u2026.300 Tage, E. Ind. 231<br>Heiliges Herz Jesu, Dich st\u00e4rkte ein Engel in Deiner Todesangst, steh uns bei in der unsern\u2026\u2026\u2026\u2026\u2026\u2026\u2026\u2026\u2026\u2026\u2026\u2026\u2026\u2026\u2026.300 Tage, E. Ind. 239<br><br><strong>Zur Heiligen Familie!<\/strong><br><br>Jesus, Maria und Josef\u2026\u2026\u2026\u2026\u2026\u2026\u2026\u2026\u2026\u2026\u2026\u2026\u2026\u2026\u2026\u2026\u2026\u2026\u2026\u2026\u2026..7 Jahre*, E. Ind. 274<br>Jesus, Maria und Josef, Euch schenke ich mein Herz und meine Seele.<br>Jesus , Maria und Josef, steht mir bei im Todeskampfe.<br>Jesus, Maria und Josef, mit Euch m\u00f6ge meine Seele in Frieden scheiden\u2026\u2026\u2026..7 Jahre f\u00fcr jede Anrufung; monatlich 3 vollkommene Abl\u00e4sse bei t\u00e4glicher Verrichtung, unter den 4 Bedingungen\u2026\u2026\u2026\u2026\u2026\u2026\u2026\u2026E. Ind. 636<br>Jesus, Maria und Josef, wir flehn, wollt jetzt und im Tode zur Seite uns stehn\u2026300 Tage, E. Ind. 273<br><br><strong>Zu Maria<\/strong><br><br>Maria!&#8230;&#8230;&#8230;&#8230;&#8230;&#8230;&#8230;&#8230;&#8230;&#8230;&#8230;&#8230;&#8230;&#8230;&#8230;&#8230;&#8230;&#8230;&#8230;&#8230;&#8230;&#8230;&#8230;&#8230;30<br><br>0 Tage*, E. Ind.292<br>Meine Mutter, meine Zuversicht\u2026\u2026\u2026\u2026\u2026\u2026\u2026\u2026\u2026\u2026\u2026\u2026\u2026\u2026\u2026\u2026.300 Tage, E. Ind. 302<br>Mutter der Barmherzigkeit, bitt f\u00fcr uns\u2026\u2026\u2026\u2026\u2026\u2026\u2026\u2026\u2026\u2026\u2026\u2026.300 Tage, E. Ind. 304<br>Schmerzhafte Jungfrau, bitt f\u00fcr uns\u2026\u2026\u2026\u2026\u2026\u2026\u2026\u2026\u2026\u2026\u2026\u2026\u2026\u2026.300 Tage, E. Ind. 377<br>Maria, mit dem Kinde lieb, uns allen Deinen Segen gib\u2026\u2026\u2026300 Tage, E. Ind. 309<br>S\u00fcsses Herz Mari\u00e4, sei meine Rettung\u2026\u2026\u2026\u2026\u2026\u2026\u2026\u2026\u2026\u2026\u2026\u2026\u2026.300 Tage*, E. Ind. 386<br>Jungfr\u00e4uliche Gottesgeb\u00e4rerin Maria, bitte Jesus f\u00fcr mich\u2026..300 Tage*, E. Ind. 305<br>O Maria, ohne S\u00fcnde empfangen, bitte f\u00fcr uns, die zu Dir ihre Zuflucht nehmen\u2026\u2026\u2026300 Tage*, E. Ind. 357<br>Heil\u2019ge Mutter, dr\u00fcck die Wunden, die Dein Sohn am Kreuz empfunden, tief in meine Seele ein\u2026\u2026\u2026\u2026\u2026\u2026\u2026\u2026\u2026\u2026\u2026\u2026\u2026\u2026\u2026\u2026\u2026\u2026\u2026\u2026\u2026\u2026\u2026\u2026\u2026\u2026\u2026\u2026\u2026\u2026\u2026.500 Tage*, E. Ind. 375<br>Werden 5 Vater unser, Gegr\u00fc\u00dfet seist du und Ehre sei.. zu Ehren der hl. F\u00fcnf Wunden Christi damit verbunden: 3 Jahre*, E. Ind. 198. \u2013 F\u00fcr das >>Stabat Mater&lt;&lt;: 7 Jahre*, E. Ind. 378<br>Reinstes Herz der heiligen Jungfrau Maria, erlange mir von Jesus ein reines und dem\u00fctiges Herz\u2026\u2026\u2026\u2026\u2026\u2026\u2026\u2026\u2026\u2026\u2026\u2026\u2026\u2026\u2026\u2026\u2026\u2026\u2026\u2026\u2026\u2026\u2026\u2026\u2026\u2026\u2026\u2026..300 Tage*, E. Ind. 387<br>K\u00f6nigin der Apostel, bitt f\u00fcr uns\u2026\u2026\u2026\u2026\u2026\u2026\u2026\u2026\u2026\u2026\u2026\u2026\u2026\u2026\u2026\u2026\u2026\u2026..300 Tage, E. Ind. 437<br>Jungfrau Maria, Mutter Jesu, mach uns heilig\u2026\u2026\u2026\u2026\u2026..Hl. Josef Benedikt Cottolengo\u2026\u2026\u2026\u2026.300 Tage, E. Ind. 303<br>Maria, unsre Hoffnung, hab Mitleid mit uns\u2026\u2026\u2026\u2026\u2026\u2026\u2026\u2026\u2026\u2026\u2026\u2026.300 Tage, E. Ind. 299<br>Heilige Maria, bewahre uns vor den H\u00f6llenstrafen\u2026\u2026\u2026\u2026\u2026\u2026\u2026\u2026.300 Tage, E. Ind. 301<br>Maria, bewirke, dass ich in Gott, mit Gott, und f\u00fcr Gott lebe\u2026\u2026\u2026\u2026300 Tage, E. Ind. 306<br>Liebe, schmerzhafte und barmherzige Mutter, bitt f\u00fcr uns\u2026\u2026\u2026\u2026\u2026..300 Tage, E. Ind. 300<br>Maria, schmerzhafte Mutter der Christgl\u00e4ubigen, bitt f\u00fcr uns\u2026\u2026\u2026\u2026.300 Tage, E. Ind. 376<br>Mutter von der immerw\u00e4hrenden Hilfe, bitt f\u00fcr uns\u2026\u2026\u2026\u2026\u2026\u2026\u2026\u2026&#8230;300 Tage,E. Ind. 426<br>Mutter der Waisen, bitt f\u00fcr uns\u2026\u2026\u2026\u2026\u2026\u2026\u2026\u2026\u2026\u2026\u2026\u2026\u2026\u2026\u2026\u2026\u2026\u2026\u2026\u2026\u2026..300 Tage, E. Ind. 432<br>Makellose K\u00f6nigin des Friedens, bitt f\u00fcr uns\u2026\u2026\u2026\u2026\u2026\u2026\u2026\u2026\u2026\u2026\u2026\u2026\u2026\u2026.300 Tage, E. Ind. 430<br>K\u00f6nigin des heiligen Rosenkranzes, bitt f\u00fcr uns\u2026\u2026\u2026\u2026\u2026\u2026\u2026\u2026\u2026\u2026\u2026\u2026.300 Tage, E. Ind. 394<br>Unsere Liebe Frau von Lourdes (oder Einsiedeln, Alt\u00f6tting, von der immerw\u00e4hrenden Hilfe usw., kurz, unter irgendeinem kirchlich gebilligten Titel), bitt f\u00fcr uns\u2026.300 Tage, E. Ind. 296<br>Freu dich, Jungfrau Maria, du allein hast alle Irrlehren auf Erden ausgerottet\u2026\u2026\u2026300 Tage, E. Ind. 316<br>O Maria, m\u00f6gen deine Kinder dich immerdar lieben\u2026\u2026\u2026\u2026\u2026\u2026\u2026\u2026\u2026\u2026\u2026\u2026..300 Tage, E. Ind. 317<br><br><strong>Zu den heiligen Engeln!<\/strong><br><br>Heiliger Schutzengel, dem mich Gottes G\u00fcte \u00fcbergab, erleuchte mich heute (oder: diese Nacht), bewahre, lenke, f\u00fchre mich. Amen\u2026\u2026\u2026\u2026\u2026\u2026\u2026\u2026\u2026\u2026\u2026\u2026\u2026\u2026\u2026\u2026\u2026\u2026.300 Tage*, E. Ind. 462<br>Engel, Erzengel, Throne, Herrschaften, F\u00fcrstent\u00fcmer, Gewalten, Kr\u00e4fte der Himmel, Cherubim und Seraphim: preiset den Herrn ewiglich\u2026\u2026\u2026\u2026\u2026\u2026\u2026\u2026\u2026\u2026\u2026\u2026300 Tage*, E. Ind. 440<br>Heiliger Erzengel Michael, verteidige uns im Kampfe, damit wir nicht zuschanden werden beim furchtbaren Gerichte\u2026\u2026\u2026\u2026R\u00f6m. Messbuch\u2026\u2026\u2026\u2026\u2026\u2026\u2026\u2026\u2026\u2026\u2026.300 Tage*, E. Ind. 442<br>Heiliger Michael, erster Verteidiger des K\u00f6nigtums Christi, bitte f\u00fcr uns\u2026\u2026300 Tage, E. Ind. 443<br><br><strong>Zu verschiedenen Heiligen!<\/strong><br><br>Heiliger Josef, schirme und sch\u00fctze unabl\u00e4ssig unser Leben\u2026\u2026\u2026\u2026..R\u00f6m. Messbuch\u2026.300 Tage*, E. Ind. 458<br>Wird vor einem Bild des hl. Josef 1 Vater unser, Gegr\u00fc\u00dfet seist du, Ehre sei\u2026gebetet samt der Anrufung:<br>Heiliger Josef, bitt f\u00fcr mich\u2026\u2026\u2026\u2026\u2026\u2026\u2026\u2026\u2026\u2026\u2026\u2026\u2026\u2026\u2026\u2026\u2026\u2026\u2026\u2026\u2026\u2026\u2026\u2026\u2026.300 Tage*, E. Ind. 469<br>Heiliger Josef, N\u00e4hrvater unseres Herrn Jesus Christus und wahrer Gatte der Jungfrau Maria, bitt f\u00fcr uns\u2026\u2026\u2026\u2026\u2026\u2026\u2026\u2026\u2026\u2026\u2026\u2026\u2026\u2026\u2026\u2026\u2026\u2026..300 Tage einmal t\u00e4glich, E. Ind. 469<br>Sch\u00fctze, Herr, Dein Volk, das auf die F\u00fcrsprache Deiner heiligen Apostel Petrus und Paulus baut; verteidige es unabl\u00e4ssig. Durch Christus, unsern Herrn. Amen\u2026\u2026R\u00f6m. Messbuch\u2026\u2026\u2026\u2026\u2026\u2026\u2026\u2026\u2026300 Tage*, E. Ind. 480<br>Heilige Theresia vom Kinde Jesus, Schutzheilige der Missionen, bitt f\u00fcr uns\u2026..100 Tage, E. Ind. 474<br>F\u00fcr Verstorbene!<br>Herr, gib ihnen die ewige Ruhe, und das ewige Licht leuchte ihnen: lass sie ruhen in Frieden. Amen\u2026\u2026\u2026\u2026\u2026\u2026\u2026.300 Tage, nur den Armen Seelen zuwendbar, E. Ind. 582<br>Guter Herr Jesus, gib ihnen die ewige Ruhe\u2026\u2026\u2026\u2026\u2026\u2026\u2026\u2026\u2026..300 Tage, nur den Armen Seelen zuwendbar, E. Ind. 583<br><br><strong>Zwei Gebete mit t\u00e4glichem vollkommenem Ablass<\/strong><br><br><strong>Zum gekreuzigten Heiland<\/strong><br><br>Lieber, guter Jesus, ich knie vor Dir nieder und bitte Dich aus tiefster Seele: pr\u00e4ge meinem Herzen lebendigen Glauben, lebendige Hoffnung und Liebe ein, wahre Reue \u00fcber meine S\u00fcnden und den festen Willen, mich zu bessern. Voll Schmerz und Liebe betrachte ich Deine heiligen f\u00fcnf Wunden. Ich erinnere mich dabei der Worte, die Dir, lieber Jesus, schon der Prophet David in den Mund gelegt hat: Sie haben meine H\u00e4nde und F\u00fcsse durchbohrt, sie haben all meine Gebeine gez\u00e4hlt. Jedesmal 10 Jahre Ablass, wenn vor einem Kreuzbild verrichtet. \u2013 T\u00e4glich einmal vollkommener Ablass: Bedingungen: Beicht, Kommunion, Gebet nach Meinung des Papstes\u2026\u2026\u2026\u2026\u2026\u2026\u2026\u2026.E. Ind. 201. Das man das Gebet kniend verrichtet, ist nicht mehr vorgeschrieben.<br><br><strong>Zu Christus, dem K\u00f6nig<\/strong><br><br>Jesus Christus, ich huldige Dir als dem K\u00f6nig der Welt. Alles, was geschaffen ist, wurde f\u00fcr Dich gemacht. Verf\u00fcge \u00fcber mich als \u00fcber Dein Eigentum. Ich erneuere meine Taufgel\u00fcbde, widersage dem Teufel, seiner Pracht und seinen Werken; ich verspreche als guter Christ zu leben. Ganz besonders verpflichte ich mich, alle Kr\u00e4fte aufzubieten, um den Rechten Gottes und Deiner Kirche zum Siege zu verhelfen. G\u00f6ttliches Herz Jesu, Dir \u00fcbergebe ich meine armseligen Handlungen in der Absicht, dass alle Dein heiliges K\u00f6nigtum anerkennen und so Dein Friedensreich auf der ganzen Welt begr\u00fcndet werde. Amen\u2026\u2026Vollkommener Ablass t\u00e4glich einmal, unter den gew\u00f6hnlichen 4 Bedingungen\u2026..E. Ind. 272<br><br><strong>Ablassgebet vor der heiligen Kommunion<\/strong><br><br>Herr, ich bin nicht w\u00fcrdig, dass Du eingehst unter mein Dach, aber sprich nur ein Wort, so wird meine Seele gesund\u2026\u2026\u2026\u2026\u2026\u2026\u2026\u2026\u2026\u2026\u2026\u2026\u2026\u2026\u2026\u2026\u2026\u2026\u2026..500 Tage bei dreimaliger Wiederholung*, E. Ind. 156<br><br>Seele Christi, heilige mich;<br>Leib Christi, erl\u00f6se mich;<br>Blut Christi, tr\u00e4nke mich;<br>Wasser der Seite Christi, wasche mich;<br>Leiden Christi, st\u00e4rke mich;<br>O guter Jesus, erh\u00f6re mich;<br>Birg in Deinen Wunden mich;<br>Von Dir lass nimmer scheiden mich;<br>Vor dem b\u00f6sen Feind besch\u00fctze mich;<br>In meiner Todesstunde rufe mich;<br>Zu Dir zu kommen hei\u00dfe mich;<br>Mit Deinen Heiligen zu loben Dich<br>In Deinem Reiche ewiglich. Amen.<br>300 Tage*. \u2013 Nach der hl. Kommunion: 7 Jahre. E. Ind. 131<br>(Quelle: Ablassb\u00fcchlein: Marianisches Schriftenwerk, CH-4632 Trimbach)<\/p>\n\n\n\n<p>O Herz der Liebe, auf Dich setze ich all mein Vertrauen.<br>Von meiner Schwachheit f\u00fcrchte ich alles, aber von Deiner G\u00fcte hoffe ich auch alles.<br>(300 Tage Abla\u00df jedsmal)<\/p>\n\n\n\n<p>Mutter Gottes, gedenke mein!<br>(100 Tage Abla\u00df jedesmal)<\/p>\n\n\n\n<p>(Q: Druckerlaubnis d. eb. Ordinariates Salzburg; Verlag: Lorettokloster Salzburg;<br>Nr. 9; Druck: A. Pustet, Salzburg.)<\/p>\n","protected":false},"excerpt":{"rendered":"<p>Wichtige Vorbemerkungen: 1. Alle nachstehenden unvollkommenen Abl\u00e4sse kann man t\u00e4glich beliebig oft gewinnen; au\u00dfer das Gegenteil sei bemerkt.2. Alle nachstehenden Abl\u00e4sse sind den Armen Seelen zuwendbar.3. Zur Ablassgewinnung gen\u00fcgt es, die folgenden Sto\u00dfgebete blo\u00df zu denken; man muss sie nicht &hellip; <a href=\"https:\/\/ecclesiae.de\/blog\/?page_id=11120\">Weiterlesen <span class=\"meta-nav\">&rarr;<\/span><\/a><\/p>\n","protected":false},"author":3,"featured_media":0,"parent":10545,"menu_order":0,"comment_status":"closed","ping_status":"closed","template":"","meta":{"footnotes":""},"class_list":["post-11120","page","type-page","status-publish","hentry"],"_links":{"self":[{"href":"https:\/\/ecclesiae.de\/blog\/index.php?rest_route=\/wp\/v2\/pages\/11120","targetHints":{"allow":["GET"]}}],"collection":[{"href":"https:\/\/ecclesiae.de\/blog\/index.php?rest_route=\/wp\/v2\/pages"}],"about":[{"href":"https:\/\/ecclesiae.de\/blog\/index.php?rest_route=\/wp\/v2\/types\/page"}],"author":[{"embeddable":true,"href":"https:\/\/ecclesiae.de\/blog\/index.php?rest_route=\/wp\/v2\/users\/3"}],"replies":[{"embeddable":true,"href":"https:\/\/ecclesiae.de\/blog\/index.php?rest_route=%2Fwp%2Fv2%2Fcomments&post=11120"}],"version-history":[{"count":1,"href":"https:\/\/ecclesiae.de\/blog\/index.php?rest_route=\/wp\/v2\/pages\/11120\/revisions"}],"predecessor-version":[{"id":11121,"href":"https:\/\/ecclesiae.de\/blog\/index.php?rest_route=\/wp\/v2\/pages\/11120\/revisions\/11121"}],"up":[{"embeddable":true,"href":"https:\/\/ecclesiae.de\/blog\/index.php?rest_route=\/wp\/v2\/pages\/10545"}],"wp:attachment":[{"href":"https:\/\/ecclesiae.de\/blog\/index.php?rest_route=%2Fwp%2Fv2%2Fmedia&parent=11120"}],"curies":[{"name":"wp","href":"https:\/\/api.w.org\/{rel}","templated":true}]}}