{"id":11795,"date":"2023-04-30T12:58:42","date_gmt":"2023-04-30T12:58:42","guid":{"rendered":"https:\/\/ecclesiae.de\/blog\/?page_id=11795"},"modified":"2023-11-01T07:42:21","modified_gmt":"2023-11-01T07:42:21","slug":"maiandacht","status":"publish","type":"page","link":"https:\/\/ecclesiae.de\/blog\/?page_id=11795","title":{"rendered":"Maiandacht"},"content":{"rendered":"\n\n\n\n\n\n\n\n\n\n\n\n\n\n\n\n\n\n\n\n\n\n\n\n\n\n\n\n\n\n\n<h1><strong>Andachts\u00fcbungen f\u00fcr jeden Tag des Maimonats.<\/strong><\/h1>\n<h1><strong>Vorbereitungsgebet<\/strong><\/h1>\nHerr, er\u00f6ffne unsern Mund, dass wir Deinen heiligen Namen in der Verehrung der heiligsten Jungfrau Maria w\u00fcrdig loben. Reinige unsere Herzen von allen eitlen, unn\u00fctzen und ausschweifenden Gedanken, erleuchte unsern Verstand und entz\u00fcnde unsern Willen, dass wir unser Gebet mit wahrer Demut, festem Vertrauen und inbr\u00fcnstiger Andacht so verrichten, dass es von Deiner unendlichen G\u00fcte erh\u00f6rt werden m\u00f6ge, der Du lebst und herrschest von Ewigkeit zu Ewigkeit. Amen.\n<h1><strong>Aufopferungsgebet<\/strong><\/h1>\nHeiligste Jungfrau und glorreichste Gottesmutter Maria, wir haben uns hier wiederum vor dir versammelt, um dir unsere Verehrung und Liebe zu bezeigen. Wir freuen uns deiner hohen W\u00fcrde und Glorie, welche dir der Allm\u00e4chtige verliehen hat. Wir loben und preisen den Herrn, dass er dich uns zur Mutter gegeben, dass er dein reinstes und heiligstes Herz mit der vollkommensten Liebe ausgeschm\u00fcckt hat. (Wir weihen dir, o heiligste Jungfrau und Mutter, alle Tage dieses Monats und besonders den heutigen. Wir erw\u00e4hlen dich heute und f\u00fcr immer zu unserer Mutter, Besch\u00fctzerin und F\u00fcrsprecherin bei Jesu, deinem Sohne. Wir weihen dir unser Herz, unsern Leib und unsere Seele. Deinen H\u00e4nden \u00fcbergeben wir alle unsere Hoffnungen und Tr\u00f6stungen, alle unsere Tr\u00fcbsale und Bedr\u00e4ngnisse. Dir empfehlen wir unser ganzes Leben und besonders das Ende desselben. Zeige, dass du Mutter bist. Dir empfehlen wir auch die ganze katholische Kirche, besonders unsern Papst &#8230;, alle Bisch\u00f6fe, den ganzen Priester- und Ordensstand, unsere Verwandten, Wohlt\u00e4ter, Freunde und Feinde und die Armen Seelen im Fegefeuer. M\u00f6ge doch dein liebevolles Herz Freude haben an unsern Lobges\u00e4ngen und Gebeten! Wir vereinigen sie mit den Gebeten aller frommen Christen in diesem Monat, wie auch mit den Lobges\u00e4ngen, welche die Engel des Himmels dir, ihrer liebreichen K\u00f6nigin, darbringen. Jene gr\u00f6\u00dfte aller Gnaden erbitte uns, dass wir Gott, unserm Herrn, bis an unsern Tod treu bleiben und dann das unaussprechliche Gl\u00fcck haben, mit allen Heiligen und Engeln des Himmels dir zu danken, dich zu loben und zu lieben und mit dir Jesum, deinen Sohn, und die allerheiligste Dreifaltigkeit zu preisen und zu lieben in alle Ewigkeit. Amen.\n\nDiese beiden Gebete werden jeden Tag gebetet.\n<ul>\n \t<li><a href=\"https:\/\/ecclesiae.de\/blog\/?page_id=11806\">1. Mai<\/a><\/li>\n \t<li><a href=\"https:\/\/ecclesiae.de\/blog\/?page_id=11810\">2. Mai<\/a><\/li>\n \t<li><a href=\"https:\/\/ecclesiae.de\/blog\/?page_id=11819\">3. Mai<\/a><\/li>\n \t<li><a href=\"https:\/\/ecclesiae.de\/blog\/?page_id=11837\">4. Mai<\/a><\/li>\n \t<li><a href=\"https:\/\/ecclesiae.de\/blog\/?page_id=12166\">5. Mai<\/a><\/li>\n \t<li><a href=\"https:\/\/ecclesiae.de\/blog\/?page_id=11854\">6. Mai<\/a><\/li>\n \t<li><a href=\"https:\/\/ecclesiae.de\/blog\/?page_id=11880\">7. Mai<\/a><\/li>\n \t<li><a href=\"https:\/\/ecclesiae.de\/blog\/?page_id=11887\">8. Mai<\/a><\/li>\n \t<li><a href=\"https:\/\/ecclesiae.de\/blog\/?page_id=11883\">9. Mai<\/a><\/li>\n \t<li><a href=\"https:\/\/ecclesiae.de\/blog\/?page_id=11890\">10. Mai<\/a><\/li>\n \t<li><a href=\"https:\/\/ecclesiae.de\/blog\/?page_id=11901\">11. Mai<\/a><\/li>\n \t<li><a href=\"https:\/\/ecclesiae.de\/blog\/?page_id=11904\">12. Mai<\/a><\/li>\n \t<li><a href=\"https:\/\/ecclesiae.de\/blog\/?page_id=11906\">13. Mai<\/a><\/li>\n \t<li><a href=\"https:\/\/ecclesiae.de\/blog\/?page_id=11908\">14. Mai<\/a><\/li>\n \t<li><a href=\"https:\/\/ecclesiae.de\/blog\/?page_id=11912\">15. Mai<\/a><\/li>\n \t<li><a href=\"https:\/\/ecclesiae.de\/blog\/?page_id=11916\">16. Mai<\/a><\/li>\n \t<li><a href=\"https:\/\/ecclesiae.de\/blog\/?page_id=11919\">17. Mai<\/a><\/li>\n \t<li><a href=\"https:\/\/ecclesiae.de\/blog\/?page_id=11922\">18. Mai<\/a><\/li>\n \t<li><a href=\"https:\/\/ecclesiae.de\/blog\/?page_id=11925\">19. Mai<\/a><\/li>\n \t<li><a href=\"https:\/\/ecclesiae.de\/blog\/?page_id=11929\">20. Mai<\/a><\/li>\n \t<li><a href=\"https:\/\/ecclesiae.de\/blog\/?page_id=11933\">21. Mai<\/a><\/li>\n \t<li><a href=\"https:\/\/ecclesiae.de\/blog\/?page_id=11938\">22. Mai<\/a><\/li>\n \t<li><a href=\"https:\/\/ecclesiae.de\/blog\/?page_id=11941\">23. Mai<\/a><\/li>\n \t<li><a href=\"https:\/\/ecclesiae.de\/blog\/?page_id=11945\">24. Mai<\/a><\/li>\n \t<li><a href=\"https:\/\/ecclesiae.de\/blog\/?page_id=11949\">25. Mai<\/a><\/li>\n \t<li><a href=\"https:\/\/ecclesiae.de\/blog\/?page_id=11952\">26. Mai<\/a><\/li>\n \t<li><a href=\"https:\/\/ecclesiae.de\/blog\/?page_id=11957\">27. Mai<\/a><\/li>\n \t<li><a href=\"https:\/\/ecclesiae.de\/blog\/?page_id=11960\">28. Mai<\/a><\/li>\n \t<li><a href=\"https:\/\/ecclesiae.de\/blog\/?page_id=11963\">29. Mai<\/a><\/li>\n \t<li><a href=\"https:\/\/ecclesiae.de\/blog\/?page_id=11967\">30. Mai<\/a><\/li>\n \t<li><a href=\"https:\/\/ecclesiae.de\/blog\/?page_id=11970\">31. Mai<\/a><\/li>\n<\/ul>\n\n\n\n\n\n\n\n\n\n\n\n\n\n\n\n\n\n\n\n\n\n<p class=\"MsoNormal\"><em>Quelle: Mai Andacht das ist: Die Verehrung der allerseligsten Himmelsk\u00f6nigin und jungfr\u00e4ulichen Mutter Maria im Maimonat f\u00fcr Kirche und Haus eingerichtet<\/em>\n<em>Herausgegeben von J. Eming, Dechant und Pfarrer von Heroest<\/em>\n<em>Von Neuem durchgesehen und in einigen Punkten ver\u00e4ndert von Anton Tappehorn, Ehrendomherr, Dechant und Pfarrer in Vreden<\/em>\n<em>58. Auflage<\/em>\n<em>Mit Erlaubnis der geistigen Obrigkeit<\/em>\n<em>Imprimatur: Monasterii, die 14. Octrobis 1920<\/em><\/p>\n\n\n","protected":false},"excerpt":{"rendered":"<p>Andachts\u00fcbungen f\u00fcr jeden Tag des Maimonats. Vorbereitungsgebet Herr, er\u00f6ffne unsern Mund, dass wir Deinen heiligen Namen in der Verehrung der heiligsten Jungfrau Maria w\u00fcrdig loben. Reinige unsere Herzen von allen eitlen, unn\u00fctzen und ausschweifenden Gedanken, erleuchte unsern Verstand und entz\u00fcnde &hellip; <a href=\"https:\/\/ecclesiae.de\/blog\/?page_id=11795\">Weiterlesen <span class=\"meta-nav\">&rarr;<\/span><\/a><\/p>\n","protected":false},"author":3,"featured_media":0,"parent":10545,"menu_order":0,"comment_status":"closed","ping_status":"closed","template":"","meta":{"footnotes":""},"class_list":["post-11795","page","type-page","status-publish","hentry"],"_links":{"self":[{"href":"https:\/\/ecclesiae.de\/blog\/index.php?rest_route=\/wp\/v2\/pages\/11795","targetHints":{"allow":["GET"]}}],"collection":[{"href":"https:\/\/ecclesiae.de\/blog\/index.php?rest_route=\/wp\/v2\/pages"}],"about":[{"href":"https:\/\/ecclesiae.de\/blog\/index.php?rest_route=\/wp\/v2\/types\/page"}],"author":[{"embeddable":true,"href":"https:\/\/ecclesiae.de\/blog\/index.php?rest_route=\/wp\/v2\/users\/3"}],"replies":[{"embeddable":true,"href":"https:\/\/ecclesiae.de\/blog\/index.php?rest_route=%2Fwp%2Fv2%2Fcomments&post=11795"}],"version-history":[{"count":36,"href":"https:\/\/ecclesiae.de\/blog\/index.php?rest_route=\/wp\/v2\/pages\/11795\/revisions"}],"predecessor-version":[{"id":12169,"href":"https:\/\/ecclesiae.de\/blog\/index.php?rest_route=\/wp\/v2\/pages\/11795\/revisions\/12169"}],"up":[{"embeddable":true,"href":"https:\/\/ecclesiae.de\/blog\/index.php?rest_route=\/wp\/v2\/pages\/10545"}],"wp:attachment":[{"href":"https:\/\/ecclesiae.de\/blog\/index.php?rest_route=%2Fwp%2Fv2%2Fmedia&parent=11795"}],"curies":[{"name":"wp","href":"https:\/\/api.w.org\/{rel}","templated":true}]}}