{"id":11883,"date":"2023-05-03T12:27:29","date_gmt":"2023-05-03T12:27:29","guid":{"rendered":"https:\/\/ecclesiae.de\/blog\/?page_id=11883"},"modified":"2023-05-04T04:41:02","modified_gmt":"2023-05-04T04:41:02","slug":"maiandacht-9-tag","status":"publish","type":"page","link":"https:\/\/ecclesiae.de\/blog\/?page_id=11883","title":{"rendered":"Maiandacht, 9. Tag"},"content":{"rendered":"\n<p><a href=\"https:\/\/ecclesiae.de\/blog\/?page_id=11795\">Vorbereitungsgebet und Aufopferungsgebet<\/a><\/p>\n\n\n\n<p class=\"has-medium-font-size\"><strong>Vom allgemeinen, letzten Gerichte (Fortsetzung)<\/strong><\/p>\n\n\n\n<p><strong>b) \u00dcber die Gerechten<\/strong><\/p>\n\n\n\n<ol class=\"wp-block-list\" type=\"1\">\n<li>Zur rechten Seite des ewigen Richters stehen mit freudegl\u00e4nzendem Angesichte die frommen Diener und Dienerinnen Gottes, umgeben von einer Schar heiliger Engel, an deren Spitze Maria, die K\u00f6nigin aller Engel und Heiligen. Mit himmlisch sanftem, holdselig l\u00e4chelndem Angesichte wendet sich nun Jesus zu der Schar der auserw\u00e4hlten Kinder seines himmlischen Vaters. \u201eKommet,\u201c ruft er ihnen zu, \u201eihr Gebenedeiten meines Vaters, nehmet in Besitz das Reich, das euch bereitet ist seit der Gr\u00fcndung der Welt.\u201c Welch ein s\u00fc\u00dfes Wort! Der K\u00f6nig des Himmels und der erde ruft es seinen Erl\u00f6sten zu, die auf Erden vielleicht verachtet und zur\u00fcckgesetzt wurden.<br>\u201eKommet,\u201c spricht er zu ihnen, \u201ekommet nun von der Arbeit zum Lohne, kommet nun aus der Drangsal zur ewigen Freude, kommet aus dem harten Kampfe zur Siegeskrone, kommet, ihr Gesegneten meines Vaters, dessen folgsame, getreue Kinder ihr waret. Er wartet euer im Himmel und nimmt euch auf in die ewigen Wohnungen, die er f\u00fcr euch bestimmt hat. Besitzet das Reich, dessen Sch\u00e4tze unermesslich, dessen Wonnen unaussprechlich sind, sitzet nun mit mir auf meinem Throne, wie ich mit dem Vater sitze auf seinem Throne.\u201c Betrachte, meine Seele, die unaussprechliche Freude der Frommen bei diesem wonnevollen Worte Jesu und vergleiche damit die schrecklichen Worte des des zornigen Richters an die unbu\u00dffertigen S\u00fcnder. Siehe, auch du kannst einst die Worte h\u00f6ren: \u201eKomm, Gebenedeiter!\u201c Verlass nur die S\u00fcnde, tue Bu\u00dfe, und du wirst selig sein.<br><br><\/li>\n\n\n\n<li>Nun erhebt sich Jesus von seinem Throne, an seiner rechten Seite Maria, seine glorreiche Mutter. Umgeben von den Ch\u00f6ren der seligen Geister zieht er voran, er, die Glorie aller Heiligen, der K\u00f6nig der ewigen Herrlichkeit. Ihm nach folgen die Frommen in zahlloser Menge, angetan mit wei\u00dfen Kleidern, Kronen auf dem Haupte, Palmzweige in der Hand, singend das ewig neue Jubellied zum Preise des Lammes. Die ewigen Tore des Himmels tun sich auf und des himmlischen Vaterlandes Herrlichkeit erscheint nun den freudigen Blicken der Gerechten. Sie schauen den Vater, der sie erschaffen, sie schauen dem heiligen Geist, der sie geheiligt, sie schauen ihre gl\u00e4nzenden Throne, auf denen sie sitzen und herrschen sollen, sie schauen das k\u00f6stliche Mahl, das ihnen bereitet ist. Wie danken alle der heiligen Dreifaltigkeit! Wie auch der allerseligsten Jungfrau Maria f\u00fcr das erwiesene Gute! Welch ein Entz\u00fccken, welche Freude durchdringt ihr Herz! O wer vermag auszusprechen und zu beschreiben ihre Seligkeit!<br>O Seele, soll diese Seligkeit dich nicht bewegen k\u00f6nnen, dem h\u00f6chsten Gute eine kurze Zeit zu dienen, der S\u00fcnde abzusterben und Christo zu leben, eine kleine Verachtung oder Verspottung geduldig zu ertragen? Siehe auf die kurzen Freuden der Welt folgt ewiges Leid, und auf kurzes Leid ewige Freude!<br><br><\/li>\n<\/ol>\n\n\n\n<p>Lasset und beten <strong>3 Ave Maria<\/strong>, um durch die F\u00fcrbitte Mari\u00e4 das Gl\u00fcck zu erlangen, einst zu den Auserw\u00e4hlten zu geh\u00f6ren.<\/p>\n\n\n\n<p>Gegr\u00fc\u00dfet seist du Maria \u2026<\/p>\n\n\n\n<p><em>Bei Privatandachten kann auch nach den Worten \u201eJesus\u201c jedes Mal hinzugesetzt werden:<\/em><\/p>\n\n\n\n<p>\u201eDer uns die Gnade geben wolle, einst zu den Auserw\u00e4hlten zu geh\u00f6ren.\u201c<\/p>\n\n\n\n<p><strong>Gebet<\/strong><\/p>\n\n\n\n<p>O Herr und Gott, ich stehe zwischen Himmel und H\u00f6lle in der Welt und noch immer schwanke ich hin und her und bin unschl\u00fcssig, ob ich dir folgen soll oder nicht. Ach, meine b\u00f6sen Neigungen und Gewohnheiten wollen nicht zugeben, dass ich aufstehe von meinem S\u00fcndenelende. Darum flehe ich inbr\u00fcnstig zu dir, o Herr, meine Mutter: reiche mir deine Hand und ziehe mich mit Gewalt hin zur Kreuzesfahne deines Sohnes, um unter dieser Fahne zu streiten, zu fliegen und die ewige Krone zu erringen. Amen.<\/p>\n","protected":false},"excerpt":{"rendered":"<p>Vorbereitungsgebet und Aufopferungsgebet Vom allgemeinen, letzten Gerichte (Fortsetzung) b) \u00dcber die Gerechten Lasset und beten 3 Ave Maria, um durch die F\u00fcrbitte Mari\u00e4 das Gl\u00fcck zu erlangen, einst zu den Auserw\u00e4hlten zu geh\u00f6ren. Gegr\u00fc\u00dfet seist du Maria \u2026 Bei Privatandachten &hellip; <a href=\"https:\/\/ecclesiae.de\/blog\/?page_id=11883\">Weiterlesen <span class=\"meta-nav\">&rarr;<\/span><\/a><\/p>\n","protected":false},"author":3,"featured_media":0,"parent":11795,"menu_order":9,"comment_status":"closed","ping_status":"closed","template":"","meta":{"footnotes":""},"class_list":["post-11883","page","type-page","status-publish","hentry"],"_links":{"self":[{"href":"https:\/\/ecclesiae.de\/blog\/index.php?rest_route=\/wp\/v2\/pages\/11883","targetHints":{"allow":["GET"]}}],"collection":[{"href":"https:\/\/ecclesiae.de\/blog\/index.php?rest_route=\/wp\/v2\/pages"}],"about":[{"href":"https:\/\/ecclesiae.de\/blog\/index.php?rest_route=\/wp\/v2\/types\/page"}],"author":[{"embeddable":true,"href":"https:\/\/ecclesiae.de\/blog\/index.php?rest_route=\/wp\/v2\/users\/3"}],"replies":[{"embeddable":true,"href":"https:\/\/ecclesiae.de\/blog\/index.php?rest_route=%2Fwp%2Fv2%2Fcomments&post=11883"}],"version-history":[{"count":3,"href":"https:\/\/ecclesiae.de\/blog\/index.php?rest_route=\/wp\/v2\/pages\/11883\/revisions"}],"predecessor-version":[{"id":11898,"href":"https:\/\/ecclesiae.de\/blog\/index.php?rest_route=\/wp\/v2\/pages\/11883\/revisions\/11898"}],"up":[{"embeddable":true,"href":"https:\/\/ecclesiae.de\/blog\/index.php?rest_route=\/wp\/v2\/pages\/11795"}],"wp:attachment":[{"href":"https:\/\/ecclesiae.de\/blog\/index.php?rest_route=%2Fwp%2Fv2%2Fmedia&parent=11883"}],"curies":[{"name":"wp","href":"https:\/\/api.w.org\/{rel}","templated":true}]}}