{"id":11929,"date":"2023-05-08T12:38:54","date_gmt":"2023-05-08T12:38:54","guid":{"rendered":"https:\/\/ecclesiae.de\/blog\/?page_id=11929"},"modified":"2023-05-08T12:38:54","modified_gmt":"2023-05-08T12:38:54","slug":"maiandacht-20-tag","status":"publish","type":"page","link":"https:\/\/ecclesiae.de\/blog\/?page_id=11929","title":{"rendered":"Maiandacht &#8211; 20. Tag"},"content":{"rendered":"\n<p><a href=\"https:\/\/ecclesiae.de\/blog\/?page_id=11795\">Vorbereitungs- und Aufopferungsgebet<\/a><\/p>\n\n\n\n<p class=\"has-medium-font-size\"><strong>Von der Tugend des Glaubens<\/strong><\/p>\n\n\n\n<ol class=\"wp-block-list\" type=\"1\">\n<li>\u00a0Maria ist die Mutter des Gaubens und hat, wie der heilige Iren\u00e4us sagt, den Schaden, den unsere erste Mutter Eva durch ihren Unglauben angerichtet hatte, durch ihren Glauben wieder gut gemacht. Sie glaubte den Worten des Engels, der ihr die Menschwerdung des Sohnes Gottes verk\u00fcndete, sie erblickte ihr g\u00f6ttliches Kind im Stalle zu Bethlehem, sah es fliehen vor Herodes, sah es wandeln in gr\u00f6\u00dfter Armut vor ihren Augen, und glaubte dennoch, dass dieses Kind der K\u00f6nig des Himmels und der Erde sei. Sie sah ihren Sohn am Kreuze sterben, und obgleich der Glaube der heiligen Apostel und J\u00fcnger wankte, blieb Maria doch fest \u00fcberzeugt, dass er ihr Gott und Herr sei. Damals unter dem Kreuze ihres g\u00f6ttlichen Sohnes zweigte Maria auf gl\u00e4nzende Weise, wie stark ihr Glaube war, so dass sie mit Recht eine Mutter der Gl\u00e4ubigen genannt wird.<br>Strebe eifrig, christliche Seele, nach diesem unersch\u00fctterlichen Glauben, er ist der Grund und die Wurzel alles gottseligen Lebens. Ohne Glauben kannst du Gott nicht gefallen. Der Glaube aber ist eine Gabe Gottes. Darum bitte inst\u00e4ndig um diese Gabe, sprich oft: Herr, gib mir Glauben! Herr, hilf meinem schwachen Glauben. Herr, vermehre meinen Glauben \u2026<br><br><\/li>\n\n\n\n<li>Der heilige Jidephons ermahnt, dass wir nach dem Beispiel Mariens das Glaubenssiegel in uns erneuern sollen. Dies geschieht, wenn wir den Glauben in uns lebendig machen durch Aus\u00fcbung guter Werke. Der Gerechte lebt aus dem Glauben, d.h. er lebt nach dem Glauben, er vollbringt, was der Glaube ihn lehrt. Verrichte also deine Werke im Ausblicke zu Gott, im heiligsten Namen Jesu, bete, arbeite, k\u00e4mpfe, leide, weil Gott es so haben will. Der Glaube lehrt dich, dass alle G\u00fcter und Freuden der Welt eitel sind: darum verachte sie. Der Glaube lehrt dich, dass das Auge Gottes nur auf die Dem\u00fctigen und Reinen sieht: darum beflei\u00dfige dich der Demut und Reinigkeit. Der Glaube lehrt dich, dass Gott allein in der Not, in der Versuchung helfen kann: also \u00fcberlass dich ganz seiner heiligsten Vorsehung \u2026<br>Befolge so die Vorschriften des Glaubens, und du wirst immer mehr wachsen in allem Guten, vor jeder S\u00fcnde bewahrt bleiben und hingelangen zu dem Orte, wo der Glaube sich in Schauen verwandelt.<\/li>\n<\/ol>\n\n\n\n<p>Lasset und beten <strong>3 Ave Maria<\/strong>, um durch Maria einen festen und lebendigen Glauben zu erlangen.<\/p>\n\n\n\n<p>Gegr\u00fc\u00dfet seist du Maria \u2026<\/p>\n\n\n\n<p><em>Bei Privatandachten kann auch nach den Worten \u201eJesus\u201c jedes Mal hinzugesetzt werden:<\/em><\/p>\n\n\n\n<p>\u201eDer uns einen festen und lebendigen Glauben geben wolle.\u201c<br><\/p>\n\n\n\n<p class=\"has-medium-font-size\"><strong>Gebet<\/strong><\/p>\n\n\n\n<p>O Mutter der Gl\u00e4ubigen, heilige Maria, hilf mir, dass ich, wie du, aus dem Glauben lebe, dass der heilige Glaube, der mir in der heiligen Taufe eingegossen worden ist, der Beweggrund aller meiner Handlungen sei, dass ich immer seinen Vorschriften folge und auf diese Weise immer tugendhafter werde. Amen.<\/p>\n","protected":false},"excerpt":{"rendered":"<p>Vorbereitungs- und Aufopferungsgebet Von der Tugend des Glaubens Lasset und beten 3 Ave Maria, um durch Maria einen festen und lebendigen Glauben zu erlangen. Gegr\u00fc\u00dfet seist du Maria \u2026 Bei Privatandachten kann auch nach den Worten \u201eJesus\u201c jedes Mal hinzugesetzt &hellip; <a href=\"https:\/\/ecclesiae.de\/blog\/?page_id=11929\">Weiterlesen <span class=\"meta-nav\">&rarr;<\/span><\/a><\/p>\n","protected":false},"author":3,"featured_media":0,"parent":11795,"menu_order":20,"comment_status":"closed","ping_status":"closed","template":"","meta":{"footnotes":""},"class_list":["post-11929","page","type-page","status-publish","hentry"],"_links":{"self":[{"href":"https:\/\/ecclesiae.de\/blog\/index.php?rest_route=\/wp\/v2\/pages\/11929","targetHints":{"allow":["GET"]}}],"collection":[{"href":"https:\/\/ecclesiae.de\/blog\/index.php?rest_route=\/wp\/v2\/pages"}],"about":[{"href":"https:\/\/ecclesiae.de\/blog\/index.php?rest_route=\/wp\/v2\/types\/page"}],"author":[{"embeddable":true,"href":"https:\/\/ecclesiae.de\/blog\/index.php?rest_route=\/wp\/v2\/users\/3"}],"replies":[{"embeddable":true,"href":"https:\/\/ecclesiae.de\/blog\/index.php?rest_route=%2Fwp%2Fv2%2Fcomments&post=11929"}],"version-history":[{"count":1,"href":"https:\/\/ecclesiae.de\/blog\/index.php?rest_route=\/wp\/v2\/pages\/11929\/revisions"}],"predecessor-version":[{"id":11930,"href":"https:\/\/ecclesiae.de\/blog\/index.php?rest_route=\/wp\/v2\/pages\/11929\/revisions\/11930"}],"up":[{"embeddable":true,"href":"https:\/\/ecclesiae.de\/blog\/index.php?rest_route=\/wp\/v2\/pages\/11795"}],"wp:attachment":[{"href":"https:\/\/ecclesiae.de\/blog\/index.php?rest_route=%2Fwp%2Fv2%2Fmedia&parent=11929"}],"curies":[{"name":"wp","href":"https:\/\/api.w.org\/{rel}","templated":true}]}}