{"id":11936,"date":"2023-05-09T05:47:17","date_gmt":"2023-05-09T05:47:17","guid":{"rendered":"https:\/\/ecclesiae.de\/blog\/?page_id=11936"},"modified":"2023-05-09T05:47:17","modified_gmt":"2023-05-09T05:47:17","slug":"rosenkranz-zu-den-neun-choeren-der-heiligen-engel","status":"publish","type":"page","link":"https:\/\/ecclesiae.de\/blog\/?page_id=11936","title":{"rendered":"Rosenkranz zu den neun Ch\u00f6ren der Heiligen Engel"},"content":{"rendered":"\n<p>So betet man den Rosenkranz zu den neun Ch\u00f6ren der Heiligen Engel:<\/p>\n\n\n\n<p><strong>Heiliger Michael!<\/strong><\/p>\n\n\n\n<p>Ich empfehle dir die Stunde meines Todes; halte in derselben den b\u00f6sen Feind gefangen, dass er mich nicht anfechten und meiner Seele nicht schaden kann.<br>1 x Vater unser<\/p>\n\n\n\n<p><strong>Heiliger Gabriel!<\/strong><\/p>\n\n\n\n<p>Erlange mir von Gott einen lebendigen Glauben, eine starke Hoffnung, inbr\u00fcnstige Liebe und gro\u00dfe Andacht zum heiligsten Altarsakramente.<br>1 x Vater unser<\/p>\n\n\n\n<p><strong>Heiliger Raphael!<\/strong><\/p>\n\n\n\n<p>F\u00fchre mich allezeit den Weg der Tugend und Vollkommenheit.<br>1 x Vater unser<\/p>\n\n\n\n<p><strong>Heiliger Schutzengel!<\/strong><\/p>\n\n\n\n<p>Erlange mir g\u00f6ttliche Einsprechungen und die besondere Gnade, dieselben treu zu befolgen.<br>1 x Vater unser<\/p>\n\n\n\n<p><strong>O ihr flammenden Seraphim!<\/strong><\/p>\n\n\n\n<p>Erlanget mir eine brennende Liebe Gottes.<br>1 x Vater unser, 3 x Ave Maria<\/p>\n\n\n\n<p><strong>O hocherleuchtete Cherubim!<\/strong><\/p>\n\n\n\n<p>Erlangt mir die wahre Erkenntnis Gottes und die Wissenschaft der Heiligen.<br>1 x Vater unser, 3 x Ave Maria<\/p>\n\n\n\n<p><strong>O vortreffliche Thronen!<\/strong><\/p>\n\n\n\n<p>Erlangt mir den Frieden und die Ruhe des Herzens.<br>1 x Vater unser, 3 x Ave Maria<\/p>\n\n\n\n<p><strong>O hohe Herrschaften!<\/strong><\/p>\n\n\n\n<p>Erlangt mir den Sieg \u00fcber alle b\u00f6sen Neigungen und Begierden.<br>1 x Vater unser, 3 x Ave Maria<\/p>\n\n\n\n<p><strong>O un\u00fcberwindliche Gewalthaber!<\/strong><\/p>\n\n\n\n<p>Erlangt mir St\u00e4rke wider alle b\u00f6sen Geister.<br>1 x Vater unser, 3 x Ave Maria<\/p>\n\n\n\n<p><strong>O wundert\u00e4tige Kr\u00e4fte!<\/strong><\/p>\n\n\n\n<p>Erlangt mir die F\u00fclle aller Tugenden und Vollkommenheit.<br>1 x Vater unser, 3 x Ave Maria<\/p>\n\n\n\n<p><strong>O durchlauchteste F\u00fcrstent\u00fcmer!<\/strong><\/p>\n\n\n\n<p>Erlangt mir vollkommenen Gehorsam und Gerechtigkeit.<br>1 x Vater unser, 3 x Ave Maria<\/p>\n\n\n\n<p><strong>O heilige Erzengel!<\/strong><\/p>\n\n\n\n<p>Erlangt mir Gleichf\u00f6rmigkeit mit dem Willen Gottes.<br>1 x Vater unser, 3 x Ave Maria<\/p>\n\n\n\n<p><strong>O heilige Engel! Treue Schutzgeister!<\/strong><\/p>\n\n\n\n<p>Erlangt mir wahre Demut und gro\u00dfes Vertrauen auf Gottes Barmherzigkeit.<br>1 x Vater unser, 3 x Ave Maria<\/p>\n\n\n\n<p>  <\/p>\n\n\n\n<p>&#8222;Liebster Jesus! Diesen Rosenkanz \u00fcbergebe ich Deinem g\u00f6ttlichen Herzen, damit Du es vervollkommnen und Deinen heiligen Engeln eine Freude damit machen wolltest, auf dass sie mich in ihrem Schutz erhalten, sonderlich in meinem Sterbest\u00fcndlein, wozu ich&nbsp;<a><\/a>sie alle von Herzen einlade, damit ich, durch ihre Gegenwart gest\u00e4rkt, den Tod mit Freuden erwarte und vor den h\u00f6llischen Nachstellungen besch\u00fctzt werde.<\/p>\n\n\n\n<p>Ich bitte Euch auch inst\u00e4ndig, o ihr lieben, heiligen Engel, besucht die Armen Seelen im Fegfeuer, namentlich meine Eltern, Freunde und Wohlt\u00e4ter. Helft ihnen zur baldigen Erl\u00f6sung und vergesst allda meiner nicht nach dem Tode. Dies bitte ich Euch herzinniglich durch die heiligen Herzen Jesu und Maria. Amen.&#8220;<br><br><br><\/p>\n\n\n\n<p><strong>Versprechungen des Heiligen Erzengels Michael<\/strong><\/p>\n\n\n\n<p>Wer diesen Rosenkranz vor der hl. Kommunion and\u00e4chtig betet, wird von neun heiligen Engeln, aus jedem Chore einen, zur heiligen Kommunion begleitet; auch seine Seele soll mit dem kostbaren Blute Jesu abgewaschen und geziert werden, um w\u00fcrdig zu kommunizieren. Wer diesen Rosenkranz t\u00e4glich betet, wird in seiner Sterbestunde von genannter Anzahl heiliger Engel besucht, getr\u00f6stet und gest\u00e4rkt und von den h\u00f6llischen Feinden und Peinen befreit und besch\u00fctzt werden. Auch werden dessen Verwandte, wenn sich deren noch einige im Fegfeuer befinden, neun Mal des Tages besucht und getr\u00f6stet.<\/p>\n\n\n\n<p>Pius IX. verlieh am 8. August 1851 folgende Abl\u00e4sse:<\/p>\n\n\n\n<p>1. Einen Ablass von 7 Jahren und 7 Quaragenen jedes Mal, sooft man diesen Rosenkranz betet.<\/p>\n\n\n\n<p>2. Einen Ablass von 100 Tagen an jedem Tag, an welchem man diesen Rosenkranz bei sich tr\u00e4gt oder die ihm angeh\u00e4ngte Medaille der heiligen Engel k\u00fcsst.<\/p>\n\n\n\n<p>3. Bei t\u00e4glicher Verrichtung desselben einmal im Monat einen vollkommenen Ablass, wenn man an einem beliebigen Tage die heiligen Sakramente empf\u00e4ngt und nach der Meinung des Heiligen Vaters betet.<\/p>\n\n\n\n<p>4. Einen vollkommenen Ablass unter den soeben angef\u00fchrten Bedingungen:<\/p>\n\n\n\n<p>a) Am Feste des Heiligen Erzengel Michael, Erscheinung, 8. Mai.<br>b) Am Feste des Heiligen Erzengel Michael, 29. September.<br>c) Am Feste des Heiligen Erzengel Gabriel, 18. M\u00e4rz.<br>d) Am Feste des Heiligen Erzengel Raphael, 24. Oktober.<br>e) Am Feste der Heiligen Schutzengel, 2. Oktober.<\/p>\n","protected":false},"excerpt":{"rendered":"<p>So betet man den Rosenkranz zu den neun Ch\u00f6ren der Heiligen Engel: Heiliger Michael! Ich empfehle dir die Stunde meines Todes; halte in derselben den b\u00f6sen Feind gefangen, dass er mich nicht anfechten und meiner Seele nicht schaden kann.1 x &hellip; <a href=\"https:\/\/ecclesiae.de\/blog\/?page_id=11936\">Weiterlesen <span class=\"meta-nav\">&rarr;<\/span><\/a><\/p>\n","protected":false},"author":3,"featured_media":0,"parent":10364,"menu_order":0,"comment_status":"closed","ping_status":"closed","template":"","meta":{"footnotes":""},"class_list":["post-11936","page","type-page","status-publish","hentry"],"_links":{"self":[{"href":"https:\/\/ecclesiae.de\/blog\/index.php?rest_route=\/wp\/v2\/pages\/11936","targetHints":{"allow":["GET"]}}],"collection":[{"href":"https:\/\/ecclesiae.de\/blog\/index.php?rest_route=\/wp\/v2\/pages"}],"about":[{"href":"https:\/\/ecclesiae.de\/blog\/index.php?rest_route=\/wp\/v2\/types\/page"}],"author":[{"embeddable":true,"href":"https:\/\/ecclesiae.de\/blog\/index.php?rest_route=\/wp\/v2\/users\/3"}],"replies":[{"embeddable":true,"href":"https:\/\/ecclesiae.de\/blog\/index.php?rest_route=%2Fwp%2Fv2%2Fcomments&post=11936"}],"version-history":[{"count":1,"href":"https:\/\/ecclesiae.de\/blog\/index.php?rest_route=\/wp\/v2\/pages\/11936\/revisions"}],"predecessor-version":[{"id":11937,"href":"https:\/\/ecclesiae.de\/blog\/index.php?rest_route=\/wp\/v2\/pages\/11936\/revisions\/11937"}],"up":[{"embeddable":true,"href":"https:\/\/ecclesiae.de\/blog\/index.php?rest_route=\/wp\/v2\/pages\/10364"}],"wp:attachment":[{"href":"https:\/\/ecclesiae.de\/blog\/index.php?rest_route=%2Fwp%2Fv2%2Fmedia&parent=11936"}],"curies":[{"name":"wp","href":"https:\/\/api.w.org\/{rel}","templated":true}]}}