{"id":12166,"date":"2023-11-01T07:39:05","date_gmt":"2023-11-01T07:39:05","guid":{"rendered":"https:\/\/ecclesiae.de\/blog\/?page_id=12166"},"modified":"2023-11-01T07:39:05","modified_gmt":"2023-11-01T07:39:05","slug":"maiandacht-5-tag","status":"publish","type":"page","link":"https:\/\/ecclesiae.de\/blog\/?page_id=12166","title":{"rendered":"Maiandacht &#8211; 5. Tag"},"content":{"rendered":"\n<p><a href=\"https:\/\/ecclesiae.de\/blog\/?page_id=11795\">Vorbereitungsgebet und Aufopferungsgebet<\/a><\/p>\n\n\n\n<p class=\"has-medium-font-size\"><strong>Von der Bosheit der schweren S\u00fcnde (Fortsetzung)<\/strong><\/p>\n\n\n\n<ol class=\"wp-block-list\" type=\"1\">\n<li>An den Fr\u00fcchten erkennt man den Baum. Die Frucht der S\u00fcnde ist die Strafe: die Strafe beweist die Bosheit der S\u00fcnde. Die erste S\u00fcnde begingen die Engel des Himmels; es war die S\u00fcnde der Hoffart, der Auflehnung gegen Gott. Und wie schrecklich strafte sie Gott! Der Blitz des Allm\u00e4chtigen schleuderte sie hinab in den Abgrund der H\u00f6lle. So straft Gott die S\u00fcnde, und du, Erdenwurm, wagtest es, hundert-, ja tausendmal zu s\u00fcndigen, dich gegen Gottes Allmacht zu erheben! O Bosheit aller Bosheit!<br><br><\/li>\n\n\n\n<li>An den Engeln strafte Gott so entsetzlich die S\u00fcnde, aber auch die s\u00fcndigen Menschen sollten seine Strafen f\u00fchlen. Die ersten Menschen a\u00dfen von der verbotenen Frucht, sie wollten Gott gleich sein und emp\u00f6rten sich gegen Gott. Wie furchtbar hat Gott diese S\u00fcnde gestraft! Wegen dieser S\u00fcnde mussten Adam und Eva, verbannt aus dem Paradiese, im Elende sterben, wegen dieser S\u00fcnde sind nun alle ihre Nachkommen dem Tode verfallen, wegen dieser S\u00fcnde sind nun alle ihre Nachkommen dem Tode verfallen, wegen dieser S\u00fcnde kamen und kommen noch immer die traurigsten Gef\u00e4hrten des Todes: Schmerz, Arbeit, Krankheiten, Pest, Hungersnot, Erdbeben, Kriege \u00fcber die Menschen \u2026<br>Macht die Betrachtung solcher \u00dcbel keinen Eindruck auf dich? Wen sollten diese strafenden Blitze der Rache Gottes nicht aus dem S\u00fcndenschlafe aufr\u00fctteln!<br>So viel Unheil brachte der Ungehorsam, die S\u00fcnde, aber wie viel Gutes brachte dagegen Maria durch ihren Gehorsam gegen Gott und durch ihre Tugenden \u00fcber das ganze Menschengeschlecht! Darum betet die Kirche am Feste ihrer Geburt: \u201eDeine Geburt, jungfr\u00e4uliche Gottesgeb\u00e4rerin, hat der ganzen Welt Freude verk\u00fcndigt, denn aus dir ist aufgegangen die Sonne der Gerechtigkeit, Christus, unser Gott, welcher den Fluch vernichtet und Segen verbreitet, den Tod zu Schanden gemacht und uns ewiges Leben geschenkt hat.\u201c Sie ist jetzt am Throne Gottes unsere Mittlerin und F\u00fcrsprecherin, um alle dem liebenden Herzen ihres Sohnes nahe zu bringen, die Guten und die B\u00f6sen. Sie erfleht den Gerechten die Gnade der Beharrlichkeit, den S\u00fcndern die Gnade wahrer Bu\u00dfe.<br><\/li>\n<\/ol>\n\n\n\n<p>Lasset und beten <strong>3 Ave Maria<\/strong>, um durch Maria vor jeder schweren S\u00fcnde bewahrt zu bleiben.<\/p>\n\n\n\n<p>Gegr\u00fc\u00dfet seist du Maria \u2026<\/p>\n\n\n\n<p><em>Bei Privatandachten kann auch nach den Worten \u201eJesus\u201c jedes Mal hinzugesetzt werden:<\/em><\/p>\n\n\n\n<p>\u201eDer uns vor jeder schweren S\u00fcnde bewahren wolle.\u201c<br><\/p>\n\n\n\n<p><strong>Gebet<\/strong><\/p>\n\n\n\n<p class=\"has-medium-font-size\">O mein Gott, wie kann ich Dir genug danken, dass du mich noch leben l\u00e4sst, dass du mich nicht schon bei meiner ersten S\u00fcnde in die H\u00f6lle hinabgeschleudert hast! Nein, niemals will ich mehr s\u00fcndigen. O gib mir Tr\u00e4nen der Reue, dass ich Tag und Nacht meine S\u00fcnden beweine, gib mir die Gnade, dass ich in Hass gegen jede S\u00fcnde entbrenne und dir allein diene, Dich allein liebe und so Deinem furchtbaren Zorne entgehe. O Maria, meine einzige Hoffnung, bitte f\u00fcr mich um Gnade und Erbarmen. Amen.<\/p>\n","protected":false},"excerpt":{"rendered":"<p>Vorbereitungsgebet und Aufopferungsgebet Von der Bosheit der schweren S\u00fcnde (Fortsetzung) Lasset und beten 3 Ave Maria, um durch Maria vor jeder schweren S\u00fcnde bewahrt zu bleiben. Gegr\u00fc\u00dfet seist du Maria \u2026 Bei Privatandachten kann auch nach den Worten \u201eJesus\u201c jedes &hellip; <a href=\"https:\/\/ecclesiae.de\/blog\/?page_id=12166\">Weiterlesen <span class=\"meta-nav\">&rarr;<\/span><\/a><\/p>\n","protected":false},"author":3,"featured_media":0,"parent":11795,"menu_order":5,"comment_status":"closed","ping_status":"closed","template":"","meta":{"footnotes":""},"class_list":["post-12166","page","type-page","status-publish","hentry"],"_links":{"self":[{"href":"https:\/\/ecclesiae.de\/blog\/index.php?rest_route=\/wp\/v2\/pages\/12166","targetHints":{"allow":["GET"]}}],"collection":[{"href":"https:\/\/ecclesiae.de\/blog\/index.php?rest_route=\/wp\/v2\/pages"}],"about":[{"href":"https:\/\/ecclesiae.de\/blog\/index.php?rest_route=\/wp\/v2\/types\/page"}],"author":[{"embeddable":true,"href":"https:\/\/ecclesiae.de\/blog\/index.php?rest_route=\/wp\/v2\/users\/3"}],"replies":[{"embeddable":true,"href":"https:\/\/ecclesiae.de\/blog\/index.php?rest_route=%2Fwp%2Fv2%2Fcomments&post=12166"}],"version-history":[{"count":1,"href":"https:\/\/ecclesiae.de\/blog\/index.php?rest_route=\/wp\/v2\/pages\/12166\/revisions"}],"predecessor-version":[{"id":12167,"href":"https:\/\/ecclesiae.de\/blog\/index.php?rest_route=\/wp\/v2\/pages\/12166\/revisions\/12167"}],"up":[{"embeddable":true,"href":"https:\/\/ecclesiae.de\/blog\/index.php?rest_route=\/wp\/v2\/pages\/11795"}],"wp:attachment":[{"href":"https:\/\/ecclesiae.de\/blog\/index.php?rest_route=%2Fwp%2Fv2%2Fmedia&parent=12166"}],"curies":[{"name":"wp","href":"https:\/\/api.w.org\/{rel}","templated":true}]}}