{"id":7,"date":"2011-12-19T11:37:28","date_gmt":"2011-12-19T11:37:28","guid":{"rendered":"http:\/\/ecclesiae.de\/blog\/?page_id=7"},"modified":"2012-09-11T13:57:58","modified_gmt":"2012-09-11T13:57:58","slug":"bibelsackchen","status":"publish","type":"page","link":"https:\/\/ecclesiae.de\/blog\/?page_id=7","title":{"rendered":"Bibels\u00e4ckchen"},"content":{"rendered":"<p>Wir machen uns ein <strong>Bibels\u00e4ckchen<\/strong> (<em>Bibelsackl<\/em>) &#8230;<\/p>\n<ul>\n<li>Anfertigung eines Bibels\u00e4ckchens<\/li>\n<\/ul>\n<p>Man ben\u00f6tigt:<\/p>\n<p>\u2022\u00a0\u00a0 \u00a0F\u00fcr den Au\u00dfenstoff\u00a0 naturwei\u00dfe Baumwolle in festerer Qualit\u00e4t mit Leinencharakter, Breite ungef\u00e4hr 183 cm.<br \/>\n\u2022\u00a0\u00a0 \u00a0F\u00fcr den F\u00fctterstoff ein kleingemusterter oder karierter Baumwollstoff (Dirndlstoff).<br \/>\n\u2022\u00a0\u00a0 \u00a0Pro Sockel 1 m Kordel passend zum Futterstoff. Die Kordel wird auf je 50 cm abgeschnitten und mit Tixo umwickelt.<br \/>\n\u2022\u00a0\u00a0 \u00a0Vlisline st\u00e4rkerer Qualit\u00e4t zum Aufb\u00fcgeln<br \/>\n\u2022\u00a0\u00a0 \u00a0Stickgarn 6-f\u00e4dig in zwei aufeinander passenden Farben (nicht zu gro\u00dfe Farbunterschiede). Das Stickgarn wird geteilt auf 3 F\u00e4den.<br \/>\n\u2022\u00a0\u00a0 \u00a01 stumpfe Sticknadel<\/p>\n<p><a href=\"https:\/\/ecclesiae.de\/blog\/wp-content\/uploads\/2011\/12\/Bibelsackl03.jpg\"><img loading=\"lazy\" decoding=\"async\" class=\"aligncenter size-full wp-image-202\" title=\"Bibelsackl03\" src=\"https:\/\/ecclesiae.de\/blog\/wp-content\/uploads\/2011\/12\/Bibelsackl03.jpg\" alt=\"\" width=\"2550\" height=\"1141\" srcset=\"https:\/\/ecclesiae.de\/blog\/wp-content\/uploads\/2011\/12\/Bibelsackl03.jpg 2550w, https:\/\/ecclesiae.de\/blog\/wp-content\/uploads\/2011\/12\/Bibelsackl03-300x134.jpg 300w, https:\/\/ecclesiae.de\/blog\/wp-content\/uploads\/2011\/12\/Bibelsackl03-1024x458.jpg 1024w, https:\/\/ecclesiae.de\/blog\/wp-content\/uploads\/2011\/12\/Bibelsackl03-500x223.jpg 500w\" sizes=\"auto, (max-width: 2550px) 100vw, 2550px\" \/><\/a><a href=\"https:\/\/ecclesiae.de\/blog\/wp-content\/uploads\/2011\/12\/Bibelsackl02.jpg\"><img loading=\"lazy\" decoding=\"async\" class=\"aligncenter size-full wp-image-203\" title=\"Bibelsackl02\" src=\"https:\/\/ecclesiae.de\/blog\/wp-content\/uploads\/2011\/12\/Bibelsackl02.jpg\" alt=\"\" width=\"2550\" height=\"3507\" srcset=\"https:\/\/ecclesiae.de\/blog\/wp-content\/uploads\/2011\/12\/Bibelsackl02.jpg 2550w, https:\/\/ecclesiae.de\/blog\/wp-content\/uploads\/2011\/12\/Bibelsackl02-218x300.jpg 218w, https:\/\/ecclesiae.de\/blog\/wp-content\/uploads\/2011\/12\/Bibelsackl02-744x1024.jpg 744w\" sizes=\"auto, (max-width: 2550px) 100vw, 2550px\" \/><\/a><a href=\"https:\/\/ecclesiae.de\/blog\/wp-content\/uploads\/2011\/12\/Bibelsackl01.jpg\"><img loading=\"lazy\" decoding=\"async\" class=\"aligncenter size-full wp-image-204\" title=\"Bibelsackl01\" src=\"https:\/\/ecclesiae.de\/blog\/wp-content\/uploads\/2011\/12\/Bibelsackl01.jpg\" alt=\"\" width=\"2550\" height=\"1720\" srcset=\"https:\/\/ecclesiae.de\/blog\/wp-content\/uploads\/2011\/12\/Bibelsackl01.jpg 2550w, https:\/\/ecclesiae.de\/blog\/wp-content\/uploads\/2011\/12\/Bibelsackl01-300x202.jpg 300w, https:\/\/ecclesiae.de\/blog\/wp-content\/uploads\/2011\/12\/Bibelsackl01-1024x690.jpg 1024w, https:\/\/ecclesiae.de\/blog\/wp-content\/uploads\/2011\/12\/Bibelsackl01-444x300.jpg 444w\" sizes=\"auto, (max-width: 2550px) 100vw, 2550px\" \/><\/a><strong>6<\/strong> Vlis auf Leinen B\u00fcgeln<br \/>\nVlis aus Dirndlstoff b\u00fcgeln, links auf links zusammensteppen und vers\u00e4ubern<br \/>\n(das ist der Boden).<\/p>\n<p><strong>7<\/strong>\u00a0 Das S\u00e4ckchen auf die linke Seite drehen<br \/>\nDen Boden anheften, steppen und mit zick-zack vers\u00e4ubern.<br \/>\nWieder auf die rechte Seite drehen und auf dem Armb\u00fcgel mit Dampf<br \/>\nb\u00fcgeln.<\/p>\n<p><strong>8<\/strong> Das Logo aufsticken:<\/p>\n<p><a href=\"https:\/\/ecclesiae.de\/blog\/wp-content\/uploads\/2012\/09\/Stickmuster.jpg\"><img loading=\"lazy\" decoding=\"async\" class=\"aligncenter size-full wp-image-912\" title=\"Stickmuster\" src=\"https:\/\/ecclesiae.de\/blog\/wp-content\/uploads\/2012\/09\/Stickmuster.jpg\" alt=\"\" width=\"591\" height=\"581\" srcset=\"https:\/\/ecclesiae.de\/blog\/wp-content\/uploads\/2012\/09\/Stickmuster.jpg 591w, https:\/\/ecclesiae.de\/blog\/wp-content\/uploads\/2012\/09\/Stickmuster-300x294.jpg 300w, https:\/\/ecclesiae.de\/blog\/wp-content\/uploads\/2012\/09\/Stickmuster-305x300.jpg 305w\" sizes=\"auto, (max-width: 591px) 100vw, 591px\" \/><\/a><\/p>\n<ul>\n<li>Die <a href=\"http:\/\/br-thomas-apostolat.de\/pdf\/Bibelstellen.pdf\" target=\"_blank\">Bibelstellen<\/a> f\u00fcr das Bibels\u00e4ckchen<\/li>\n<\/ul>\n<p>Ausdrucken, ausschneiden und ins Sackl f\u00fcllen!<\/p>\n<p><strong>FERTIG!!!<\/strong><\/p>\n<p>&nbsp;<\/p>\n","protected":false},"excerpt":{"rendered":"<p>Wir machen uns ein Bibels\u00e4ckchen (Bibelsackl) &#8230; Anfertigung eines Bibels\u00e4ckchens Man ben\u00f6tigt: \u2022\u00a0\u00a0 \u00a0F\u00fcr den Au\u00dfenstoff\u00a0 naturwei\u00dfe Baumwolle in festerer Qualit\u00e4t mit Leinencharakter, Breite ungef\u00e4hr 183 cm. \u2022\u00a0\u00a0 \u00a0F\u00fcr den F\u00fctterstoff ein kleingemusterter oder karierter Baumwollstoff (Dirndlstoff). \u2022\u00a0\u00a0 \u00a0Pro Sockel &hellip; <a href=\"https:\/\/ecclesiae.de\/blog\/?page_id=7\">Weiterlesen <span class=\"meta-nav\">&rarr;<\/span><\/a><\/p>\n","protected":false},"author":6,"featured_media":0,"parent":0,"menu_order":2,"comment_status":"open","ping_status":"closed","template":"sidebar-page.php","meta":{"footnotes":""},"class_list":["post-7","page","type-page","status-publish","hentry"],"_links":{"self":[{"href":"https:\/\/ecclesiae.de\/blog\/index.php?rest_route=\/wp\/v2\/pages\/7","targetHints":{"allow":["GET"]}}],"collection":[{"href":"https:\/\/ecclesiae.de\/blog\/index.php?rest_route=\/wp\/v2\/pages"}],"about":[{"href":"https:\/\/ecclesiae.de\/blog\/index.php?rest_route=\/wp\/v2\/types\/page"}],"author":[{"embeddable":true,"href":"https:\/\/ecclesiae.de\/blog\/index.php?rest_route=\/wp\/v2\/users\/6"}],"replies":[{"embeddable":true,"href":"https:\/\/ecclesiae.de\/blog\/index.php?rest_route=%2Fwp%2Fv2%2Fcomments&post=7"}],"version-history":[{"count":9,"href":"https:\/\/ecclesiae.de\/blog\/index.php?rest_route=\/wp\/v2\/pages\/7\/revisions"}],"predecessor-version":[{"id":913,"href":"https:\/\/ecclesiae.de\/blog\/index.php?rest_route=\/wp\/v2\/pages\/7\/revisions\/913"}],"wp:attachment":[{"href":"https:\/\/ecclesiae.de\/blog\/index.php?rest_route=%2Fwp%2Fv2%2Fmedia&parent=7"}],"curies":[{"name":"wp","href":"https:\/\/api.w.org\/{rel}","templated":true}]}}